217.113.196.17 - - [26/Feb/2026:20:22:18 +0530] "GET /robots.txt HTTP/1.1" 301 - "-" "Mozilla/5.0 (compatible; IbouBot/1.0; +bot@ibou.io; +https://ibou.io/iboubot.html)"
217.113.196.17 - - [26/Feb/2026:20:22:20 +0530] "GET /robots.txt HTTP/1.1" 200 217 "-" "Mozilla/5.0 (compatible; IbouBot/1.0; +bot@ibou.io; +https://ibou.io/iboubot.html)"
217.113.196.5 - - [26/Feb/2026:20:22:41 +0530] "GET /feed/ HTTP/1.1" 200 513 "-" "Mozilla/5.0 (compatible; IbouBot/1.0; +bot@ibou.io; +https://ibou.io/iboubot.html)"
164.52.204.12 - - [26/Feb/2026:20:22:47 +0530] "POST /wp-cron.php?doing_wp_cron=1772117567.7927789688110351562500 HTTP/1.1" 200 - "-" "WordPress/6.9.1; https://sinaxis.in"
217.113.196.24 - - [26/Feb/2026:20:22:46 +0530] "GET / HTTP/1.1" 301 - "-" "Mozilla/5.0 (compatible; IbouBot/1.0; +bot@ibou.io; +https://ibou.io/iboubot.html)"
217.113.196.3 - - [26/Feb/2026:20:23:06 +0530] "GET /privacy/ HTTP/1.1" 200 37084 "-" "Mozilla/5.0 (compatible; IbouBot/1.0; +bot@ibou.io; +https://ibou.io/iboubot.html)"
176.65.132.19 - - [26/Feb/2026:20:23:27 +0530] "GET /wp-login.php HTTP/1.1" 200 2140 "https://www.google.com/search?q=wordpress" "Mozilla/5.0 (Windows NT 10.0; Win64; x64; rv:120.0) Gecko/20100101 Firefox/120.0"
164.52.204.12 - - [26/Feb/2026:20:23:33 +0530] "POST /wp-cron.php?doing_wp_cron=1772117613.7019040584564208984375 HTTP/1.1" 200 - "-" "WordPress/6.9.1; https://sinaxis.in"
217.113.196.3 - - [26/Feb/2026:20:23:32 +0530] "GET /projects/feed/ HTTP/1.1" 200 3098 "-" "Mozilla/5.0 (compatible; IbouBot/1.0; +bot@ibou.io; +https://ibou.io/iboubot.html)"
176.65.132.19 - - [26/Feb/2026:20:23:32 +0530] "GET /?author=1 HTTP/1.1" 404 304301 "https://www.google.com/search?q=wordpress" "Mozilla/5.0 (X11; Ubuntu; Linux x86_64) AppleWebKit/537.36 (KHTML, like Gecko) Chrome/118.0.0.0 Safari/537.36"
176.65.132.19 - - [26/Feb/2026:20:23:35 +0530] "GET /?author=2 HTTP/1.1" 404 304301 "-" "Mozilla/5.0 (Macintosh; Intel Mac OS X 10_15_7) AppleWebKit/605.1.15 (KHTML, like Gecko) Version/17.2 Safari/605.1.15"
176.65.132.19 - - [26/Feb/2026:20:23:37 +0530] "GET /?author=3 HTTP/1.1" 404 304301 "https://t.co/" "Mozilla/5.0 (Macintosh; Intel Mac OS X 13_6_1) AppleWebKit/537.36 (KHTML, like Gecko) Chrome/118.0.0.0 Safari/537.36"
176.65.132.19 - - [26/Feb/2026:20:23:40 +0530] "GET /?author=4 HTTP/1.1" 404 304301 "https://www.google.com/" "Mozilla/5.0 (Macintosh; Intel Mac OS X 13_6_1) AppleWebKit/605.1.15 (KHTML, like Gecko) Version/17.1 Safari/605.1.15"
176.65.132.19 - - [26/Feb/2026:20:23:42 +0530] "GET /?author=5 HTTP/1.1" 404 304301 "-" "Mozilla/5.0 (X11; Linux x86_64) AppleWebKit/537.36 (KHTML, like Gecko) Chrome/121.0.0.0 Safari/537.36"
176.65.132.19 - - [26/Feb/2026:20:23:48 +0530] "GET /wp-json/wp/v2/users HTTP/1.1" 401 108 "https://www.facebook.com/" "Mozilla/5.0 (Windows NT 11.0; Win64; x64) AppleWebKit/537.36 (KHTML, like Gecko) Chrome/121.0.0.0 Safari/537.36"
176.65.132.19 - - [26/Feb/2026:20:23:51 +0530] "POST /wp-login.php HTTP/1.1" 503 18943 "https://SINAXIS.IN/wp-login.php" "Mozilla/5.0 (Macintosh; Intel Mac OS X 10_15_7) AppleWebKit/537.36 (KHTML, like Gecko) Chrome/119.0.0.0 Safari/537.36"
176.65.132.19 - - [26/Feb/2026:20:23:54 +0530] "GET /wp-admin/index.php HTTP/1.1" 503 18943 "https://SINAXIS.IN/wp-login.php" "Mozilla/5.0 (Macintosh; Intel Mac OS X 13_6_1) AppleWebKit/537.36 (KHTML, like Gecko) Chrome/120.0.0.0 Safari/537.36"
176.65.132.19 - - [26/Feb/2026:20:23:57 +0530] "GET /wp-admin/profile.php HTTP/1.1" 503 18943 "https://SINAXIS.IN/wp-login.php" "Mozilla/5.0 (Macintosh; Intel Mac OS X 13_6_1) AppleWebKit/537.36 (KHTML, like Gecko) Chrome/120.0.0.0 Safari/537.36"
176.65.132.19 - - [26/Feb/2026:20:23:59 +0530] "GET /wp-admin/edit.php HTTP/1.1" 503 18943 "https://SINAXIS.IN/wp-login.php" "Mozilla/5.0 (Macintosh; Intel Mac OS X 13_6_1) AppleWebKit/537.36 (KHTML, like Gecko) Chrome/120.0.0.0 Safari/537.36"
217.113.196.31 - - [26/Feb/2026:20:24:00 +0530] "GET /projects/ HTTP/1.1" 200 35499 "-" "Mozilla/5.0 (compatible; IbouBot/1.0; +bot@ibou.io; +https://ibou.io/iboubot.html)"
176.65.132.19 - - [26/Feb/2026:20:24:02 +0530] "GET /wp-admin/plugins.php HTTP/1.1" 503 18943 "https://SINAXIS.IN/wp-login.php" "Mozilla/5.0 (Macintosh; Intel Mac OS X 13_6_1) AppleWebKit/537.36 (KHTML, like Gecko) Chrome/120.0.0.0 Safari/537.36"
176.65.132.19 - - [26/Feb/2026:20:24:06 +0530] "POST /wp-login.php HTTP/1.1" 503 18030 "https://SINAXIS.IN/wp-login.php" "Mozilla/5.0 (Windows NT 11.0; Win64; x64; rv:121.0) Gecko/20100101 Firefox/121.0"
164.52.204.12 - - [26/Feb/2026:20:24:09 +0530] "POST /?wordfence_syncAttackData=1772117649.1427 HTTP/1.1" 200 - "-" "WordPress/6.9.1; https://sinaxis.in"
176.65.132.19 - - [26/Feb/2026:20:24:08 +0530] "GET /wp-admin/index.php HTTP/1.1" 503 18943 "https://SINAXIS.IN/wp-login.php" "Mozilla/5.0 (Macintosh; Intel Mac OS X 10_15_7) AppleWebKit/537.36 (KHTML, like Gecko) Chrome/119.0.0.0 Safari/537.36"
176.65.132.19 - - [26/Feb/2026:20:24:11 +0530] "GET /wp-admin/profile.php HTTP/1.1" 503 18943 "https://SINAXIS.IN/wp-login.php" "Mozilla/5.0 (Macintosh; Intel Mac OS X 10_15_7) AppleWebKit/537.36 (KHTML, like Gecko) Chrome/119.0.0.0 Safari/537.36"
176.65.132.19 - - [26/Feb/2026:20:24:13 +0530] "GET /wp-admin/edit.php HTTP/1.1" 503 18943 "https://SINAXIS.IN/wp-login.php" "Mozilla/5.0 (Macintosh; Intel Mac OS X 10_15_7) AppleWebKit/537.36 (KHTML, like Gecko) Chrome/119.0.0.0 Safari/537.36"
176.65.132.19 - - [26/Feb/2026:20:24:15 +0530] "GET /wp-admin/plugins.php HTTP/1.1" 503 18943 "https://SINAXIS.IN/wp-login.php" "Mozilla/5.0 (Macintosh; Intel Mac OS X 10_15_7) AppleWebKit/537.36 (KHTML, like Gecko) Chrome/119.0.0.0 Safari/537.36"
176.65.132.19 - - [26/Feb/2026:20:24:19 +0530] "POST /wp-login.php HTTP/1.1" 503 18030 "https://SINAXIS.IN/wp-login.php" "Mozilla/5.0 (Windows NT 11.0; Win64; x64; rv:120.0) Gecko/20100101 Firefox/120.0"
164.52.204.12 - - [26/Feb/2026:20:24:21 +0530] "POST /?wordfence_syncAttackData=1772117661.5644 HTTP/1.1" 200 - "-" "WordPress/6.9.1; https://sinaxis.in"
176.65.132.19 - - [26/Feb/2026:20:24:20 +0530] "GET /wp-admin/index.php HTTP/1.1" 503 18943 "https://SINAXIS.IN/wp-login.php" "Mozilla/5.0 (Macintosh; Intel Mac OS X 13_6_1) AppleWebKit/537.36 (KHTML, like Gecko) Chrome/118.0.0.0 Safari/537.36"
176.65.132.19 - - [26/Feb/2026:20:24:24 +0530] "GET /wp-admin/profile.php HTTP/1.1" 503 18943 "https://SINAXIS.IN/wp-login.php" "Mozilla/5.0 (Macintosh; Intel Mac OS X 13_6_1) AppleWebKit/537.36 (KHTML, like Gecko) Chrome/118.0.0.0 Safari/537.36"
217.113.196.56 - - [26/Feb/2026:20:24:27 +0530] "GET /accounts/ HTTP/1.1" 200 41270 "-" "Mozilla/5.0 (compatible; IbouBot/1.0; +bot@ibou.io; +https://ibou.io/iboubot.html)"
176.65.132.19 - - [26/Feb/2026:20:24:27 +0530] "GET /wp-admin/edit.php HTTP/1.1" 503 18943 "https://SINAXIS.IN/wp-login.php" "Mozilla/5.0 (Macintosh; Intel Mac OS X 13_6_1) AppleWebKit/537.36 (KHTML, like Gecko) Chrome/118.0.0.0 Safari/537.36"
176.65.132.19 - - [26/Feb/2026:20:24:28 +0530] "GET /wp-admin/plugins.php HTTP/1.1" 503 18943 "https://SINAXIS.IN/wp-login.php" "Mozilla/5.0 (Macintosh; Intel Mac OS X 13_6_1) AppleWebKit/537.36 (KHTML, like Gecko) Chrome/118.0.0.0 Safari/537.36"
176.65.132.19 - - [26/Feb/2026:20:24:31 +0530] "POST /wp-login.php HTTP/1.1" 503 18030 "https://SINAXIS.IN/wp-login.php" "Mozilla/5.0 (Windows NT 11.0; Win64; x64; rv:120.0) Gecko/20100101 Firefox/120.0"
164.52.204.12 - - [26/Feb/2026:20:24:34 +0530] "POST /wp-cron.php?doing_wp_cron=1772117674.6860649585723876953125 HTTP/1.1" 200 - "-" "WordPress/6.9.1; https://sinaxis.in"
176.65.132.19 - - [26/Feb/2026:20:24:33 +0530] "GET /wp-admin/index.php HTTP/1.1" 503 18943 "https://SINAXIS.IN/wp-login.php" "Mozilla/5.0 (Macintosh; Intel Mac OS X 13_6_1) AppleWebKit/605.1.15 (KHTML, like Gecko) Version/16.6 Safari/605.1.15"
164.52.204.12 - - [26/Feb/2026:20:24:33 +0530] "POST /?wordfence_syncAttackData=1772117673.8005 HTTP/1.1" 200 - "-" "WordPress/6.9.1; https://sinaxis.in"
176.65.132.19 - - [26/Feb/2026:20:24:36 +0530] "GET /wp-admin/profile.php HTTP/1.1" 503 18943 "https://SINAXIS.IN/wp-login.php" "Mozilla/5.0 (Macintosh; Intel Mac OS X 13_6_1) AppleWebKit/605.1.15 (KHTML, like Gecko) Version/16.6 Safari/605.1.15"
176.65.132.19 - - [26/Feb/2026:20:24:38 +0530] "GET /wp-admin/edit.php HTTP/1.1" 503 18943 "https://SINAXIS.IN/wp-login.php" "Mozilla/5.0 (Macintosh; Intel Mac OS X 13_6_1) AppleWebKit/605.1.15 (KHTML, like Gecko) Version/16.6 Safari/605.1.15"
176.65.132.19 - - [26/Feb/2026:20:24:40 +0530] "GET /wp-admin/plugins.php HTTP/1.1" 503 18943 "https://SINAXIS.IN/wp-login.php" "Mozilla/5.0 (Macintosh; Intel Mac OS X 13_6_1) AppleWebKit/605.1.15 (KHTML, like Gecko) Version/16.6 Safari/605.1.15"
176.65.132.19 - - [26/Feb/2026:20:24:43 +0530] "POST /wp-login.php HTTP/1.1" 503 18030 "https://SINAXIS.IN/wp-login.php" "Mozilla/5.0 (Windows NT 11.0; Win64; x64; rv:119.0) Gecko/20100101 Firefox/119.0"
164.52.204.12 - - [26/Feb/2026:20:24:45 +0530] "POST /wp-cron.php?doing_wp_cron=1772117685.8880119323730468750000 HTTP/1.1" 200 - "-" "WordPress/6.9.1; https://sinaxis.in"
164.52.204.12 - - [26/Feb/2026:20:24:45 +0530] "POST /?wordfence_syncAttackData=1772117684.9972 HTTP/1.1" 200 - "-" "WordPress/6.9.1; https://sinaxis.in"
176.65.132.19 - - [26/Feb/2026:20:24:44 +0530] "GET /wp-admin/index.php HTTP/1.1" 503 18943 "https://SINAXIS.IN/wp-login.php" "Mozilla/5.0 (Macintosh; Intel Mac OS X 10_15_7) AppleWebKit/537.36 (KHTML, like Gecko) Chrome/119.0.0.0 Safari/537.36"
176.65.132.19 - - [26/Feb/2026:20:24:47 +0530] "GET /wp-admin/profile.php HTTP/1.1" 503 18943 "https://SINAXIS.IN/wp-login.php" "Mozilla/5.0 (Macintosh; Intel Mac OS X 10_15_7) AppleWebKit/537.36 (KHTML, like Gecko) Chrome/119.0.0.0 Safari/537.36"
176.65.132.19 - - [26/Feb/2026:20:24:49 +0530] "GET /wp-admin/edit.php HTTP/1.1" 503 18943 "https://SINAXIS.IN/wp-login.php" "Mozilla/5.0 (Macintosh; Intel Mac OS X 10_15_7) AppleWebKit/537.36 (KHTML, like Gecko) Chrome/119.0.0.0 Safari/537.36"
176.65.132.19 - - [26/Feb/2026:20:24:52 +0530] "GET /wp-admin/plugins.php HTTP/1.1" 503 18943 "https://SINAXIS.IN/wp-login.php" "Mozilla/5.0 (Macintosh; Intel Mac OS X 10_15_7) AppleWebKit/537.36 (KHTML, like Gecko) Chrome/119.0.0.0 Safari/537.36"
217.113.196.53 - - [26/Feb/2026:20:24:52 +0530] "GET /comments/feed/ HTTP/1.1" 200 404 "-" "Mozilla/5.0 (compatible; IbouBot/1.0; +bot@ibou.io; +https://ibou.io/iboubot.html)"
176.65.132.19 - - [26/Feb/2026:20:24:53 +0530] "POST /wp-login.php HTTP/1.1" 503 18030 "https://SINAXIS.IN/wp-login.php" "Mozilla/5.0 (Windows NT 11.0; Win64; x64; rv:121.0) Gecko/20100101 Firefox/121.0"
164.52.204.12 - - [26/Feb/2026:20:24:55 +0530] "POST /?wordfence_syncAttackData=1772117695.9392 HTTP/1.1" 200 - "-" "WordPress/6.9.1; https://sinaxis.in"
176.65.132.19 - - [26/Feb/2026:20:24:55 +0530] "GET /wp-admin/index.php HTTP/1.1" 503 18943 "https://SINAXIS.IN/wp-login.php" "Mozilla/5.0 (Macintosh; Intel Mac OS X 10_15_7; rv:118.0) Gecko/20100101 Firefox/118.0"
176.65.132.19 - - [26/Feb/2026:20:24:58 +0530] "GET /wp-admin/profile.php HTTP/1.1" 503 18943 "https://SINAXIS.IN/wp-login.php" "Mozilla/5.0 (Macintosh; Intel Mac OS X 10_15_7; rv:118.0) Gecko/20100101 Firefox/118.0"
176.65.132.19 - - [26/Feb/2026:20:25:00 +0530] "GET /wp-admin/edit.php HTTP/1.1" 503 18943 "https://SINAXIS.IN/wp-login.php" "Mozilla/5.0 (Macintosh; Intel Mac OS X 10_15_7; rv:118.0) Gecko/20100101 Firefox/118.0"
176.65.132.19 - - [26/Feb/2026:20:25:02 +0530] "GET /wp-admin/plugins.php HTTP/1.1" 503 18943 "https://SINAXIS.IN/wp-login.php" "Mozilla/5.0 (Macintosh; Intel Mac OS X 10_15_7; rv:118.0) Gecko/20100101 Firefox/118.0"
57.141.14.19 - - [26/Feb/2026:20:25:03 +0530] "GET /post-archive-sitemap.xml HTTP/1.1" 200 686 "-" "meta-externalagent/1.1 (+https://developers.facebook.com/docs/sharing/webmasters/crawler)"
176.65.132.19 - - [26/Feb/2026:20:25:04 +0530] "POST /wp-login.php HTTP/1.1" 503 18030 "https://SINAXIS.IN/wp-login.php" "Mozilla/5.0 (X11; Linux x86_64) AppleWebKit/537.36 (KHTML, like Gecko) Chrome/119.0.0.0 Safari/537.36"
164.52.204.12 - - [26/Feb/2026:20:25:06 +0530] "POST /?wordfence_syncAttackData=1772117706.0721 HTTP/1.1" 200 - "-" "WordPress/6.9.1; https://sinaxis.in"
176.65.132.19 - - [26/Feb/2026:20:25:05 +0530] "GET /wp-admin/index.php HTTP/1.1" 503 18943 "https://SINAXIS.IN/wp-login.php" "Mozilla/5.0 (Windows NT 11.0; Win64; x64) AppleWebKit/537.36 (KHTML, like Gecko) Chrome/118.0.0.0 Safari/537.36"
57.141.14.104 - - [26/Feb/2026:20:25:05 +0530] "GET /default-sitemap.xsl?sitemap=post-archive HTTP/1.1" 200 3176 "https://sinaxis.in/post-archive-sitemap.xml" "meta-externalagent/1.1 (+https://developers.facebook.com/docs/sharing/webmasters/crawler)"
164.52.204.12 - - [26/Feb/2026:20:25:06 +0530] "POST /?wordfence_syncAttackData=1772117706.4582 HTTP/1.1" 200 16384 "-" "WordPress/6.9.1; https://sinaxis.in"
176.65.132.19 - - [26/Feb/2026:20:25:08 +0530] "GET /wp-admin/profile.php HTTP/1.1" 503 18943 "https://SINAXIS.IN/wp-login.php" "Mozilla/5.0 (Windows NT 11.0; Win64; x64) AppleWebKit/537.36 (KHTML, like Gecko) Chrome/118.0.0.0 Safari/537.36"
176.65.132.19 - - [26/Feb/2026:20:25:10 +0530] "GET /wp-admin/edit.php HTTP/1.1" 503 18943 "https://SINAXIS.IN/wp-login.php" "Mozilla/5.0 (Windows NT 11.0; Win64; x64) AppleWebKit/537.36 (KHTML, like Gecko) Chrome/118.0.0.0 Safari/537.36"
176.65.132.19 - - [26/Feb/2026:20:25:12 +0530] "GET /wp-admin/plugins.php HTTP/1.1" 503 18943 "https://SINAXIS.IN/wp-login.php" "Mozilla/5.0 (Windows NT 11.0; Win64; x64) AppleWebKit/537.36 (KHTML, like Gecko) Chrome/118.0.0.0 Safari/537.36"
176.65.132.19 - - [26/Feb/2026:20:25:14 +0530] "POST /wp-login.php HTTP/1.1" 503 18030 "https://SINAXIS.IN/wp-login.php" "Mozilla/5.0 (Macintosh; Intel Mac OS X 13_6_1; rv:119.0) Gecko/20100101 Firefox/119.0"
164.52.204.12 - - [26/Feb/2026:20:25:16 +0530] "POST /?wordfence_syncAttackData=1772117716.6461 HTTP/1.1" 200 - "-" "WordPress/6.9.1; https://sinaxis.in"
176.65.132.19 - - [26/Feb/2026:20:25:15 +0530] "GET /wp-admin/index.php HTTP/1.1" 503 18943 "https://SINAXIS.IN/wp-login.php" "Mozilla/5.0 (Windows NT 10.0; Win64; x64) AppleWebKit/537.36 (KHTML, like Gecko) Chrome/119.0.0.0 Safari/537.36"
217.113.196.47 - - [26/Feb/2026:20:25:19 +0530] "GET /sinaxis-pe/ HTTP/1.1" 200 40632 "-" "Mozilla/5.0 (compatible; IbouBot/1.0; +bot@ibou.io; +https://ibou.io/iboubot.html)"
176.65.132.19 - - [26/Feb/2026:20:25:19 +0530] "GET /wp-admin/profile.php HTTP/1.1" 503 18943 "https://SINAXIS.IN/wp-login.php" "Mozilla/5.0 (Windows NT 10.0; Win64; x64) AppleWebKit/537.36 (KHTML, like Gecko) Chrome/119.0.0.0 Safari/537.36"
176.65.132.19 - - [26/Feb/2026:20:25:21 +0530] "GET /wp-admin/edit.php HTTP/1.1" 503 18943 "https://SINAXIS.IN/wp-login.php" "Mozilla/5.0 (Windows NT 10.0; Win64; x64) AppleWebKit/537.36 (KHTML, like Gecko) Chrome/119.0.0.0 Safari/537.36"
176.65.132.19 - - [26/Feb/2026:20:25:22 +0530] "GET /wp-admin/plugins.php HTTP/1.1" 503 18943 "https://SINAXIS.IN/wp-login.php" "Mozilla/5.0 (Windows NT 10.0; Win64; x64) AppleWebKit/537.36 (KHTML, like Gecko) Chrome/119.0.0.0 Safari/537.36"
176.65.132.19 - - [26/Feb/2026:20:25:25 +0530] "POST /wp-login.php HTTP/1.1" 503 18030 "https://SINAXIS.IN/wp-login.php" "Mozilla/5.0 (Windows NT 10.0; Win64; x64) AppleWebKit/537.36 (KHTML, like Gecko) Chrome/121.0.0.0 Safari/537.36"
164.52.204.12 - - [26/Feb/2026:20:25:28 +0530] "POST /wp-cron.php?doing_wp_cron=1772117728.6672110557556152343750 HTTP/1.1" 200 - "-" "WordPress/6.9.1; https://sinaxis.in"
164.52.204.12 - - [26/Feb/2026:20:25:27 +0530] "POST /?wordfence_syncAttackData=1772117727.7451 HTTP/1.1" 200 - "-" "WordPress/6.9.1; https://sinaxis.in"
176.65.132.19 - - [26/Feb/2026:20:25:27 +0530] "GET /wp-admin/index.php HTTP/1.1" 503 18943 "https://SINAXIS.IN/wp-login.php" "Mozilla/5.0 (X11; Ubuntu; Linux x86_64) AppleWebKit/537.36 (KHTML, like Gecko) Chrome/121.0.0.0 Safari/537.36"
176.65.132.19 - - [26/Feb/2026:20:25:30 +0530] "GET /wp-admin/profile.php HTTP/1.1" 503 18943 "https://SINAXIS.IN/wp-login.php" "Mozilla/5.0 (X11; Ubuntu; Linux x86_64) AppleWebKit/537.36 (KHTML, like Gecko) Chrome/121.0.0.0 Safari/537.36"
176.65.132.19 - - [26/Feb/2026:20:25:33 +0530] "GET /wp-admin/edit.php HTTP/1.1" 503 18943 "https://SINAXIS.IN/wp-login.php" "Mozilla/5.0 (X11; Ubuntu; Linux x86_64) AppleWebKit/537.36 (KHTML, like Gecko) Chrome/121.0.0.0 Safari/537.36"
176.65.132.19 - - [26/Feb/2026:20:25:35 +0530] "GET /wp-admin/plugins.php HTTP/1.1" 503 18943 "https://SINAXIS.IN/wp-login.php" "Mozilla/5.0 (X11; Ubuntu; Linux x86_64) AppleWebKit/537.36 (KHTML, like Gecko) Chrome/121.0.0.0 Safari/537.36"
176.65.132.19 - - [26/Feb/2026:20:25:37 +0530] "POST /wp-login.php HTTP/1.1" 503 18030 "https://SINAXIS.IN/wp-login.php" "Mozilla/5.0 (Macintosh; Intel Mac OS X 10_15_7) AppleWebKit/537.36 (KHTML, like Gecko) Chrome/118.0.0.0 Safari/537.36"
164.52.204.12 - - [26/Feb/2026:20:25:40 +0530] "POST /wp-cron.php?doing_wp_cron=1772117740.6127400398254394531250 HTTP/1.1" 200 - "-" "WordPress/6.9.1; https://sinaxis.in"
164.52.204.12 - - [26/Feb/2026:20:25:39 +0530] "POST /?wordfence_syncAttackData=1772117739.6977 HTTP/1.1" 200 - "-" "WordPress/6.9.1; https://sinaxis.in"
176.65.132.19 - - [26/Feb/2026:20:25:39 +0530] "GET /wp-admin/index.php HTTP/1.1" 503 18943 "https://SINAXIS.IN/wp-login.php" "Mozilla/5.0 (X11; Linux x86_64) AppleWebKit/537.36 (KHTML, like Gecko) Chrome/120.0.0.0 Safari/537.36"
176.65.132.19 - - [26/Feb/2026:20:25:42 +0530] "GET /wp-admin/profile.php HTTP/1.1" 503 18943 "https://SINAXIS.IN/wp-login.php" "Mozilla/5.0 (X11; Linux x86_64) AppleWebKit/537.36 (KHTML, like Gecko) Chrome/120.0.0.0 Safari/537.36"
176.65.132.19 - - [26/Feb/2026:20:25:43 +0530] "GET /wp-admin/edit.php HTTP/1.1" 503 18943 "https://SINAXIS.IN/wp-login.php" "Mozilla/5.0 (X11; Linux x86_64) AppleWebKit/537.36 (KHTML, like Gecko) Chrome/120.0.0.0 Safari/537.36"
217.113.196.45 - - [26/Feb/2026:20:25:46 +0530] "GET /author/root/feed/ HTTP/1.1" 200 525 "-" "Mozilla/5.0 (compatible; IbouBot/1.0; +bot@ibou.io; +https://ibou.io/iboubot.html)"
176.65.132.19 - - [26/Feb/2026:20:25:46 +0530] "GET /wp-admin/plugins.php HTTP/1.1" 503 18943 "https://SINAXIS.IN/wp-login.php" "Mozilla/5.0 (X11; Linux x86_64) AppleWebKit/537.36 (KHTML, like Gecko) Chrome/120.0.0.0 Safari/537.36"
176.65.132.19 - - [26/Feb/2026:20:25:49 +0530] "POST /wp-login.php HTTP/1.1" 503 18030 "https://SINAXIS.IN/wp-login.php" "Mozilla/5.0 (X11; Ubuntu; Linux x86_64) AppleWebKit/537.36 (KHTML, like Gecko) Chrome/120.0.0.0 Safari/537.36"
164.52.204.12 - - [26/Feb/2026:20:25:51 +0530] "POST /?wordfence_syncAttackData=1772117751.4954 HTTP/1.1" 200 - "-" "WordPress/6.9.1; https://sinaxis.in"
176.65.132.19 - - [26/Feb/2026:20:25:50 +0530] "GET /wp-admin/index.php HTTP/1.1" 503 18943 "https://SINAXIS.IN/wp-login.php" "Mozilla/5.0 (Windows NT 11.0; Win64; x64; rv:121.0) Gecko/20100101 Firefox/121.0"
176.65.132.19 - - [26/Feb/2026:20:25:53 +0530] "GET /wp-admin/profile.php HTTP/1.1" 503 18943 "https://SINAXIS.IN/wp-login.php" "Mozilla/5.0 (Windows NT 11.0; Win64; x64; rv:121.0) Gecko/20100101 Firefox/121.0"
176.65.132.19 - - [26/Feb/2026:20:25:55 +0530] "GET /wp-admin/edit.php HTTP/1.1" 503 18943 "https://SINAXIS.IN/wp-login.php" "Mozilla/5.0 (Windows NT 11.0; Win64; x64; rv:121.0) Gecko/20100101 Firefox/121.0"
176.65.132.19 - - [26/Feb/2026:20:25:57 +0530] "GET /wp-admin/plugins.php HTTP/1.1" 503 18943 "https://SINAXIS.IN/wp-login.php" "Mozilla/5.0 (Windows NT 11.0; Win64; x64; rv:121.0) Gecko/20100101 Firefox/121.0"
176.65.132.19 - - [26/Feb/2026:20:25:59 +0530] "POST /wp-login.php HTTP/1.1" 503 18030 "https://SINAXIS.IN/wp-login.php" "Mozilla/5.0 (Macintosh; Intel Mac OS X 13_6_1) AppleWebKit/537.36 (KHTML, like Gecko) Chrome/120.0.0.0 Safari/537.36"
164.52.204.12 - - [26/Feb/2026:20:26:01 +0530] "POST /?wordfence_syncAttackData=1772117761.1337 HTTP/1.1" 200 - "-" "WordPress/6.9.1; https://sinaxis.in"
176.65.132.19 - - [26/Feb/2026:20:26:00 +0530] "GET /wp-admin/index.php HTTP/1.1" 503 18943 "https://SINAXIS.IN/wp-login.php" "Mozilla/5.0 (Windows NT 11.0; Win64; x64; rv:121.0) Gecko/20100101 Firefox/121.0"
176.65.132.19 - - [26/Feb/2026:20:26:03 +0530] "GET /wp-admin/profile.php HTTP/1.1" 503 18943 "https://SINAXIS.IN/wp-login.php" "Mozilla/5.0 (Windows NT 11.0; Win64; x64; rv:121.0) Gecko/20100101 Firefox/121.0"
176.65.132.19 - - [26/Feb/2026:20:26:05 +0530] "GET /wp-admin/edit.php HTTP/1.1" 503 18943 "https://SINAXIS.IN/wp-login.php" "Mozilla/5.0 (Windows NT 11.0; Win64; x64; rv:121.0) Gecko/20100101 Firefox/121.0"
176.65.132.19 - - [26/Feb/2026:20:26:07 +0530] "GET /wp-admin/plugins.php HTTP/1.1" 503 18943 "https://SINAXIS.IN/wp-login.php" "Mozilla/5.0 (Windows NT 11.0; Win64; x64; rv:121.0) Gecko/20100101 Firefox/121.0"
176.65.132.19 - - [26/Feb/2026:20:26:09 +0530] "POST /wp-login.php HTTP/1.1" 503 18030 "https://SINAXIS.IN/wp-login.php" "Mozilla/5.0 (Macintosh; Intel Mac OS X 13_6_1; rv:120.0) Gecko/20100101 Firefox/120.0"
217.113.196.22 - - [26/Feb/2026:20:26:12 +0530] "GET /projects/coupler/ HTTP/1.1" 200 36845 "-" "Mozilla/5.0 (compatible; IbouBot/1.0; +bot@ibou.io; +https://ibou.io/iboubot.html)"
164.52.204.12 - - [26/Feb/2026:20:26:12 +0530] "POST /wp-cron.php?doing_wp_cron=1772117772.9359769821166992187500 HTTP/1.1" 200 - "-" "WordPress/6.9.1; https://sinaxis.in"
164.52.204.12 - - [26/Feb/2026:20:26:12 +0530] "POST /?wordfence_syncAttackData=1772117772.0499 HTTP/1.1" 200 - "-" "WordPress/6.9.1; https://sinaxis.in"
176.65.132.19 - - [26/Feb/2026:20:26:11 +0530] "GET /wp-admin/index.php HTTP/1.1" 503 18943 "https://SINAXIS.IN/wp-login.php" "Mozilla/5.0 (Windows NT 11.0; Win64; x64) AppleWebKit/537.36 (KHTML, like Gecko) Chrome/121.0.0.0 Safari/537.36"
176.65.132.19 - - [26/Feb/2026:20:26:14 +0530] "GET /wp-admin/profile.php HTTP/1.1" 503 18943 "https://SINAXIS.IN/wp-login.php" "Mozilla/5.0 (Windows NT 11.0; Win64; x64) AppleWebKit/537.36 (KHTML, like Gecko) Chrome/121.0.0.0 Safari/537.36"
176.65.132.19 - - [26/Feb/2026:20:26:17 +0530] "GET /wp-admin/edit.php HTTP/1.1" 503 18943 "https://SINAXIS.IN/wp-login.php" "Mozilla/5.0 (Windows NT 11.0; Win64; x64) AppleWebKit/537.36 (KHTML, like Gecko) Chrome/121.0.0.0 Safari/537.36"
176.65.132.19 - - [26/Feb/2026:20:26:19 +0530] "GET /wp-admin/plugins.php HTTP/1.1" 503 18943 "https://SINAXIS.IN/wp-login.php" "Mozilla/5.0 (Windows NT 11.0; Win64; x64) AppleWebKit/537.36 (KHTML, like Gecko) Chrome/121.0.0.0 Safari/537.36"
176.65.132.19 - - [26/Feb/2026:20:26:20 +0530] "POST /wp-login.php HTTP/1.1" 503 18030 "https://SINAXIS.IN/wp-login.php" "Mozilla/5.0 (Windows NT 11.0; Win64; x64; rv:118.0) Gecko/20100101 Firefox/118.0"
164.52.204.12 - - [26/Feb/2026:20:26:23 +0530] "POST /?wordfence_syncAttackData=1772117783.7082 HTTP/1.1" 200 - "-" "WordPress/6.9.1; https://sinaxis.in"
176.65.132.19 - - [26/Feb/2026:20:26:23 +0530] "GET /wp-admin/index.php HTTP/1.1" 503 18943 "https://SINAXIS.IN/wp-login.php" "Mozilla/5.0 (Macintosh; Intel Mac OS X 10_15_7; rv:119.0) Gecko/20100101 Firefox/119.0"
176.65.132.19 - - [26/Feb/2026:20:26:27 +0530] "GET /wp-admin/profile.php HTTP/1.1" 503 18943 "https://SINAXIS.IN/wp-login.php" "Mozilla/5.0 (Macintosh; Intel Mac OS X 10_15_7; rv:119.0) Gecko/20100101 Firefox/119.0"
176.65.132.19 - - [26/Feb/2026:20:26:29 +0530] "GET /wp-admin/edit.php HTTP/1.1" 503 18943 "https://SINAXIS.IN/wp-login.php" "Mozilla/5.0 (Macintosh; Intel Mac OS X 10_15_7; rv:119.0) Gecko/20100101 Firefox/119.0"
176.65.132.19 - - [26/Feb/2026:20:26:31 +0530] "GET /wp-admin/plugins.php HTTP/1.1" 503 18943 "https://SINAXIS.IN/wp-login.php" "Mozilla/5.0 (Macintosh; Intel Mac OS X 10_15_7; rv:119.0) Gecko/20100101 Firefox/119.0"
176.65.132.19 - - [26/Feb/2026:20:26:35 +0530] "POST /wp-login.php HTTP/1.1" 503 18030 "https://SINAXIS.IN/wp-login.php" "Mozilla/5.0 (X11; Ubuntu; Linux x86_64) AppleWebKit/537.36 (KHTML, like Gecko) Chrome/119.0.0.0 Safari/537.36"
217.113.196.38 - - [26/Feb/2026:20:26:38 +0530] "GET /sinaxis-products/ HTTP/1.1" 200 43772 "-" "Mozilla/5.0 (compatible; IbouBot/1.0; +bot@ibou.io; +https://ibou.io/iboubot.html)"
164.52.204.12 - - [26/Feb/2026:20:26:38 +0530] "POST /wp-cron.php?doing_wp_cron=1772117798.9440441131591796875000 HTTP/1.1" 200 - "-" "WordPress/6.9.1; https://sinaxis.in"
164.52.204.12 - - [26/Feb/2026:20:26:38 +0530] "POST /?wordfence_syncAttackData=1772117798.1151 HTTP/1.1" 200 - "-" "WordPress/6.9.1; https://sinaxis.in"
176.65.132.19 - - [26/Feb/2026:20:26:37 +0530] "GET /wp-admin/index.php HTTP/1.1" 503 18943 "https://SINAXIS.IN/wp-login.php" "Mozilla/5.0 (Macintosh; Intel Mac OS X 10_15_7) AppleWebKit/605.1.15 (KHTML, like Gecko) Version/17.0 Safari/605.1.15"
176.65.132.19 - - [26/Feb/2026:20:26:41 +0530] "GET /wp-admin/profile.php HTTP/1.1" 503 18943 "https://SINAXIS.IN/wp-login.php" "Mozilla/5.0 (Macintosh; Intel Mac OS X 10_15_7) AppleWebKit/605.1.15 (KHTML, like Gecko) Version/17.0 Safari/605.1.15"
176.65.132.19 - - [26/Feb/2026:20:26:44 +0530] "GET /wp-admin/edit.php HTTP/1.1" 503 18943 "https://SINAXIS.IN/wp-login.php" "Mozilla/5.0 (Macintosh; Intel Mac OS X 10_15_7) AppleWebKit/605.1.15 (KHTML, like Gecko) Version/17.0 Safari/605.1.15"
176.65.132.19 - - [26/Feb/2026:20:26:47 +0530] "GET /wp-admin/plugins.php HTTP/1.1" 503 18943 "https://SINAXIS.IN/wp-login.php" "Mozilla/5.0 (Macintosh; Intel Mac OS X 10_15_7) AppleWebKit/605.1.15 (KHTML, like Gecko) Version/17.0 Safari/605.1.15"
176.65.132.19 - - [26/Feb/2026:20:26:52 +0530] "POST /wp-login.php HTTP/1.1" 503 18030 "https://SINAXIS.IN/wp-login.php" "Mozilla/5.0 (Macintosh; Intel Mac OS X 10_15_7) AppleWebKit/605.1.15 (KHTML, like Gecko) Version/17.1 Safari/605.1.15"
164.52.204.12 - - [26/Feb/2026:20:26:54 +0530] "POST /wp-cron.php?doing_wp_cron=1772117814.6438570022583007812500 HTTP/1.1" 200 - "-" "WordPress/6.9.1; https://sinaxis.in"
164.52.204.12 - - [26/Feb/2026:20:26:53 +0530] "POST /?wordfence_syncAttackData=1772117813.8505 HTTP/1.1" 200 - "-" "WordPress/6.9.1; https://sinaxis.in"
176.65.132.19 - - [26/Feb/2026:20:26:53 +0530] "GET /wp-admin/index.php HTTP/1.1" 503 18943 "https://SINAXIS.IN/wp-login.php" "Mozilla/5.0 (Macintosh; Intel Mac OS X 10_15_7) AppleWebKit/605.1.15 (KHTML, like Gecko) Version/17.2 Safari/605.1.15"
176.65.132.19 - - [26/Feb/2026:20:26:56 +0530] "GET /wp-admin/profile.php HTTP/1.1" 503 18943 "https://SINAXIS.IN/wp-login.php" "Mozilla/5.0 (Macintosh; Intel Mac OS X 10_15_7) AppleWebKit/605.1.15 (KHTML, like Gecko) Version/17.2 Safari/605.1.15"
176.65.132.19 - - [26/Feb/2026:20:26:59 +0530] "GET /wp-admin/edit.php HTTP/1.1" 503 18943 "https://SINAXIS.IN/wp-login.php" "Mozilla/5.0 (Macintosh; Intel Mac OS X 10_15_7) AppleWebKit/605.1.15 (KHTML, like Gecko) Version/17.2 Safari/605.1.15"
176.65.132.19 - - [26/Feb/2026:20:27:03 +0530] "GET /wp-admin/plugins.php HTTP/1.1" 503 18943 "https://SINAXIS.IN/wp-login.php" "Mozilla/5.0 (Macintosh; Intel Mac OS X 10_15_7) AppleWebKit/605.1.15 (KHTML, like Gecko) Version/17.2 Safari/605.1.15"
217.113.196.10 - - [26/Feb/2026:20:27:04 +0530] "GET /sinaxis-contacts/ HTTP/1.1" 200 39099 "-" "Mozilla/5.0 (compatible; IbouBot/1.0; +bot@ibou.io; +https://ibou.io/iboubot.html)"
176.65.132.19 - - [26/Feb/2026:20:27:06 +0530] "POST /wp-login.php HTTP/1.1" 503 18030 "https://SINAXIS.IN/wp-login.php" "Mozilla/5.0 (X11; Ubuntu; Linux x86_64) AppleWebKit/537.36 (KHTML, like Gecko) Chrome/120.0.0.0 Safari/537.36"
164.52.204.12 - - [26/Feb/2026:20:27:09 +0530] "POST /?wordfence_syncAttackData=1772117829.3998 HTTP/1.1" 200 - "-" "WordPress/6.9.1; https://sinaxis.in"
176.65.132.19 - - [26/Feb/2026:20:27:08 +0530] "GET /wp-admin/index.php HTTP/1.1" 503 18943 "https://SINAXIS.IN/wp-login.php" "Mozilla/5.0 (Macintosh; Intel Mac OS X 13_6_1; rv:121.0) Gecko/20100101 Firefox/121.0"
176.65.132.19 - - [26/Feb/2026:20:27:12 +0530] "GET /wp-admin/profile.php HTTP/1.1" 503 18943 "https://SINAXIS.IN/wp-login.php" "Mozilla/5.0 (Macintosh; Intel Mac OS X 13_6_1; rv:121.0) Gecko/20100101 Firefox/121.0"
176.65.132.19 - - [26/Feb/2026:20:27:14 +0530] "GET /wp-admin/edit.php HTTP/1.1" 503 18943 "https://SINAXIS.IN/wp-login.php" "Mozilla/5.0 (Macintosh; Intel Mac OS X 13_6_1; rv:121.0) Gecko/20100101 Firefox/121.0"
176.65.132.19 - - [26/Feb/2026:20:27:16 +0530] "GET /wp-admin/plugins.php HTTP/1.1" 503 18943 "https://SINAXIS.IN/wp-login.php" "Mozilla/5.0 (Macintosh; Intel Mac OS X 13_6_1; rv:121.0) Gecko/20100101 Firefox/121.0"
176.65.132.19 - - [26/Feb/2026:20:27:19 +0530] "POST /wp-login.php HTTP/1.1" 503 18030 "https://SINAXIS.IN/wp-login.php" "Mozilla/5.0 (Windows NT 10.0; Win64; x64; rv:121.0) Gecko/20100101 Firefox/121.0"
164.52.204.12 - - [26/Feb/2026:20:27:21 +0530] "POST /?wordfence_syncAttackData=1772117841.9694 HTTP/1.1" 200 - "-" "WordPress/6.9.1; https://sinaxis.in"
176.65.132.19 - - [26/Feb/2026:20:27:21 +0530] "GET /wp-admin/index.php HTTP/1.1" 503 18943 "https://SINAXIS.IN/wp-login.php" "Mozilla/5.0 (X11; Ubuntu; Linux x86_64) AppleWebKit/537.36 (KHTML, like Gecko) Chrome/120.0.0.0 Safari/537.36"
176.65.132.19 - - [26/Feb/2026:20:27:25 +0530] "GET /wp-admin/profile.php HTTP/1.1" 503 18943 "https://SINAXIS.IN/wp-login.php" "Mozilla/5.0 (X11; Ubuntu; Linux x86_64) AppleWebKit/537.36 (KHTML, like Gecko) Chrome/120.0.0.0 Safari/537.36"
176.65.132.19 - - [26/Feb/2026:20:27:26 +0530] "GET /wp-admin/edit.php HTTP/1.1" 503 18943 "https://SINAXIS.IN/wp-login.php" "Mozilla/5.0 (X11; Ubuntu; Linux x86_64) AppleWebKit/537.36 (KHTML, like Gecko) Chrome/120.0.0.0 Safari/537.36"
176.65.132.19 - - [26/Feb/2026:20:27:28 +0530] "GET /wp-admin/plugins.php HTTP/1.1" 503 18943 "https://SINAXIS.IN/wp-login.php" "Mozilla/5.0 (X11; Ubuntu; Linux x86_64) AppleWebKit/537.36 (KHTML, like Gecko) Chrome/120.0.0.0 Safari/537.36"
176.65.132.19 - - [26/Feb/2026:20:27:31 +0530] "POST /wp-login.php HTTP/1.1" 503 18030 "https://SINAXIS.IN/wp-login.php" "Mozilla/5.0 (Macintosh; Intel Mac OS X 10_15_7) AppleWebKit/605.1.15 (KHTML, like Gecko) Version/17.2 Safari/605.1.15"
217.113.196.51 - - [26/Feb/2026:20:27:31 +0530] "GET /projects/power-supply-2/ HTTP/1.1" 200 35468 "-" "Mozilla/5.0 (compatible; IbouBot/1.0; +bot@ibou.io; +https://ibou.io/iboubot.html)"
164.52.204.12 - - [26/Feb/2026:20:27:35 +0530] "POST /wp-cron.php?doing_wp_cron=1772117855.3252630233764648437500 HTTP/1.1" 200 - "-" "WordPress/6.9.1; https://sinaxis.in"
164.52.204.12 - - [26/Feb/2026:20:27:34 +0530] "POST /?wordfence_syncAttackData=1772117854.4683 HTTP/1.1" 200 - "-" "WordPress/6.9.1; https://sinaxis.in"
176.65.132.19 - - [26/Feb/2026:20:27:33 +0530] "GET /wp-admin/index.php HTTP/1.1" 503 18943 "https://SINAXIS.IN/wp-login.php" "Mozilla/5.0 (Windows NT 10.0; Win64; x64; rv:119.0) Gecko/20100101 Firefox/119.0"
176.65.132.19 - - [26/Feb/2026:20:27:37 +0530] "GET /wp-admin/profile.php HTTP/1.1" 503 18943 "https://SINAXIS.IN/wp-login.php" "Mozilla/5.0 (Windows NT 10.0; Win64; x64; rv:119.0) Gecko/20100101 Firefox/119.0"
176.65.132.19 - - [26/Feb/2026:20:27:39 +0530] "GET /wp-admin/edit.php HTTP/1.1" 503 18943 "https://SINAXIS.IN/wp-login.php" "Mozilla/5.0 (Windows NT 10.0; Win64; x64; rv:119.0) Gecko/20100101 Firefox/119.0"
176.65.132.19 - - [26/Feb/2026:20:27:42 +0530] "GET /wp-admin/plugins.php HTTP/1.1" 503 18943 "https://SINAXIS.IN/wp-login.php" "Mozilla/5.0 (Windows NT 10.0; Win64; x64; rv:119.0) Gecko/20100101 Firefox/119.0"
176.65.132.19 - - [26/Feb/2026:20:27:45 +0530] "POST /wp-login.php HTTP/1.1" 503 18030 "https://SINAXIS.IN/wp-login.php" "Mozilla/5.0 (Macintosh; Intel Mac OS X 10_15_7; rv:119.0) Gecko/20100101 Firefox/119.0"
164.52.204.12 - - [26/Feb/2026:20:27:48 +0530] "POST /wp-cron.php?doing_wp_cron=1772117868.7581479549407958984375 HTTP/1.1" 200 - "-" "WordPress/6.9.1; https://sinaxis.in"
164.52.204.12 - - [26/Feb/2026:20:27:47 +0530] "POST /?wordfence_syncAttackData=1772117867.8485 HTTP/1.1" 200 - "-" "WordPress/6.9.1; https://sinaxis.in"
176.65.132.19 - - [26/Feb/2026:20:27:47 +0530] "GET /wp-admin/index.php HTTP/1.1" 503 18943 "https://SINAXIS.IN/wp-login.php" "Mozilla/5.0 (Macintosh; Intel Mac OS X 13_6_1) AppleWebKit/605.1.15 (KHTML, like Gecko) Version/17.1 Safari/605.1.15"
176.65.132.19 - - [26/Feb/2026:20:27:51 +0530] "GET /wp-admin/profile.php HTTP/1.1" 503 18943 "https://SINAXIS.IN/wp-login.php" "Mozilla/5.0 (Macintosh; Intel Mac OS X 13_6_1) AppleWebKit/605.1.15 (KHTML, like Gecko) Version/17.1 Safari/605.1.15"
176.65.132.19 - - [26/Feb/2026:20:27:54 +0530] "GET /wp-admin/edit.php HTTP/1.1" 503 18943 "https://SINAXIS.IN/wp-login.php" "Mozilla/5.0 (Macintosh; Intel Mac OS X 13_6_1) AppleWebKit/605.1.15 (KHTML, like Gecko) Version/17.1 Safari/605.1.15"
176.65.132.19 - - [26/Feb/2026:20:27:57 +0530] "GET /wp-admin/plugins.php HTTP/1.1" 503 18943 "https://SINAXIS.IN/wp-login.php" "Mozilla/5.0 (Macintosh; Intel Mac OS X 13_6_1) AppleWebKit/605.1.15 (KHTML, like Gecko) Version/17.1 Safari/605.1.15"
217.113.196.20 - - [26/Feb/2026:20:27:57 +0530] "GET /projects/ka-drive-2/ HTTP/1.1" 200 36652 "-" "Mozilla/5.0 (compatible; IbouBot/1.0; +bot@ibou.io; +https://ibou.io/iboubot.html)"
176.65.132.19 - - [26/Feb/2026:20:27:59 +0530] "POST /wp-login.php HTTP/1.1" 503 18030 "https://SINAXIS.IN/wp-login.php" "Mozilla/5.0 (Windows NT 11.0; Win64; x64) AppleWebKit/537.36 (KHTML, like Gecko) Chrome/118.0.0.0 Safari/537.36"
164.52.204.12 - - [26/Feb/2026:20:28:01 +0530] "POST /?wordfence_syncAttackData=1772117881.5605 HTTP/1.1" 200 - "-" "WordPress/6.9.1; https://sinaxis.in"
176.65.132.19 - - [26/Feb/2026:20:28:00 +0530] "GET /wp-admin/index.php HTTP/1.1" 503 18943 "https://SINAXIS.IN/wp-login.php" "Mozilla/5.0 (X11; Linux x86_64) AppleWebKit/537.36 (KHTML, like Gecko) Chrome/119.0.0.0 Safari/537.36"
176.65.132.19 - - [26/Feb/2026:20:28:04 +0530] "GET /wp-admin/profile.php HTTP/1.1" 503 18943 "https://SINAXIS.IN/wp-login.php" "Mozilla/5.0 (X11; Linux x86_64) AppleWebKit/537.36 (KHTML, like Gecko) Chrome/119.0.0.0 Safari/537.36"
176.65.132.19 - - [26/Feb/2026:20:28:07 +0530] "GET /wp-admin/edit.php HTTP/1.1" 503 18943 "https://SINAXIS.IN/wp-login.php" "Mozilla/5.0 (X11; Linux x86_64) AppleWebKit/537.36 (KHTML, like Gecko) Chrome/119.0.0.0 Safari/537.36"
176.65.132.19 - - [26/Feb/2026:20:28:09 +0530] "GET /wp-admin/plugins.php HTTP/1.1" 503 18943 "https://SINAXIS.IN/wp-login.php" "Mozilla/5.0 (X11; Linux x86_64) AppleWebKit/537.36 (KHTML, like Gecko) Chrome/119.0.0.0 Safari/537.36"
176.65.132.19 - - [26/Feb/2026:20:28:13 +0530] "POST /wp-login.php HTTP/1.1" 503 18030 "https://SINAXIS.IN/wp-login.php" "Mozilla/5.0 (X11; Linux x86_64) AppleWebKit/537.36 (KHTML, like Gecko) Chrome/121.0.0.0 Safari/537.36"
164.52.204.12 - - [26/Feb/2026:20:28:15 +0530] "POST /?wordfence_syncAttackData=1772117895.8197 HTTP/1.1" 200 - "-" "WordPress/6.9.1; https://sinaxis.in"
176.65.132.19 - - [26/Feb/2026:20:28:15 +0530] "GET /wp-admin/index.php HTTP/1.1" 503 18943 "https://SINAXIS.IN/wp-login.php" "Mozilla/5.0 (Macintosh; Intel Mac OS X 13_6_1) AppleWebKit/605.1.15 (KHTML, like Gecko) Version/17.1 Safari/605.1.15"
176.65.132.19 - - [26/Feb/2026:20:28:18 +0530] "GET /wp-admin/profile.php HTTP/1.1" 503 18943 "https://SINAXIS.IN/wp-login.php" "Mozilla/5.0 (Macintosh; Intel Mac OS X 13_6_1) AppleWebKit/605.1.15 (KHTML, like Gecko) Version/17.1 Safari/605.1.15"
176.65.132.19 - - [26/Feb/2026:20:28:20 +0530] "GET /wp-admin/edit.php HTTP/1.1" 503 18943 "https://SINAXIS.IN/wp-login.php" "Mozilla/5.0 (Macintosh; Intel Mac OS X 13_6_1) AppleWebKit/605.1.15 (KHTML, like Gecko) Version/17.1 Safari/605.1.15"
176.65.132.19 - - [26/Feb/2026:20:28:23 +0530] "GET /wp-admin/plugins.php HTTP/1.1" 503 18943 "https://SINAXIS.IN/wp-login.php" "Mozilla/5.0 (Macintosh; Intel Mac OS X 13_6_1) AppleWebKit/605.1.15 (KHTML, like Gecko) Version/17.1 Safari/605.1.15"
217.113.196.47 - - [26/Feb/2026:20:28:24 +0530] "GET /projects/mpk-module/ HTTP/1.1" 200 36739 "-" "Mozilla/5.0 (compatible; IbouBot/1.0; +bot@ibou.io; +https://ibou.io/iboubot.html)"
176.65.132.19 - - [26/Feb/2026:20:28:25 +0530] "POST /wp-login.php HTTP/1.1" 503 18030 "https://SINAXIS.IN/wp-login.php" "Mozilla/5.0 (Macintosh; Intel Mac OS X 13_6_1) AppleWebKit/605.1.15 (KHTML, like Gecko) Version/17.2 Safari/605.1.15"
164.52.204.12 - - [26/Feb/2026:20:28:28 +0530] "POST /wp-cron.php?doing_wp_cron=1772117908.5164420604705810546875 HTTP/1.1" 200 - "-" "WordPress/6.9.1; https://sinaxis.in"
164.52.204.12 - - [26/Feb/2026:20:28:27 +0530] "POST /?wordfence_syncAttackData=1772117907.7672 HTTP/1.1" 200 - "-" "WordPress/6.9.1; https://sinaxis.in"
176.65.132.19 - - [26/Feb/2026:20:28:27 +0530] "GET /wp-admin/index.php HTTP/1.1" 503 18943 "https://SINAXIS.IN/wp-login.php" "Mozilla/5.0 (Macintosh; Intel Mac OS X 13_6_1; rv:121.0) Gecko/20100101 Firefox/121.0"
176.65.132.19 - - [26/Feb/2026:20:28:29 +0530] "GET /wp-admin/profile.php HTTP/1.1" 503 18943 "https://SINAXIS.IN/wp-login.php" "Mozilla/5.0 (Macintosh; Intel Mac OS X 13_6_1; rv:121.0) Gecko/20100101 Firefox/121.0"
176.65.132.19 - - [26/Feb/2026:20:28:32 +0530] "GET /wp-admin/edit.php HTTP/1.1" 503 18943 "https://SINAXIS.IN/wp-login.php" "Mozilla/5.0 (Macintosh; Intel Mac OS X 13_6_1; rv:121.0) Gecko/20100101 Firefox/121.0"
176.65.132.19 - - [26/Feb/2026:20:28:35 +0530] "GET /wp-admin/plugins.php HTTP/1.1" 503 18943 "https://SINAXIS.IN/wp-login.php" "Mozilla/5.0 (Macintosh; Intel Mac OS X 13_6_1; rv:121.0) Gecko/20100101 Firefox/121.0"
176.65.132.19 - - [26/Feb/2026:20:28:37 +0530] "POST /wp-login.php HTTP/1.1" 503 18030 "https://SINAXIS.IN/wp-login.php" "Mozilla/5.0 (Windows NT 10.0; Win64; x64; rv:120.0) Gecko/20100101 Firefox/120.0"
164.52.204.12 - - [26/Feb/2026:20:28:40 +0530] "POST /wp-cron.php?doing_wp_cron=1772117920.6376430988311767578125 HTTP/1.1" 200 - "-" "WordPress/6.9.1; https://sinaxis.in"
164.52.204.12 - - [26/Feb/2026:20:28:39 +0530] "POST /?wordfence_syncAttackData=1772117919.8225 HTTP/1.1" 200 - "-" "WordPress/6.9.1; https://sinaxis.in"
176.65.132.19 - - [26/Feb/2026:20:28:39 +0530] "GET /wp-admin/index.php HTTP/1.1" 503 18943 "https://SINAXIS.IN/wp-login.php" "Mozilla/5.0 (Macintosh; Intel Mac OS X 10_15_7; rv:119.0) Gecko/20100101 Firefox/119.0"
176.65.132.19 - - [26/Feb/2026:20:28:42 +0530] "GET /wp-admin/profile.php HTTP/1.1" 503 18943 "https://SINAXIS.IN/wp-login.php" "Mozilla/5.0 (Macintosh; Intel Mac OS X 10_15_7; rv:119.0) Gecko/20100101 Firefox/119.0"
176.65.132.19 - - [26/Feb/2026:20:28:45 +0530] "GET /wp-admin/edit.php HTTP/1.1" 503 18943 "https://SINAXIS.IN/wp-login.php" "Mozilla/5.0 (Macintosh; Intel Mac OS X 10_15_7; rv:119.0) Gecko/20100101 Firefox/119.0"
176.65.132.19 - - [26/Feb/2026:20:28:47 +0530] "GET /wp-admin/plugins.php HTTP/1.1" 503 18943 "https://SINAXIS.IN/wp-login.php" "Mozilla/5.0 (Macintosh; Intel Mac OS X 10_15_7; rv:119.0) Gecko/20100101 Firefox/119.0"
176.65.132.19 - - [26/Feb/2026:20:28:50 +0530] "POST /wp-login.php HTTP/1.1" 503 18030 "https://SINAXIS.IN/wp-login.php" "Mozilla/5.0 (Macintosh; Intel Mac OS X 10_15_7) AppleWebKit/537.36 (KHTML, like Gecko) Chrome/118.0.0.0 Safari/537.36"
217.113.196.37 - - [26/Feb/2026:20:28:50 +0530] "GET /projects/ez-el-switch/ HTTP/1.1" 200 36665 "-" "Mozilla/5.0 (compatible; IbouBot/1.0; +bot@ibou.io; +https://ibou.io/iboubot.html)"
164.52.204.12 - - [26/Feb/2026:20:28:53 +0530] "POST /?wordfence_syncAttackData=1772117933.4544 HTTP/1.1" 200 - "-" "WordPress/6.9.1; https://sinaxis.in"
176.65.132.19 - - [26/Feb/2026:20:28:52 +0530] "GET /wp-admin/index.php HTTP/1.1" 503 18943 "https://SINAXIS.IN/wp-login.php" "Mozilla/5.0 (Macintosh; Intel Mac OS X 13_6_1; rv:118.0) Gecko/20100101 Firefox/118.0"
176.65.132.19 - - [26/Feb/2026:20:28:55 +0530] "GET /wp-admin/profile.php HTTP/1.1" 503 18943 "https://SINAXIS.IN/wp-login.php" "Mozilla/5.0 (Macintosh; Intel Mac OS X 13_6_1; rv:118.0) Gecko/20100101 Firefox/118.0"
176.65.132.19 - - [26/Feb/2026:20:28:58 +0530] "GET /wp-admin/edit.php HTTP/1.1" 503 18943 "https://SINAXIS.IN/wp-login.php" "Mozilla/5.0 (Macintosh; Intel Mac OS X 13_6_1; rv:118.0) Gecko/20100101 Firefox/118.0"
176.65.132.19 - - [26/Feb/2026:20:29:00 +0530] "GET /wp-admin/plugins.php HTTP/1.1" 503 18943 "https://SINAXIS.IN/wp-login.php" "Mozilla/5.0 (Macintosh; Intel Mac OS X 13_6_1; rv:118.0) Gecko/20100101 Firefox/118.0"
176.65.132.19 - - [26/Feb/2026:20:29:02 +0530] "POST /wp-login.php HTTP/1.1" 503 18030 "https://SINAXIS.IN/wp-login.php" "Mozilla/5.0 (Windows NT 11.0; Win64; x64; rv:119.0) Gecko/20100101 Firefox/119.0"
164.52.204.12 - - [26/Feb/2026:20:29:05 +0530] "POST /?wordfence_syncAttackData=1772117945.4833 HTTP/1.1" 200 - "-" "WordPress/6.9.1; https://sinaxis.in"
176.65.132.19 - - [26/Feb/2026:20:29:04 +0530] "GET /wp-admin/index.php HTTP/1.1" 503 18943 "https://SINAXIS.IN/wp-login.php" "Mozilla/5.0 (Macintosh; Intel Mac OS X 13_6_1) AppleWebKit/605.1.15 (KHTML, like Gecko) Version/17.1 Safari/605.1.15"
176.65.132.19 - - [26/Feb/2026:20:29:07 +0530] "GET /wp-admin/profile.php HTTP/1.1" 503 18943 "https://SINAXIS.IN/wp-login.php" "Mozilla/5.0 (Macintosh; Intel Mac OS X 13_6_1) AppleWebKit/605.1.15 (KHTML, like Gecko) Version/17.1 Safari/605.1.15"
176.65.132.19 - - [26/Feb/2026:20:29:10 +0530] "GET /wp-admin/edit.php HTTP/1.1" 503 18943 "https://SINAXIS.IN/wp-login.php" "Mozilla/5.0 (Macintosh; Intel Mac OS X 13_6_1) AppleWebKit/605.1.15 (KHTML, like Gecko) Version/17.1 Safari/605.1.15"
176.65.132.19 - - [26/Feb/2026:20:29:12 +0530] "GET /wp-admin/plugins.php HTTP/1.1" 503 18943 "https://SINAXIS.IN/wp-login.php" "Mozilla/5.0 (Macintosh; Intel Mac OS X 13_6_1) AppleWebKit/605.1.15 (KHTML, like Gecko) Version/17.1 Safari/605.1.15"
176.65.132.19 - - [26/Feb/2026:20:29:15 +0530] "POST /wp-login.php HTTP/1.1" 503 18030 "https://SINAXIS.IN/wp-login.php" "Mozilla/5.0 (Macintosh; Intel Mac OS X 13_6_1; rv:118.0) Gecko/20100101 Firefox/118.0"
217.113.196.45 - - [26/Feb/2026:20:29:16 +0530] "GET /projects/if-amplifiers/ HTTP/1.1" 200 36798 "-" "Mozilla/5.0 (compatible; IbouBot/1.0; +bot@ibou.io; +https://ibou.io/iboubot.html)"
164.52.204.12 - - [26/Feb/2026:20:29:18 +0530] "POST /wp-cron.php?doing_wp_cron=1772117958.8547220230102539062500 HTTP/1.1" 200 - "-" "WordPress/6.9.1; https://sinaxis.in"
164.52.204.12 - - [26/Feb/2026:20:29:17 +0530] "POST /?wordfence_syncAttackData=1772117957.9336 HTTP/1.1" 200 - "-" "WordPress/6.9.1; https://sinaxis.in"
176.65.132.19 - - [26/Feb/2026:20:29:17 +0530] "GET /wp-admin/index.php HTTP/1.1" 503 18943 "https://SINAXIS.IN/wp-login.php" "Mozilla/5.0 (Windows NT 11.0; Win64; x64; rv:121.0) Gecko/20100101 Firefox/121.0"
176.65.132.19 - - [26/Feb/2026:20:29:20 +0530] "GET /wp-admin/profile.php HTTP/1.1" 503 18943 "https://SINAXIS.IN/wp-login.php" "Mozilla/5.0 (Windows NT 11.0; Win64; x64; rv:121.0) Gecko/20100101 Firefox/121.0"
176.65.132.19 - - [26/Feb/2026:20:29:23 +0530] "GET /wp-admin/edit.php HTTP/1.1" 503 18943 "https://SINAXIS.IN/wp-login.php" "Mozilla/5.0 (Windows NT 11.0; Win64; x64; rv:121.0) Gecko/20100101 Firefox/121.0"
176.65.132.19 - - [26/Feb/2026:20:29:25 +0530] "GET /wp-admin/plugins.php HTTP/1.1" 503 18943 "https://SINAXIS.IN/wp-login.php" "Mozilla/5.0 (Windows NT 11.0; Win64; x64; rv:121.0) Gecko/20100101 Firefox/121.0"
176.65.132.19 - - [26/Feb/2026:20:29:29 +0530] "POST /wp-login.php HTTP/1.1" 503 18030 "https://SINAXIS.IN/wp-login.php" "Mozilla/5.0 (Macintosh; Intel Mac OS X 10_15_7; rv:118.0) Gecko/20100101 Firefox/118.0"
164.52.204.12 - - [26/Feb/2026:20:29:33 +0530] "POST /wp-cron.php?doing_wp_cron=1772117973.3851919174194335937500 HTTP/1.1" 200 - "-" "WordPress/6.9.1; https://sinaxis.in"
164.52.204.12 - - [26/Feb/2026:20:29:32 +0530] "POST /?wordfence_syncAttackData=1772117972.5723 HTTP/1.1" 200 - "-" "WordPress/6.9.1; https://sinaxis.in"
176.65.132.19 - - [26/Feb/2026:20:29:31 +0530] "GET /wp-admin/index.php HTTP/1.1" 503 18943 "https://SINAXIS.IN/wp-login.php" "Mozilla/5.0 (Macintosh; Intel Mac OS X 13_6_1) AppleWebKit/537.36 (KHTML, like Gecko) Chrome/118.0.0.0 Safari/537.36"
176.65.132.19 - - [26/Feb/2026:20:29:34 +0530] "GET /wp-admin/profile.php HTTP/1.1" 503 18943 "https://SINAXIS.IN/wp-login.php" "Mozilla/5.0 (Macintosh; Intel Mac OS X 13_6_1) AppleWebKit/537.36 (KHTML, like Gecko) Chrome/118.0.0.0 Safari/537.36"
176.65.132.19 - - [26/Feb/2026:20:29:38 +0530] "GET /wp-admin/edit.php HTTP/1.1" 503 18943 "https://SINAXIS.IN/wp-login.php" "Mozilla/5.0 (Macintosh; Intel Mac OS X 13_6_1) AppleWebKit/537.36 (KHTML, like Gecko) Chrome/118.0.0.0 Safari/537.36"
176.65.132.19 - - [26/Feb/2026:20:29:40 +0530] "GET /wp-admin/plugins.php HTTP/1.1" 503 18943 "https://SINAXIS.IN/wp-login.php" "Mozilla/5.0 (Macintosh; Intel Mac OS X 13_6_1) AppleWebKit/537.36 (KHTML, like Gecko) Chrome/118.0.0.0 Safari/537.36"
176.65.132.19 - - [26/Feb/2026:20:29:42 +0530] "POST /wp-login.php HTTP/1.1" 503 18030 "https://SINAXIS.IN/wp-login.php" "Mozilla/5.0 (Windows NT 10.0; Win64; x64; rv:118.0) Gecko/20100101 Firefox/118.0"
217.113.196.11 - - [26/Feb/2026:20:29:42 +0530] "GET /projects/ka-transmitter-2/ HTTP/1.1" 200 35502 "-" "Mozilla/5.0 (compatible; IbouBot/1.0; +bot@ibou.io; +https://ibou.io/iboubot.html)"
164.52.204.12 - - [26/Feb/2026:20:29:44 +0530] "POST /?wordfence_syncAttackData=1772117984.7737 HTTP/1.1" 200 - "-" "WordPress/6.9.1; https://sinaxis.in"
176.65.132.19 - - [26/Feb/2026:20:29:44 +0530] "GET /wp-admin/index.php HTTP/1.1" 503 18943 "https://SINAXIS.IN/wp-login.php" "Mozilla/5.0 (Macintosh; Intel Mac OS X 10_15_7; rv:118.0) Gecko/20100101 Firefox/118.0"
114.119.157.146 - - [26/Feb/2026:20:29:45 +0530] "GET /neuros_project_category/rf/page/2/ HTTP/1.1" 200 35694 "https://sinaxis.in/neuros_project_category/rf/page/2" "Mozilla/5.0 (Linux; Android 7.0;) AppleWebKit/537.36 (KHTML, like Gecko) Mobile Safari/537.36 (compatible; PetalBot;+https://webmaster.petalsearch.com/site/petalbot)"
176.65.132.19 - - [26/Feb/2026:20:29:47 +0530] "GET /wp-admin/profile.php HTTP/1.1" 503 18943 "https://SINAXIS.IN/wp-login.php" "Mozilla/5.0 (Macintosh; Intel Mac OS X 10_15_7; rv:118.0) Gecko/20100101 Firefox/118.0"
176.65.132.19 - - [26/Feb/2026:20:29:49 +0530] "GET /wp-admin/edit.php HTTP/1.1" 503 18943 "https://SINAXIS.IN/wp-login.php" "Mozilla/5.0 (Macintosh; Intel Mac OS X 10_15_7; rv:118.0) Gecko/20100101 Firefox/118.0"
176.65.132.19 - - [26/Feb/2026:20:29:51 +0530] "GET /wp-admin/plugins.php HTTP/1.1" 503 18943 "https://SINAXIS.IN/wp-login.php" "Mozilla/5.0 (Macintosh; Intel Mac OS X 10_15_7; rv:118.0) Gecko/20100101 Firefox/118.0"
176.65.132.19 - - [26/Feb/2026:20:29:52 +0530] "POST /wp-login.php HTTP/1.1" 503 18030 "https://SINAXIS.IN/wp-login.php" "Mozilla/5.0 (Macintosh; Intel Mac OS X 10_15_7) AppleWebKit/537.36 (KHTML, like Gecko) Chrome/121.0.0.0 Safari/537.36"
164.52.204.12 - - [26/Feb/2026:20:29:55 +0530] "POST /?wordfence_syncAttackData=1772117995.5822 HTTP/1.1" 200 - "-" "WordPress/6.9.1; https://sinaxis.in"
176.65.132.19 - - [26/Feb/2026:20:29:54 +0530] "GET /wp-admin/index.php HTTP/1.1" 503 18943 "https://SINAXIS.IN/wp-login.php" "Mozilla/5.0 (Macintosh; Intel Mac OS X 13_6_1) AppleWebKit/605.1.15 (KHTML, like Gecko) Version/16.6 Safari/605.1.15"
176.65.132.19 - - [26/Feb/2026:20:29:58 +0530] "GET /wp-admin/profile.php HTTP/1.1" 503 18943 "https://SINAXIS.IN/wp-login.php" "Mozilla/5.0 (Macintosh; Intel Mac OS X 13_6_1) AppleWebKit/605.1.15 (KHTML, like Gecko) Version/16.6 Safari/605.1.15"
176.65.132.19 - - [26/Feb/2026:20:30:00 +0530] "GET /wp-admin/edit.php HTTP/1.1" 503 18943 "https://SINAXIS.IN/wp-login.php" "Mozilla/5.0 (Macintosh; Intel Mac OS X 13_6_1) AppleWebKit/605.1.15 (KHTML, like Gecko) Version/16.6 Safari/605.1.15"
176.65.132.19 - - [26/Feb/2026:20:30:03 +0530] "GET /wp-admin/plugins.php HTTP/1.1" 503 18943 "https://SINAXIS.IN/wp-login.php" "Mozilla/5.0 (Macintosh; Intel Mac OS X 13_6_1) AppleWebKit/605.1.15 (KHTML, like Gecko) Version/16.6 Safari/605.1.15"
176.65.132.19 - - [26/Feb/2026:20:30:06 +0530] "POST /wp-login.php HTTP/1.1" 503 18030 "https://SINAXIS.IN/wp-login.php" "Mozilla/5.0 (Macintosh; Intel Mac OS X 13_6_1) AppleWebKit/605.1.15 (KHTML, like Gecko) Version/16.6 Safari/605.1.15"
164.52.204.12 - - [26/Feb/2026:20:30:08 +0530] "POST /?wordfence_syncAttackData=1772118008.457 HTTP/1.1" 200 - "-" "WordPress/6.9.1; https://sinaxis.in"
176.65.132.19 - - [26/Feb/2026:20:30:07 +0530] "GET /wp-admin/index.php HTTP/1.1" 503 18943 "https://SINAXIS.IN/wp-login.php" "Mozilla/5.0 (Windows NT 10.0; Win64; x64) AppleWebKit/537.36 (KHTML, like Gecko) Chrome/121.0.0.0 Safari/537.36"
164.52.204.12 - - [26/Feb/2026:20:30:08 +0530] "POST /?wordfence_syncAttackData=1772118008.7848 HTTP/1.1" 200 16384 "-" "WordPress/6.9.1; https://sinaxis.in"
217.113.196.32 - - [26/Feb/2026:20:30:08 +0530] "GET /projects/ais-transponder/ HTTP/1.1" 200 36942 "-" "Mozilla/5.0 (compatible; IbouBot/1.0; +bot@ibou.io; +https://ibou.io/iboubot.html)"
176.65.132.19 - - [26/Feb/2026:20:30:10 +0530] "GET /wp-admin/profile.php HTTP/1.1" 503 18943 "https://SINAXIS.IN/wp-login.php" "Mozilla/5.0 (Windows NT 10.0; Win64; x64) AppleWebKit/537.36 (KHTML, like Gecko) Chrome/121.0.0.0 Safari/537.36"
176.65.132.19 - - [26/Feb/2026:20:30:12 +0530] "GET /wp-admin/edit.php HTTP/1.1" 503 18943 "https://SINAXIS.IN/wp-login.php" "Mozilla/5.0 (Windows NT 10.0; Win64; x64) AppleWebKit/537.36 (KHTML, like Gecko) Chrome/121.0.0.0 Safari/537.36"
176.65.132.19 - - [26/Feb/2026:20:30:14 +0530] "GET /wp-admin/plugins.php HTTP/1.1" 503 18943 "https://SINAXIS.IN/wp-login.php" "Mozilla/5.0 (Windows NT 10.0; Win64; x64) AppleWebKit/537.36 (KHTML, like Gecko) Chrome/121.0.0.0 Safari/537.36"
176.65.132.19 - - [26/Feb/2026:20:30:16 +0530] "POST /wp-login.php HTTP/1.1" 503 18030 "https://SINAXIS.IN/wp-login.php" "Mozilla/5.0 (X11; Ubuntu; Linux x86_64) AppleWebKit/537.36 (KHTML, like Gecko) Chrome/121.0.0.0 Safari/537.36"
164.52.204.12 - - [26/Feb/2026:20:30:19 +0530] "POST /wp-cron.php?doing_wp_cron=1772118019.7821350097656250000000 HTTP/1.1" 200 - "-" "WordPress/6.9.1; https://sinaxis.in"
164.52.204.12 - - [26/Feb/2026:20:30:18 +0530] "POST /?wordfence_syncAttackData=1772118018.9446 HTTP/1.1" 200 - "-" "WordPress/6.9.1; https://sinaxis.in"
