176.65.132.19 - - [26/Feb/2026:20:30:18 +0530] "GET /wp-admin/index.php HTTP/1.1" 503 18943 "https://SINAXIS.IN/wp-login.php" "Mozilla/5.0 (Macintosh; Intel Mac OS X 10_15_7) AppleWebKit/537.36 (KHTML, like Gecko) Chrome/119.0.0.0 Safari/537.36"
176.65.132.19 - - [26/Feb/2026:20:30:20 +0530] "GET /wp-admin/profile.php HTTP/1.1" 503 18943 "https://SINAXIS.IN/wp-login.php" "Mozilla/5.0 (Macintosh; Intel Mac OS X 10_15_7) AppleWebKit/537.36 (KHTML, like Gecko) Chrome/119.0.0.0 Safari/537.36"
176.65.132.19 - - [26/Feb/2026:20:30:22 +0530] "GET /wp-admin/edit.php HTTP/1.1" 503 18943 "https://SINAXIS.IN/wp-login.php" "Mozilla/5.0 (Macintosh; Intel Mac OS X 10_15_7) AppleWebKit/537.36 (KHTML, like Gecko) Chrome/119.0.0.0 Safari/537.36"
176.65.132.19 - - [26/Feb/2026:20:30:25 +0530] "GET /wp-admin/plugins.php HTTP/1.1" 503 18943 "https://SINAXIS.IN/wp-login.php" "Mozilla/5.0 (Macintosh; Intel Mac OS X 10_15_7) AppleWebKit/537.36 (KHTML, like Gecko) Chrome/119.0.0.0 Safari/537.36"
176.65.132.19 - - [26/Feb/2026:20:30:27 +0530] "POST /wp-login.php HTTP/1.1" 503 18030 "https://SINAXIS.IN/wp-login.php" "Mozilla/5.0 (Windows NT 11.0; Win64; x64) AppleWebKit/537.36 (KHTML, like Gecko) Chrome/121.0.0.0 Safari/537.36"
164.52.204.12 - - [26/Feb/2026:20:30:30 +0530] "POST /wp-cron.php?doing_wp_cron=1772118030.5848529338836669921875 HTTP/1.1" 200 - "-" "WordPress/6.9.1; https://sinaxis.in"
164.52.204.12 - - [26/Feb/2026:20:30:29 +0530] "POST /?wordfence_syncAttackData=1772118029.6649 HTTP/1.1" 200 - "-" "WordPress/6.9.1; https://sinaxis.in"
176.65.132.19 - - [26/Feb/2026:20:30:28 +0530] "GET /wp-admin/index.php HTTP/1.1" 503 18943 "https://SINAXIS.IN/wp-login.php" "Mozilla/5.0 (Windows NT 11.0; Win64; x64) AppleWebKit/537.36 (KHTML, like Gecko) Chrome/118.0.0.0 Safari/537.36"
176.65.132.19 - - [26/Feb/2026:20:30:32 +0530] "GET /wp-admin/profile.php HTTP/1.1" 503 18943 "https://SINAXIS.IN/wp-login.php" "Mozilla/5.0 (Windows NT 11.0; Win64; x64) AppleWebKit/537.36 (KHTML, like Gecko) Chrome/118.0.0.0 Safari/537.36"
176.65.132.19 - - [26/Feb/2026:20:30:34 +0530] "GET /wp-admin/edit.php HTTP/1.1" 503 18943 "https://SINAXIS.IN/wp-login.php" "Mozilla/5.0 (Windows NT 11.0; Win64; x64) AppleWebKit/537.36 (KHTML, like Gecko) Chrome/118.0.0.0 Safari/537.36"
217.113.196.35 - - [26/Feb/2026:20:30:35 +0530] "GET /projects/if-4-module/ HTTP/1.1" 200 36620 "-" "Mozilla/5.0 (compatible; IbouBot/1.0; +bot@ibou.io; +https://ibou.io/iboubot.html)"
176.65.132.19 - - [26/Feb/2026:20:30:36 +0530] "GET /wp-admin/plugins.php HTTP/1.1" 503 18943 "https://SINAXIS.IN/wp-login.php" "Mozilla/5.0 (Windows NT 11.0; Win64; x64) AppleWebKit/537.36 (KHTML, like Gecko) Chrome/118.0.0.0 Safari/537.36"
176.65.132.19 - - [26/Feb/2026:20:30:39 +0530] "POST /wp-login.php HTTP/1.1" 503 18030 "https://SINAXIS.IN/wp-login.php" "Mozilla/5.0 (Windows NT 11.0; Win64; x64) AppleWebKit/537.36 (KHTML, like Gecko) Chrome/121.0.0.0 Safari/537.36"
164.52.204.12 - - [26/Feb/2026:20:30:40 +0530] "POST /?wordfence_syncAttackData=1772118040.8233 HTTP/1.1" 200 - "-" "WordPress/6.9.1; https://sinaxis.in"
176.65.132.19 - - [26/Feb/2026:20:30:40 +0530] "GET /wp-admin/index.php HTTP/1.1" 503 18943 "https://SINAXIS.IN/wp-login.php" "Mozilla/5.0 (Macintosh; Intel Mac OS X 13_6_1) AppleWebKit/537.36 (KHTML, like Gecko) Chrome/118.0.0.0 Safari/537.36"
176.65.132.19 - - [26/Feb/2026:20:30:42 +0530] "GET /wp-admin/profile.php HTTP/1.1" 503 18943 "https://SINAXIS.IN/wp-login.php" "Mozilla/5.0 (Macintosh; Intel Mac OS X 13_6_1) AppleWebKit/537.36 (KHTML, like Gecko) Chrome/118.0.0.0 Safari/537.36"
176.65.132.19 - - [26/Feb/2026:20:30:45 +0530] "GET /wp-admin/edit.php HTTP/1.1" 503 18943 "https://SINAXIS.IN/wp-login.php" "Mozilla/5.0 (Macintosh; Intel Mac OS X 13_6_1) AppleWebKit/537.36 (KHTML, like Gecko) Chrome/118.0.0.0 Safari/537.36"
176.65.132.19 - - [26/Feb/2026:20:30:47 +0530] "GET /wp-admin/plugins.php HTTP/1.1" 503 18943 "https://SINAXIS.IN/wp-login.php" "Mozilla/5.0 (Macintosh; Intel Mac OS X 13_6_1) AppleWebKit/537.36 (KHTML, like Gecko) Chrome/118.0.0.0 Safari/537.36"
176.65.132.19 - - [26/Feb/2026:20:30:50 +0530] "POST /wp-login.php HTTP/1.1" 503 18030 "https://SINAXIS.IN/wp-login.php" "Mozilla/5.0 (X11; Linux x86_64) AppleWebKit/537.36 (KHTML, like Gecko) Chrome/120.0.0.0 Safari/537.36"
162.120.184.8 - - [26/Feb/2026:20:30:53 +0530] "GET / HTTP/1.1" 200 42420 "https://www.google.com/" "Mozilla/5.0 (Linux; Android 10; K) AppleWebKit/537.36 (KHTML, like Gecko) Chrome/145.0.0.0 Mobile Safari/537.36"
164.52.204.12 - - [26/Feb/2026:20:30:53 +0530] "POST /?wordfence_syncAttackData=1772118053.3986 HTTP/1.1" 200 - "-" "WordPress/6.9.1; https://sinaxis.in"
176.65.132.19 - - [26/Feb/2026:20:30:52 +0530] "GET /wp-admin/index.php HTTP/1.1" 503 18943 "https://SINAXIS.IN/wp-login.php" "Mozilla/5.0 (Windows NT 10.0; Win64; x64) AppleWebKit/537.36 (KHTML, like Gecko) Chrome/118.0.0.0 Safari/537.36"
193.186.4.190 - - [26/Feb/2026:20:30:54 +0530] "GET /sinaxis-about/ HTTP/1.1" 200 39805 "https://www.google.com/" "Mozilla/5.0 (Linux; Android 10; K) AppleWebKit/537.36 (KHTML, like Gecko) Chrome/145.0.0.0 Mobile Safari/537.36"
40.77.167.53 - - [26/Feb/2026:20:30:54 +0530] "GET /latest/728152_115399259.htm HTTP/1.1" 301 - "-" "Mozilla/5.0 AppleWebKit/537.36 (KHTML, like Gecko; compatible; bingbot/2.0; +http://www.bing.com/bingbot.htm) Chrome/116.0.1938.76 Safari/537.36"
176.65.132.19 - - [26/Feb/2026:20:30:55 +0530] "GET /wp-admin/profile.php HTTP/1.1" 503 18943 "https://SINAXIS.IN/wp-login.php" "Mozilla/5.0 (Windows NT 10.0; Win64; x64) AppleWebKit/537.36 (KHTML, like Gecko) Chrome/118.0.0.0 Safari/537.36"
176.65.132.19 - - [26/Feb/2026:20:30:57 +0530] "GET /wp-admin/edit.php HTTP/1.1" 503 18943 "https://SINAXIS.IN/wp-login.php" "Mozilla/5.0 (Windows NT 10.0; Win64; x64) AppleWebKit/537.36 (KHTML, like Gecko) Chrome/118.0.0.0 Safari/537.36"
176.65.132.19 - - [26/Feb/2026:20:30:59 +0530] "GET /wp-admin/plugins.php HTTP/1.1" 503 18943 "https://SINAXIS.IN/wp-login.php" "Mozilla/5.0 (Windows NT 10.0; Win64; x64) AppleWebKit/537.36 (KHTML, like Gecko) Chrome/118.0.0.0 Safari/537.36"
176.65.132.19 - - [26/Feb/2026:20:31:01 +0530] "POST /wp-login.php HTTP/1.1" 503 18030 "https://SINAXIS.IN/wp-login.php" "Mozilla/5.0 (Macintosh; Intel Mac OS X 13_6_1) AppleWebKit/605.1.15 (KHTML, like Gecko) Version/17.1 Safari/605.1.15"
217.113.196.61 - - [26/Feb/2026:20:31:01 +0530] "GET /projects/if-to-x-module/ HTTP/1.1" 200 36610 "-" "Mozilla/5.0 (compatible; IbouBot/1.0; +bot@ibou.io; +https://ibou.io/iboubot.html)"
176.65.132.19 - - [26/Feb/2026:20:31:03 +0530] "GET /wp-admin/index.php HTTP/1.1" 503 18943 "https://SINAXIS.IN/wp-login.php" "Mozilla/5.0 (Macintosh; Intel Mac OS X 13_6_1) AppleWebKit/537.36 (KHTML, like Gecko) Chrome/121.0.0.0 Safari/537.36"
164.52.204.12 - - [26/Feb/2026:20:31:05 +0530] "POST /wp-cron.php?doing_wp_cron=1772118065.0184979438781738281250 HTTP/1.1" 200 - "-" "WordPress/6.9.1; https://sinaxis.in"
164.52.204.12 - - [26/Feb/2026:20:31:03 +0530] "POST /?wordfence_syncAttackData=1772118063.9503 HTTP/1.1" 200 - "-" "WordPress/6.9.1; https://sinaxis.in"
114.119.132.159 - - [26/Feb/2026:20:31:07 +0530] "GET /projects/frequency-multiplier-module/ HTTP/1.1" 200 36568 "https://sinaxis.in/projects/coupler/" "Mozilla/5.0 (Linux; Android 7.0;) AppleWebKit/537.36 (KHTML, like Gecko) Mobile Safari/537.36 (compatible; PetalBot;+https://webmaster.petalsearch.com/site/petalbot)"
176.65.132.19 - - [26/Feb/2026:20:31:06 +0530] "GET /wp-admin/profile.php HTTP/1.1" 503 18943 "https://SINAXIS.IN/wp-login.php" "Mozilla/5.0 (Macintosh; Intel Mac OS X 13_6_1) AppleWebKit/537.36 (KHTML, like Gecko) Chrome/121.0.0.0 Safari/537.36"
176.65.132.19 - - [26/Feb/2026:20:31:08 +0530] "GET /wp-admin/edit.php HTTP/1.1" 503 18943 "https://SINAXIS.IN/wp-login.php" "Mozilla/5.0 (Macintosh; Intel Mac OS X 13_6_1) AppleWebKit/537.36 (KHTML, like Gecko) Chrome/121.0.0.0 Safari/537.36"
176.65.132.19 - - [26/Feb/2026:20:31:11 +0530] "GET /wp-admin/plugins.php HTTP/1.1" 503 18943 "https://SINAXIS.IN/wp-login.php" "Mozilla/5.0 (Macintosh; Intel Mac OS X 13_6_1) AppleWebKit/537.36 (KHTML, like Gecko) Chrome/121.0.0.0 Safari/537.36"
176.65.132.19 - - [26/Feb/2026:20:31:13 +0530] "POST /wp-login.php HTTP/1.1" 503 18030 "https://SINAXIS.IN/wp-login.php" "Mozilla/5.0 (Macintosh; Intel Mac OS X 10_15_7) AppleWebKit/605.1.15 (KHTML, like Gecko) Version/17.1 Safari/605.1.15"
164.52.204.12 - - [26/Feb/2026:20:31:16 +0530] "POST /?wordfence_syncAttackData=1772118076.526 HTTP/1.1" 200 - "-" "WordPress/6.9.1; https://sinaxis.in"
176.65.132.19 - - [26/Feb/2026:20:31:15 +0530] "GET /wp-admin/index.php HTTP/1.1" 503 18943 "https://SINAXIS.IN/wp-login.php" "Mozilla/5.0 (X11; Ubuntu; Linux x86_64) AppleWebKit/537.36 (KHTML, like Gecko) Chrome/119.0.0.0 Safari/537.36"
176.65.132.19 - - [26/Feb/2026:20:31:19 +0530] "GET /wp-admin/profile.php HTTP/1.1" 503 18943 "https://SINAXIS.IN/wp-login.php" "Mozilla/5.0 (X11; Ubuntu; Linux x86_64) AppleWebKit/537.36 (KHTML, like Gecko) Chrome/119.0.0.0 Safari/537.36"
176.65.132.19 - - [26/Feb/2026:20:31:21 +0530] "GET /wp-admin/edit.php HTTP/1.1" 503 18943 "https://SINAXIS.IN/wp-login.php" "Mozilla/5.0 (X11; Ubuntu; Linux x86_64) AppleWebKit/537.36 (KHTML, like Gecko) Chrome/119.0.0.0 Safari/537.36"
176.65.132.19 - - [26/Feb/2026:20:31:23 +0530] "GET /wp-admin/plugins.php HTTP/1.1" 503 18943 "https://SINAXIS.IN/wp-login.php" "Mozilla/5.0 (X11; Ubuntu; Linux x86_64) AppleWebKit/537.36 (KHTML, like Gecko) Chrome/119.0.0.0 Safari/537.36"
176.65.132.19 - - [26/Feb/2026:20:31:25 +0530] "POST /wp-login.php HTTP/1.1" 503 18030 "https://SINAXIS.IN/wp-login.php" "Mozilla/5.0 (Macintosh; Intel Mac OS X 13_6_1) AppleWebKit/605.1.15 (KHTML, like Gecko) Version/17.0 Safari/605.1.15"
217.113.196.47 - - [26/Feb/2026:20:31:28 +0530] "GET /neuros_project_category/pe/ HTTP/1.1" 200 36039 "-" "Mozilla/5.0 (compatible; IbouBot/1.0; +bot@ibou.io; +https://ibou.io/iboubot.html)"
176.65.132.19 - - [26/Feb/2026:20:31:26 +0530] "GET /wp-admin/index.php HTTP/1.1" 503 18943 "https://SINAXIS.IN/wp-login.php" "Mozilla/5.0 (Windows NT 11.0; Win64; x64) AppleWebKit/537.36 (KHTML, like Gecko) Chrome/119.0.0.0 Safari/537.36"
164.52.204.12 - - [26/Feb/2026:20:31:28 +0530] "POST /wp-cron.php?doing_wp_cron=1772118088.5135810375213623046875 HTTP/1.1" 200 - "-" "WordPress/6.9.1; https://sinaxis.in"
164.52.204.12 - - [26/Feb/2026:20:31:27 +0530] "POST /?wordfence_syncAttackData=1772118087.533 HTTP/1.1" 200 - "-" "WordPress/6.9.1; https://sinaxis.in"
176.65.132.19 - - [26/Feb/2026:20:31:29 +0530] "GET /wp-admin/profile.php HTTP/1.1" 503 18943 "https://SINAXIS.IN/wp-login.php" "Mozilla/5.0 (Windows NT 11.0; Win64; x64) AppleWebKit/537.36 (KHTML, like Gecko) Chrome/119.0.0.0 Safari/537.36"
176.65.132.19 - - [26/Feb/2026:20:31:31 +0530] "GET /wp-admin/edit.php HTTP/1.1" 503 18943 "https://SINAXIS.IN/wp-login.php" "Mozilla/5.0 (Windows NT 11.0; Win64; x64) AppleWebKit/537.36 (KHTML, like Gecko) Chrome/119.0.0.0 Safari/537.36"
176.65.132.19 - - [26/Feb/2026:20:31:32 +0530] "GET /wp-admin/plugins.php HTTP/1.1" 503 18943 "https://SINAXIS.IN/wp-login.php" "Mozilla/5.0 (Windows NT 11.0; Win64; x64) AppleWebKit/537.36 (KHTML, like Gecko) Chrome/119.0.0.0 Safari/537.36"
176.65.132.19 - - [26/Feb/2026:20:31:35 +0530] "POST /wp-login.php HTTP/1.1" 503 18030 "https://SINAXIS.IN/wp-login.php" "Mozilla/5.0 (X11; Ubuntu; Linux x86_64) AppleWebKit/537.36 (KHTML, like Gecko) Chrome/120.0.0.0 Safari/537.36"
164.52.204.12 - - [26/Feb/2026:20:31:38 +0530] "POST /wp-cron.php?doing_wp_cron=1772118098.3210380077362060546875 HTTP/1.1" 200 - "-" "WordPress/6.9.1; https://sinaxis.in"
164.52.204.12 - - [26/Feb/2026:20:31:37 +0530] "POST /?wordfence_syncAttackData=1772118097.4664 HTTP/1.1" 200 - "-" "WordPress/6.9.1; https://sinaxis.in"
176.65.132.19 - - [26/Feb/2026:20:31:36 +0530] "GET /wp-admin/index.php HTTP/1.1" 503 18943 "https://SINAXIS.IN/wp-login.php" "Mozilla/5.0 (Windows NT 10.0; Win64; x64) AppleWebKit/537.36 (KHTML, like Gecko) Chrome/120.0.0.0 Safari/537.36"
176.65.132.19 - - [26/Feb/2026:20:31:40 +0530] "GET /wp-admin/profile.php HTTP/1.1" 503 18943 "https://SINAXIS.IN/wp-login.php" "Mozilla/5.0 (Windows NT 10.0; Win64; x64) AppleWebKit/537.36 (KHTML, like Gecko) Chrome/120.0.0.0 Safari/537.36"
103.242.157.19 - - [26/Feb/2026:20:31:42 +0530] "GET /wp-includes/css/dashicons.min.css?ver=6.9.1 HTTP/1.1" 200 59004 "https://sinaxis.in/" "Mozilla/5.0 (Linux; Android 10; K) AppleWebKit/537.36 (KHTML, like Gecko) Chrome/145.0.0.0 Mobile Safari/537.36"
103.242.157.19 - - [26/Feb/2026:20:31:42 +0530] "GET /wp-content/uploads/maxmegamenu/style.css?ver=d890cc HTTP/1.1" 200 77975 "https://sinaxis.in/" "Mozilla/5.0 (Linux; Android 10; K) AppleWebKit/537.36 (KHTML, like Gecko) Chrome/145.0.0.0 Mobile Safari/537.36"
103.242.157.19 - - [26/Feb/2026:20:31:42 +0530] "GET /wp-content/themes/neuros/style.css?ver=2.1 HTTP/1.1" 200 723 "https://sinaxis.in/" "Mozilla/5.0 (Linux; Android 10; K) AppleWebKit/537.36 (KHTML, like Gecko) Chrome/145.0.0.0 Mobile Safari/537.36"
103.242.157.19 - - [26/Feb/2026:20:31:42 +0530] "GET /wp-content/plugins/elementor/assets/lib/eicons/css/elementor-icons.min.css?ver=5.43.0 HTTP/1.1" 200 21218 "https://sinaxis.in/" "Mozilla/5.0 (Linux; Android 10; K) AppleWebKit/537.36 (KHTML, like Gecko) Chrome/145.0.0.0 Mobile Safari/537.36"
103.242.157.19 - - [26/Feb/2026:20:31:42 +0530] "GET /wp-content/plugins/elementor/assets/css/widget-image.min.css?ver=3.30.3 HTTP/1.1" 200 254 "https://sinaxis.in/" "Mozilla/5.0 (Linux; Android 10; K) AppleWebKit/537.36 (KHTML, like Gecko) Chrome/145.0.0.0 Mobile Safari/537.36"
103.242.157.19 - - [26/Feb/2026:20:31:42 +0530] "GET /wp-includes/js/mediaelement/mediaelementplayer-legacy.min.css?ver=4.2.17 HTTP/1.1" 200 11256 "https://sinaxis.in/" "Mozilla/5.0 (Linux; Android 10; K) AppleWebKit/537.36 (KHTML, like Gecko) Chrome/145.0.0.0 Mobile Safari/537.36"
103.242.157.19 - - [26/Feb/2026:20:31:42 +0530] "GET /wp-includes/js/mediaelement/wp-mediaelement.min.css?ver=6.9.1 HTTP/1.1" 200 4186 "https://sinaxis.in/" "Mozilla/5.0 (Linux; Android 10; K) AppleWebKit/537.36 (KHTML, like Gecko) Chrome/145.0.0.0 Mobile Safari/537.36"
103.242.157.19 - - [26/Feb/2026:20:31:42 +0530] "GET /wp-content/plugins/elementor/assets/css/widget-counter.min.css?ver=3.30.3 HTTP/1.1" 200 793 "https://sinaxis.in/" "Mozilla/5.0 (Linux; Android 10; K) AppleWebKit/537.36 (KHTML, like Gecko) Chrome/145.0.0.0 Mobile Safari/537.36"
103.242.157.19 - - [26/Feb/2026:20:31:42 +0530] "GET /wp-content/uploads/elementor/css/post-22921.css?ver=1770154126 HTTP/1.1" 200 53780 "https://sinaxis.in/" "Mozilla/5.0 (Linux; Android 10; K) AppleWebKit/537.36 (KHTML, like Gecko) Chrome/145.0.0.0 Mobile Safari/537.36"
103.242.157.19 - - [26/Feb/2026:20:31:42 +0530] "GET /wp-content/plugins/elementor/assets/lib/font-awesome/css/fontawesome.min.css?ver=5.15.3 HTTP/1.1" 200 58071 "https://sinaxis.in/" "Mozilla/5.0 (Linux; Android 10; K) AppleWebKit/537.36 (KHTML, like Gecko) Chrome/145.0.0.0 Mobile Safari/537.36"
103.242.157.19 - - [26/Feb/2026:20:31:42 +0530] "GET /wp-content/uploads/elementor/google-fonts/css/manrope.css?ver=1744741688 HTTP/1.1" 200 16604 "https://sinaxis.in/" "Mozilla/5.0 (Linux; Android 10; K) AppleWebKit/537.36 (KHTML, like Gecko) Chrome/145.0.0.0 Mobile Safari/537.36"
103.242.157.19 - - [26/Feb/2026:20:31:42 +0530] "GET /wp-content/uploads/elementor/css/custom-frontend.min.css?ver=1770152499 HTTP/1.1" 200 53618 "https://sinaxis.in/" "Mozilla/5.0 (Linux; Android 10; K) AppleWebKit/537.36 (KHTML, like Gecko) Chrome/145.0.0.0 Mobile Safari/537.36"
103.242.157.19 - - [26/Feb/2026:20:31:43 +0530] "GET /wp-content/plugins/elementor/assets/lib/font-awesome/css/solid.min.css?ver=5.15.3 HTTP/1.1" 200 669 "https://sinaxis.in/" "Mozilla/5.0 (Linux; Android 10; K) AppleWebKit/537.36 (KHTML, like Gecko) Chrome/145.0.0.0 Mobile Safari/537.36"
176.65.132.19 - - [26/Feb/2026:20:31:42 +0530] "GET /wp-admin/edit.php HTTP/1.1" 503 18943 "https://SINAXIS.IN/wp-login.php" "Mozilla/5.0 (Windows NT 10.0; Win64; x64) AppleWebKit/537.36 (KHTML, like Gecko) Chrome/120.0.0.0 Safari/537.36"
103.242.157.19 - - [26/Feb/2026:20:31:43 +0530] "GET /wp-content/themes/neuros/css/fontello-enqueue.css?ver=1.0.0 HTTP/1.1" 200 417 "https://sinaxis.in/" "Mozilla/5.0 (Linux; Android 10; K) AppleWebKit/537.36 (KHTML, like Gecko) Chrome/145.0.0.0 Mobile Safari/537.36"
103.242.157.19 - - [26/Feb/2026:20:31:43 +0530] "GET /wp-content/themes/neuros/css/fontello.css?ver=1.0.0 HTTP/1.1" 200 4069 "https://sinaxis.in/" "Mozilla/5.0 (Linux; Android 10; K) AppleWebKit/537.36 (KHTML, like Gecko) Chrome/145.0.0.0 Mobile Safari/537.36"
103.242.157.19 - - [26/Feb/2026:20:31:43 +0530] "GET /wp-content/plugins/elementor/assets/lib/font-awesome/css/brands.min.css?ver=5.15.3 HTTP/1.1" 200 675 "https://sinaxis.in/" "Mozilla/5.0 (Linux; Android 10; K) AppleWebKit/537.36 (KHTML, like Gecko) Chrome/145.0.0.0 Mobile Safari/537.36"
103.242.157.19 - - [26/Feb/2026:20:31:43 +0530] "GET /wp-includes/js/jquery/jquery.min.js?ver=3.7.1 HTTP/1.1" 200 87553 "https://sinaxis.in/" "Mozilla/5.0 (Linux; Android 10; K) AppleWebKit/537.36 (KHTML, like Gecko) Chrome/145.0.0.0 Mobile Safari/537.36"
103.242.157.19 - - [26/Feb/2026:20:31:43 +0530] "GET /wp-includes/js/jquery/jquery-migrate.min.js?ver=3.4.1 HTTP/1.1" 200 13577 "https://sinaxis.in/" "Mozilla/5.0 (Linux; Android 10; K) AppleWebKit/537.36 (KHTML, like Gecko) Chrome/145.0.0.0 Mobile Safari/537.36"
103.242.157.19 - - [26/Feb/2026:20:31:43 +0530] "GET /wp-content/plugins/neuros-plugin/js/elementor-scripts.js?ver=6.9.1 HTTP/1.1" 200 13213 "https://sinaxis.in/" "Mozilla/5.0 (Linux; Android 10; K) AppleWebKit/537.36 (KHTML, like Gecko) Chrome/145.0.0.0 Mobile Safari/537.36"
103.242.157.19 - - [26/Feb/2026:20:31:43 +0530] "GET /wp-content/themes/neuros/js/owl.carousel.min.js?ver=6.9.1 HTTP/1.1" 200 44342 "https://sinaxis.in/" "Mozilla/5.0 (Linux; Android 10; K) AppleWebKit/537.36 (KHTML, like Gecko) Chrome/145.0.0.0 Mobile Safari/537.36"
103.242.157.19 - - [26/Feb/2026:20:31:43 +0530] "GET /wp-content/plugins/neuros-plugin/js/lib/isotope.pkgd.min.js?ver=6.9.1 HTTP/1.1" 200 35445 "https://sinaxis.in/" "Mozilla/5.0 (Linux; Android 10; K) AppleWebKit/537.36 (KHTML, like Gecko) Chrome/145.0.0.0 Mobile Safari/537.36"
103.242.157.19 - - [26/Feb/2026:20:31:42 +0530] "GET /wp-content/themes/neuros/css/theme.css?ver=2.1 HTTP/1.1" 200 714091 "https://sinaxis.in/" "Mozilla/5.0 (Linux; Android 10; K) AppleWebKit/537.36 (KHTML, like Gecko) Chrome/145.0.0.0 Mobile Safari/537.36"
103.242.157.19 - - [26/Feb/2026:20:31:43 +0530] "GET /wp-content/themes/neuros/js/theme.js?ver=6.9.1 HTTP/1.1" 200 26229 "https://sinaxis.in/" "Mozilla/5.0 (Linux; Android 10; K) AppleWebKit/537.36 (KHTML, like Gecko) Chrome/145.0.0.0 Mobile Safari/537.36"
103.242.157.19 - - [26/Feb/2026:20:31:43 +0530] "GET /wp-content/plugins/neuros-plugin/js/elementor-widgets.js?ver=6.9.1 HTTP/1.1" 200 17333 "https://sinaxis.in/" "Mozilla/5.0 (Linux; Android 10; K) AppleWebKit/537.36 (KHTML, like Gecko) Chrome/145.0.0.0 Mobile Safari/537.36"
103.242.157.19 - - [26/Feb/2026:20:31:43 +0530] "GET /wp-content/uploads/2025/02/Sinaxis-logo.png HTTP/1.1" 200 73274 "https://sinaxis.in/" "Mozilla/5.0 (Linux; Android 10; K) AppleWebKit/537.36 (KHTML, like Gecko) Chrome/145.0.0.0 Mobile Safari/537.36"
103.242.157.19 - - [26/Feb/2026:20:31:43 +0530] "GET /wp-content/themes/neuros/js/jquery.cookie.min.js?ver=6.9.1 HTTP/1.1" 200 1424 "https://sinaxis.in/" "Mozilla/5.0 (Linux; Android 10; K) AppleWebKit/537.36 (KHTML, like Gecko) Chrome/145.0.0.0 Mobile Safari/537.36"
103.242.157.19 - - [26/Feb/2026:20:31:43 +0530] "GET /wp-content/plugins/elementor/assets/js/webpack.runtime.min.js?ver=3.30.3 HTTP/1.1" 200 5700 "https://sinaxis.in/" "Mozilla/5.0 (Linux; Android 10; K) AppleWebKit/537.36 (KHTML, like Gecko) Chrome/145.0.0.0 Mobile Safari/537.36"
103.242.157.19 - - [26/Feb/2026:20:31:43 +0530] "GET /wp-content/plugins/elementor/assets/js/frontend-modules.min.js?ver=3.30.3 HTTP/1.1" 200 48393 "https://sinaxis.in/" "Mozilla/5.0 (Linux; Android 10; K) AppleWebKit/537.36 (KHTML, like Gecko) Chrome/145.0.0.0 Mobile Safari/537.36"
103.242.157.19 - - [26/Feb/2026:20:31:43 +0530] "GET /wp-includes/js/jquery/ui/core.min.js?ver=1.13.3 HTTP/1.1" 200 21464 "https://sinaxis.in/" "Mozilla/5.0 (Linux; Android 10; K) AppleWebKit/537.36 (KHTML, like Gecko) Chrome/145.0.0.0 Mobile Safari/537.36"
103.242.157.19 - - [26/Feb/2026:20:31:43 +0530] "GET /wp-content/plugins/elementor/assets/js/frontend.min.js?ver=3.30.3 HTTP/1.1" 200 32876 "https://sinaxis.in/" "Mozilla/5.0 (Linux; Android 10; K) AppleWebKit/537.36 (KHTML, like Gecko) Chrome/145.0.0.0 Mobile Safari/537.36"
103.242.157.19 - - [26/Feb/2026:20:31:43 +0530] "GET /wp-includes/js/mediaelement/mediaelement-migrate.min.js?ver=6.9.1 HTTP/1.1" 200 1191 "https://sinaxis.in/" "Mozilla/5.0 (Linux; Android 10; K) AppleWebKit/537.36 (KHTML, like Gecko) Chrome/145.0.0.0 Mobile Safari/537.36"
103.242.157.19 - - [26/Feb/2026:20:31:43 +0530] "GET /wp-includes/js/mediaelement/wp-mediaelement.min.js?ver=6.9.1 HTTP/1.1" 200 1107 "https://sinaxis.in/" "Mozilla/5.0 (Linux; Android 10; K) AppleWebKit/537.36 (KHTML, like Gecko) Chrome/145.0.0.0 Mobile Safari/537.36"
103.242.157.19 - - [26/Feb/2026:20:31:43 +0530] "GET /wp-content/plugins/elementor/assets/lib/jquery-numerator/jquery-numerator.min.js?ver=0.2.1 HTTP/1.1" 200 1801 "https://sinaxis.in/" "Mozilla/5.0 (Linux; Android 10; K) AppleWebKit/537.36 (KHTML, like Gecko) Chrome/145.0.0.0 Mobile Safari/537.36"
103.242.157.19 - - [26/Feb/2026:20:31:43 +0530] "GET /wp-content/plugins/megamenu/js/maxmegamenu.js?ver=3.6.2 HTTP/1.1" 200 38593 "https://sinaxis.in/" "Mozilla/5.0 (Linux; Android 10; K) AppleWebKit/537.36 (KHTML, like Gecko) Chrome/145.0.0.0 Mobile Safari/537.36"
103.242.157.19 - - [26/Feb/2026:20:31:43 +0530] "GET /wp-includes/js/hoverIntent.min.js?ver=1.10.2 HTTP/1.1" 200 1499 "https://sinaxis.in/" "Mozilla/5.0 (Linux; Android 10; K) AppleWebKit/537.36 (KHTML, like Gecko) Chrome/145.0.0.0 Mobile Safari/537.36"
103.242.157.19 - - [26/Feb/2026:20:31:43 +0530] "GET /wp-content/plugins/neuros-plugin/js/lib/aat.min.js?ver=6.9.1 HTTP/1.1" 200 4835 "https://sinaxis.in/" "Mozilla/5.0 (Linux; Android 10; K) AppleWebKit/537.36 (KHTML, like Gecko) Chrome/145.0.0.0 Mobile Safari/537.36"
103.242.157.19 - - [26/Feb/2026:20:31:43 +0530] "GET /wp-content/uploads/2025/02/favicon.png HTTP/1.1" 200 12319 "https://sinaxis.in/" "Mozilla/5.0 (Linux; Android 10; K) AppleWebKit/537.36 (KHTML, like Gecko) Chrome/145.0.0.0 Mobile Safari/537.36"
103.242.157.19 - - [26/Feb/2026:20:31:43 +0530] "GET /wp-includes/js/mediaelement/mediaelement-and-player.min.js?ver=4.2.17 HTTP/1.1" 200 158005 "https://sinaxis.in/" "Mozilla/5.0 (Linux; Android 10; K) AppleWebKit/537.36 (KHTML, like Gecko) Chrome/145.0.0.0 Mobile Safari/537.36"
103.242.157.19 - - [26/Feb/2026:20:31:43 +0530] "GET /wp-content/themes/neuros/img/sidepanel-bg.png HTTP/1.1" 200 48054 "https://sinaxis.in/wp-content/themes/neuros/css/theme.css?ver=2.1" "Mozilla/5.0 (Linux; Android 10; K) AppleWebKit/537.36 (KHTML, like Gecko) Chrome/145.0.0.0 Mobile Safari/537.36"
103.242.157.19 - - [26/Feb/2026:20:31:44 +0530] "GET /wp-content/themes/neuros/fonts/fontello.woff2 HTTP/1.1" 200 17600 "https://sinaxis.in/wp-content/themes/neuros/css/fontello-enqueue.css?ver=1.0.0" "Mozilla/5.0 (Linux; Android 10; K) AppleWebKit/537.36 (KHTML, like Gecko) Chrome/145.0.0.0 Mobile Safari/537.36"
103.242.157.19 - - [26/Feb/2026:20:31:44 +0530] "GET /wp-content/plugins/elementor/assets/lib/font-awesome/webfonts/fa-solid-900.woff2 HTTP/1.1" 200 78196 "https://sinaxis.in/wp-content/plugins/elementor/assets/lib/font-awesome/css/solid.min.css?ver=5.15.3" "Mozilla/5.0 (Linux; Android 10; K) AppleWebKit/537.36 (KHTML, like Gecko) Chrome/145.0.0.0 Mobile Safari/537.36"
103.242.157.19 - - [26/Feb/2026:20:31:44 +0530] "GET /wp-content/themes/neuros/fonts/Manrope-Bold.ttf HTTP/1.1" 200 143504 "https://sinaxis.in/" "Mozilla/5.0 (Linux; Android 10; K) AppleWebKit/537.36 (KHTML, like Gecko) Chrome/145.0.0.0 Mobile Safari/537.36"
103.242.157.19 - - [26/Feb/2026:20:31:44 +0530] "GET /wp-content/plugins/elementor/assets/lib/font-awesome/webfonts/fa-brands-400.woff2 HTTP/1.1" 200 81612 "https://sinaxis.in/wp-content/plugins/elementor/assets/lib/font-awesome/css/brands.min.css?ver=5.15.3" "Mozilla/5.0 (Linux; Android 10; K) AppleWebKit/537.36 (KHTML, like Gecko) Chrome/145.0.0.0 Mobile Safari/537.36"
103.242.157.19 - - [26/Feb/2026:20:31:44 +0530] "GET /wp-content/uploads/2024/02/service-video-poster.jpg HTTP/1.1" 200 101765 "https://sinaxis.in/wp-content/uploads/elementor/css/post-22921.css?ver=1770154126" "Mozilla/5.0 (Linux; Android 10; K) AppleWebKit/537.36 (KHTML, like Gecko) Chrome/145.0.0.0 Mobile Safari/537.36"
103.242.157.19 - - [26/Feb/2026:20:31:44 +0530] "GET /wp-content/plugins/elementor/assets/js/section-frontend-handlers.d85ab872da118940910d.bundle.min.js HTTP/1.1" 200 489 "https://sinaxis.in/" "Mozilla/5.0 (Linux; Android 10; K) AppleWebKit/537.36 (KHTML, like Gecko) Chrome/145.0.0.0 Mobile Safari/537.36"
103.242.157.19 - - [26/Feb/2026:20:31:44 +0530] "GET /wp-content/plugins/elementor/assets/js/shared-frontend-handlers.30dc2f9c080845a413a6.bundle.min.js HTTP/1.1" 200 8541 "https://sinaxis.in/" "Mozilla/5.0 (Linux; Android 10; K) AppleWebKit/537.36 (KHTML, like Gecko) Chrome/145.0.0.0 Mobile Safari/537.36"
103.242.157.19 - - [26/Feb/2026:20:31:44 +0530] "GET /wp-content/plugins/elementor/assets/js/text-editor.c084ef86600b6f11690d.bundle.min.js HTTP/1.1" 200 1394 "https://sinaxis.in/" "Mozilla/5.0 (Linux; Android 10; K) AppleWebKit/537.36 (KHTML, like Gecko) Chrome/145.0.0.0 Mobile Safari/537.36"
103.242.157.19 - - [26/Feb/2026:20:31:44 +0530] "GET /wp-content/uploads/2024/08/human-brain-2-min.png HTTP/1.1" 200 291512 "https://sinaxis.in/wp-content/uploads/elementor/css/post-22921.css?ver=1770154126" "Mozilla/5.0 (Linux; Android 10; K) AppleWebKit/537.36 (KHTML, like Gecko) Chrome/145.0.0.0 Mobile Safari/537.36"
103.242.157.19 - - [26/Feb/2026:20:31:44 +0530] "GET /wp-content/plugins/elementor/assets/js/counter.12335f45aaa79d244f24.bundle.min.js HTTP/1.1" 200 946 "https://sinaxis.in/" "Mozilla/5.0 (Linux; Android 10; K) AppleWebKit/537.36 (KHTML, like Gecko) Chrome/145.0.0.0 Mobile Safari/537.36"
103.242.157.19 - - [26/Feb/2026:20:31:44 +0530] "GET /wp-includes/js/wp-emoji-release.min.js?ver=6.9.1 HTTP/1.1" 200 22762 "https://sinaxis.in/" "Mozilla/5.0 (Linux; Android 10; K) AppleWebKit/537.36 (KHTML, like Gecko) Chrome/145.0.0.0 Mobile Safari/537.36"
103.242.157.19 - - [26/Feb/2026:20:31:44 +0530] "GET /wp-content/uploads/2025/02/inside-sinaxis-scaled.jpg HTTP/1.1" 200 725988 "https://sinaxis.in/wp-content/uploads/elementor/css/post-22921.css?ver=1770154126" "Mozilla/5.0 (Linux; Android 10; K) AppleWebKit/537.36 (KHTML, like Gecko) Chrome/145.0.0.0 Mobile Safari/537.36"
176.65.132.19 - - [26/Feb/2026:20:31:44 +0530] "GET /wp-admin/plugins.php HTTP/1.1" 503 18943 "https://SINAXIS.IN/wp-login.php" "Mozilla/5.0 (Windows NT 10.0; Win64; x64) AppleWebKit/537.36 (KHTML, like Gecko) Chrome/120.0.0.0 Safari/537.36"
103.242.157.19 - - [26/Feb/2026:20:31:43 +0530] "GET /wp-content/uploads/2025/02/2-2.png HTTP/1.1" 200 1921765 "https://sinaxis.in/" "Mozilla/5.0 (Linux; Android 10; K) AppleWebKit/537.36 (KHTML, like Gecko) Chrome/145.0.0.0 Mobile Safari/537.36"
103.242.157.19 - - [26/Feb/2026:20:31:46 +0530] "GET /wp-content/uploads/2025/02/cropped-favicon-192x192.png HTTP/1.1" 200 45096 "https://sinaxis.in/" "Mozilla/5.0 (Linux; Android 10; K) AppleWebKit/537.36 (KHTML, like Gecko) Chrome/145.0.0.0 Mobile Safari/537.36"
103.242.157.19 - - [26/Feb/2026:20:31:46 +0530] "GET /wp-content/uploads/2025/02/cropped-favicon-180x180.png HTTP/1.1" 200 40962 "https://sinaxis.in/" "Mozilla/5.0 (Linux; Android 10; K) AppleWebKit/537.36 (KHTML, like Gecko) Chrome/145.0.0.0 Mobile Safari/537.36"
176.65.132.19 - - [26/Feb/2026:20:31:47 +0530] "POST /wp-login.php HTTP/1.1" 503 18030 "https://SINAXIS.IN/wp-login.php" "Mozilla/5.0 (X11; Linux x86_64) AppleWebKit/537.36 (KHTML, like Gecko) Chrome/121.0.0.0 Safari/537.36"
103.242.157.19 - - [26/Feb/2026:20:31:47 +0530] "GET /wp-content/uploads/2025/02/how-it-works-scaled.jpg HTTP/1.1" 200 626882 "https://sinaxis.in/" "Mozilla/5.0 (Linux; Android 10; K) AppleWebKit/537.36 (KHTML, like Gecko) Chrome/145.0.0.0 Mobile Safari/537.36"
103.242.157.19 - - [26/Feb/2026:20:31:48 +0530] "GET /wp-content/uploads/2025/03/DRDO.png HTTP/1.1" 200 37593 "https://sinaxis.in/" "Mozilla/5.0 (Linux; Android 10; K) AppleWebKit/537.36 (KHTML, like Gecko) Chrome/145.0.0.0 Mobile Safari/537.36"
103.242.157.19 - - [26/Feb/2026:20:31:48 +0530] "GET /wp-content/uploads/2025/03/Mazgon.png HTTP/1.1" 200 28142 "https://sinaxis.in/" "Mozilla/5.0 (Linux; Android 10; K) AppleWebKit/537.36 (KHTML, like Gecko) Chrome/145.0.0.0 Mobile Safari/537.36"
103.242.157.19 - - [26/Feb/2026:20:31:48 +0530] "GET /wp-content/uploads/2025/03/Bel-1.png HTTP/1.1" 200 6774 "https://sinaxis.in/" "Mozilla/5.0 (Linux; Android 10; K) AppleWebKit/537.36 (KHTML, like Gecko) Chrome/145.0.0.0 Mobile Safari/537.36"
103.242.157.19 - - [26/Feb/2026:20:31:48 +0530] "GET /wp-content/uploads/2025/03/Navy.png HTTP/1.1" 200 16173 "https://sinaxis.in/" "Mozilla/5.0 (Linux; Android 10; K) AppleWebKit/537.36 (KHTML, like Gecko) Chrome/145.0.0.0 Mobile Safari/537.36"
103.242.157.19 - - [26/Feb/2026:20:31:49 +0530] "GET /wp-content/uploads/2025/02/RF-1-640x478.png HTTP/1.1" 200 290336 "https://sinaxis.in/" "Mozilla/5.0 (Linux; Android 10; K) AppleWebKit/537.36 (KHTML, like Gecko) Chrome/145.0.0.0 Mobile Safari/537.36"
176.65.132.19 - - [26/Feb/2026:20:31:49 +0530] "GET /wp-admin/index.php HTTP/1.1" 503 18943 "https://SINAXIS.IN/wp-login.php" "Mozilla/5.0 (Macintosh; Intel Mac OS X 13_6_1) AppleWebKit/605.1.15 (KHTML, like Gecko) Version/16.6 Safari/605.1.15"
164.52.204.12 - - [26/Feb/2026:20:31:51 +0530] "POST /wp-cron.php?doing_wp_cron=1772118111.1491498947143554687500 HTTP/1.1" 200 - "-" "WordPress/6.9.1; https://sinaxis.in"
164.52.204.12 - - [26/Feb/2026:20:31:50 +0530] "POST /?wordfence_syncAttackData=1772118110.1713 HTTP/1.1" 200 - "-" "WordPress/6.9.1; https://sinaxis.in"
176.65.132.19 - - [26/Feb/2026:20:31:52 +0530] "GET /wp-admin/profile.php HTTP/1.1" 503 18943 "https://SINAXIS.IN/wp-login.php" "Mozilla/5.0 (Macintosh; Intel Mac OS X 13_6_1) AppleWebKit/605.1.15 (KHTML, like Gecko) Version/16.6 Safari/605.1.15"
217.113.196.53 - - [26/Feb/2026:20:31:54 +0530] "GET /projects/low-voltage-power-supply-2/ HTTP/1.1" 200 35592 "-" "Mozilla/5.0 (compatible; IbouBot/1.0; +bot@ibou.io; +https://ibou.io/iboubot.html)"
176.65.132.19 - - [26/Feb/2026:20:31:56 +0530] "GET /wp-admin/edit.php HTTP/1.1" 503 18943 "https://SINAXIS.IN/wp-login.php" "Mozilla/5.0 (Macintosh; Intel Mac OS X 13_6_1) AppleWebKit/605.1.15 (KHTML, like Gecko) Version/16.6 Safari/605.1.15"
176.65.132.19 - - [26/Feb/2026:20:31:58 +0530] "GET /wp-admin/plugins.php HTTP/1.1" 503 18943 "https://SINAXIS.IN/wp-login.php" "Mozilla/5.0 (Macintosh; Intel Mac OS X 13_6_1) AppleWebKit/605.1.15 (KHTML, like Gecko) Version/16.6 Safari/605.1.15"
176.65.132.19 - - [26/Feb/2026:20:32:01 +0530] "POST /wp-login.php HTTP/1.1" 503 18030 "https://SINAXIS.IN/wp-login.php" "Mozilla/5.0 (Windows NT 11.0; Win64; x64) AppleWebKit/537.36 (KHTML, like Gecko) Chrome/121.0.0.0 Safari/537.36"
72.14.201.142 - - [26/Feb/2026:20:32:02 +0530] "GET / HTTP/1.1" 200 42420 "https://www.google.com/" "Mozilla/5.0 (Linux; Android 10; K) AppleWebKit/537.36 (KHTML, like Gecko) Chrome/145.0.0.0 Mobile Safari/537.36"
164.52.204.12 - - [26/Feb/2026:20:32:03 +0530] "POST /?wordfence_syncAttackData=1772118123.9833 HTTP/1.1" 200 - "-" "WordPress/6.9.1; https://sinaxis.in"
176.65.132.19 - - [26/Feb/2026:20:32:03 +0530] "GET /wp-admin/index.php HTTP/1.1" 503 18943 "https://SINAXIS.IN/wp-login.php" "Mozilla/5.0 (Macintosh; Intel Mac OS X 13_6_1) AppleWebKit/605.1.15 (KHTML, like Gecko) Version/16.6 Safari/605.1.15"
176.65.132.19 - - [26/Feb/2026:20:32:06 +0530] "GET /wp-admin/profile.php HTTP/1.1" 503 18943 "https://SINAXIS.IN/wp-login.php" "Mozilla/5.0 (Macintosh; Intel Mac OS X 13_6_1) AppleWebKit/605.1.15 (KHTML, like Gecko) Version/16.6 Safari/605.1.15"
176.65.132.19 - - [26/Feb/2026:20:32:08 +0530] "GET /wp-admin/edit.php HTTP/1.1" 503 18943 "https://SINAXIS.IN/wp-login.php" "Mozilla/5.0 (Macintosh; Intel Mac OS X 13_6_1) AppleWebKit/605.1.15 (KHTML, like Gecko) Version/16.6 Safari/605.1.15"
176.65.132.19 - - [26/Feb/2026:20:32:10 +0530] "GET /wp-admin/plugins.php HTTP/1.1" 503 18943 "https://SINAXIS.IN/wp-login.php" "Mozilla/5.0 (Macintosh; Intel Mac OS X 13_6_1) AppleWebKit/605.1.15 (KHTML, like Gecko) Version/16.6 Safari/605.1.15"
176.65.132.19 - - [26/Feb/2026:20:32:12 +0530] "POST /wp-login.php HTTP/1.1" 503 18030 "https://SINAXIS.IN/wp-login.php" "Mozilla/5.0 (Macintosh; Intel Mac OS X 13_6_1; rv:121.0) Gecko/20100101 Firefox/121.0"
164.52.204.12 - - [26/Feb/2026:20:32:14 +0530] "POST /?wordfence_syncAttackData=1772118134.7739 HTTP/1.1" 200 - "-" "WordPress/6.9.1; https://sinaxis.in"
176.65.132.19 - - [26/Feb/2026:20:32:14 +0530] "GET /wp-admin/index.php HTTP/1.1" 503 18943 "https://SINAXIS.IN/wp-login.php" "Mozilla/5.0 (Macintosh; Intel Mac OS X 13_6_1; rv:120.0) Gecko/20100101 Firefox/120.0"
176.65.132.19 - - [26/Feb/2026:20:32:16 +0530] "GET /wp-admin/profile.php HTTP/1.1" 503 18943 "https://SINAXIS.IN/wp-login.php" "Mozilla/5.0 (Macintosh; Intel Mac OS X 13_6_1; rv:120.0) Gecko/20100101 Firefox/120.0"
176.65.132.19 - - [26/Feb/2026:20:32:19 +0530] "GET /wp-admin/edit.php HTTP/1.1" 503 18943 "https://SINAXIS.IN/wp-login.php" "Mozilla/5.0 (Macintosh; Intel Mac OS X 13_6_1; rv:120.0) Gecko/20100101 Firefox/120.0"
217.113.196.43 - - [26/Feb/2026:20:32:20 +0530] "GET /projects/limiting_amplifier/ HTTP/1.1" 200 36596 "-" "Mozilla/5.0 (compatible; IbouBot/1.0; +bot@ibou.io; +https://ibou.io/iboubot.html)"
176.65.132.19 - - [26/Feb/2026:20:32:21 +0530] "GET /wp-admin/plugins.php HTTP/1.1" 503 18943 "https://SINAXIS.IN/wp-login.php" "Mozilla/5.0 (Macintosh; Intel Mac OS X 13_6_1; rv:120.0) Gecko/20100101 Firefox/120.0"
176.65.132.19 - - [26/Feb/2026:20:32:23 +0530] "POST /wp-login.php HTTP/1.1" 503 18030 "https://SINAXIS.IN/wp-login.php" "Mozilla/5.0 (Windows NT 11.0; Win64; x64; rv:121.0) Gecko/20100101 Firefox/121.0"
164.52.204.12 - - [26/Feb/2026:20:32:25 +0530] "POST /?wordfence_syncAttackData=1772118145.2202 HTTP/1.1" 200 - "-" "WordPress/6.9.1; https://sinaxis.in"
176.65.132.19 - - [26/Feb/2026:20:32:24 +0530] "GET /wp-admin/index.php HTTP/1.1" 503 18943 "https://SINAXIS.IN/wp-login.php" "Mozilla/5.0 (Macintosh; Intel Mac OS X 13_6_1) AppleWebKit/605.1.15 (KHTML, like Gecko) Version/17.0 Safari/605.1.15"
176.65.132.19 - - [26/Feb/2026:20:32:27 +0530] "GET /wp-admin/profile.php HTTP/1.1" 503 18943 "https://SINAXIS.IN/wp-login.php" "Mozilla/5.0 (Macintosh; Intel Mac OS X 13_6_1) AppleWebKit/605.1.15 (KHTML, like Gecko) Version/17.0 Safari/605.1.15"
176.65.132.19 - - [26/Feb/2026:20:32:30 +0530] "GET /wp-admin/edit.php HTTP/1.1" 503 18943 "https://SINAXIS.IN/wp-login.php" "Mozilla/5.0 (Macintosh; Intel Mac OS X 13_6_1) AppleWebKit/605.1.15 (KHTML, like Gecko) Version/17.0 Safari/605.1.15"
176.65.132.19 - - [26/Feb/2026:20:32:33 +0530] "GET /wp-admin/plugins.php HTTP/1.1" 503 18943 "https://SINAXIS.IN/wp-login.php" "Mozilla/5.0 (Macintosh; Intel Mac OS X 13_6_1) AppleWebKit/605.1.15 (KHTML, like Gecko) Version/17.0 Safari/605.1.15"
176.65.132.19 - - [26/Feb/2026:20:32:36 +0530] "POST /wp-login.php HTTP/1.1" 503 18030 "https://SINAXIS.IN/wp-login.php" "Mozilla/5.0 (Macintosh; Intel Mac OS X 10_15_7; rv:118.0) Gecko/20100101 Firefox/118.0"
164.52.204.12 - - [26/Feb/2026:20:32:39 +0530] "POST /wp-cron.php?doing_wp_cron=1772118159.0269548892974853515625 HTTP/1.1" 200 - "-" "WordPress/6.9.1; https://sinaxis.in"
164.52.204.12 - - [26/Feb/2026:20:32:38 +0530] "POST /?wordfence_syncAttackData=1772118158.2018 HTTP/1.1" 200 - "-" "WordPress/6.9.1; https://sinaxis.in"
176.65.132.19 - - [26/Feb/2026:20:32:37 +0530] "GET /wp-admin/index.php HTTP/1.1" 503 18943 "https://SINAXIS.IN/wp-login.php" "Mozilla/5.0 (Macintosh; Intel Mac OS X 10_15_7) AppleWebKit/605.1.15 (KHTML, like Gecko) Version/17.0 Safari/605.1.15"
176.65.132.19 - - [26/Feb/2026:20:32:39 +0530] "GET /wp-admin/profile.php HTTP/1.1" 503 18943 "https://SINAXIS.IN/wp-login.php" "Mozilla/5.0 (Macintosh; Intel Mac OS X 10_15_7) AppleWebKit/605.1.15 (KHTML, like Gecko) Version/17.0 Safari/605.1.15"
176.65.132.19 - - [26/Feb/2026:20:32:42 +0530] "GET /wp-admin/edit.php HTTP/1.1" 503 18943 "https://SINAXIS.IN/wp-login.php" "Mozilla/5.0 (Macintosh; Intel Mac OS X 10_15_7) AppleWebKit/605.1.15 (KHTML, like Gecko) Version/17.0 Safari/605.1.15"
176.65.132.19 - - [26/Feb/2026:20:32:45 +0530] "GET /wp-admin/plugins.php HTTP/1.1" 503 18943 "https://SINAXIS.IN/wp-login.php" "Mozilla/5.0 (Macintosh; Intel Mac OS X 10_15_7) AppleWebKit/605.1.15 (KHTML, like Gecko) Version/17.0 Safari/605.1.15"
217.113.196.2 - - [26/Feb/2026:20:32:48 +0530] "GET /projects/frequency-multiplier-module/ HTTP/1.1" 200 36568 "-" "Mozilla/5.0 (compatible; IbouBot/1.0; +bot@ibou.io; +https://ibou.io/iboubot.html)"
176.65.132.19 - - [26/Feb/2026:20:32:49 +0530] "POST /wp-login.php HTTP/1.1" 503 18030 "https://SINAXIS.IN/wp-login.php" "Mozilla/5.0 (X11; Ubuntu; Linux x86_64) AppleWebKit/537.36 (KHTML, like Gecko) Chrome/120.0.0.0 Safari/537.36"
164.52.204.12 - - [26/Feb/2026:20:32:51 +0530] "POST /?wordfence_syncAttackData=1772118171.8755 HTTP/1.1" 200 - "-" "WordPress/6.9.1; https://sinaxis.in"
176.65.132.19 - - [26/Feb/2026:20:32:51 +0530] "GET /wp-admin/index.php HTTP/1.1" 503 18943 "https://SINAXIS.IN/wp-login.php" "Mozilla/5.0 (Macintosh; Intel Mac OS X 10_15_7; rv:120.0) Gecko/20100101 Firefox/120.0"
176.65.132.19 - - [26/Feb/2026:20:32:54 +0530] "GET /wp-admin/profile.php HTTP/1.1" 503 18943 "https://SINAXIS.IN/wp-login.php" "Mozilla/5.0 (Macintosh; Intel Mac OS X 10_15_7; rv:120.0) Gecko/20100101 Firefox/120.0"
176.65.132.19 - - [26/Feb/2026:20:32:58 +0530] "GET /wp-admin/edit.php HTTP/1.1" 503 18943 "https://SINAXIS.IN/wp-login.php" "Mozilla/5.0 (Macintosh; Intel Mac OS X 10_15_7; rv:120.0) Gecko/20100101 Firefox/120.0"
176.65.132.19 - - [26/Feb/2026:20:33:00 +0530] "GET /wp-admin/plugins.php HTTP/1.1" 503 18943 "https://SINAXIS.IN/wp-login.php" "Mozilla/5.0 (Macintosh; Intel Mac OS X 10_15_7; rv:120.0) Gecko/20100101 Firefox/120.0"
176.65.132.19 - - [26/Feb/2026:20:33:04 +0530] "POST /wp-login.php HTTP/1.1" 503 18030 "https://SINAXIS.IN/wp-login.php" "Mozilla/5.0 (X11; Linux x86_64) AppleWebKit/537.36 (KHTML, like Gecko) Chrome/120.0.0.0 Safari/537.36"
164.52.204.12 - - [26/Feb/2026:20:33:06 +0530] "POST /?wordfence_syncAttackData=1772118186.9778 HTTP/1.1" 200 - "-" "WordPress/6.9.1; https://sinaxis.in"
176.65.132.19 - - [26/Feb/2026:20:33:06 +0530] "GET /wp-admin/index.php HTTP/1.1" 503 18943 "https://SINAXIS.IN/wp-login.php" "Mozilla/5.0 (X11; Linux x86_64) AppleWebKit/537.36 (KHTML, like Gecko) Chrome/119.0.0.0 Safari/537.36"
176.65.132.19 - - [26/Feb/2026:20:33:08 +0530] "GET /wp-admin/profile.php HTTP/1.1" 503 18943 "https://SINAXIS.IN/wp-login.php" "Mozilla/5.0 (X11; Linux x86_64) AppleWebKit/537.36 (KHTML, like Gecko) Chrome/119.0.0.0 Safari/537.36"
176.65.132.19 - - [26/Feb/2026:20:33:11 +0530] "GET /wp-admin/edit.php HTTP/1.1" 503 18943 "https://SINAXIS.IN/wp-login.php" "Mozilla/5.0 (X11; Linux x86_64) AppleWebKit/537.36 (KHTML, like Gecko) Chrome/119.0.0.0 Safari/537.36"
217.113.196.8 - - [26/Feb/2026:20:33:13 +0530] "GET /neuros_project_category/rf/page/2/ HTTP/1.1" 200 35789 "-" "Mozilla/5.0 (compatible; IbouBot/1.0; +bot@ibou.io; +https://ibou.io/iboubot.html)"
176.65.132.19 - - [26/Feb/2026:20:33:14 +0530] "GET /wp-admin/plugins.php HTTP/1.1" 503 18943 "https://SINAXIS.IN/wp-login.php" "Mozilla/5.0 (X11; Linux x86_64) AppleWebKit/537.36 (KHTML, like Gecko) Chrome/119.0.0.0 Safari/537.36"
176.65.132.19 - - [26/Feb/2026:20:33:17 +0530] "POST /wp-login.php HTTP/1.1" 503 18030 "https://SINAXIS.IN/wp-login.php" "Mozilla/5.0 (Macintosh; Intel Mac OS X 13_6_1; rv:120.0) Gecko/20100101 Firefox/120.0"
164.52.204.12 - - [26/Feb/2026:20:33:20 +0530] "POST /?wordfence_syncAttackData=1772118200.0761 HTTP/1.1" 200 - "-" "WordPress/6.9.1; https://sinaxis.in"
176.65.132.19 - - [26/Feb/2026:20:33:19 +0530] "GET /wp-admin/index.php HTTP/1.1" 503 18943 "https://SINAXIS.IN/wp-login.php" "Mozilla/5.0 (Macintosh; Intel Mac OS X 10_15_7) AppleWebKit/605.1.15 (KHTML, like Gecko) Version/16.6 Safari/605.1.15"
176.65.132.19 - - [26/Feb/2026:20:33:22 +0530] "GET /wp-admin/profile.php HTTP/1.1" 503 18943 "https://SINAXIS.IN/wp-login.php" "Mozilla/5.0 (Macintosh; Intel Mac OS X 10_15_7) AppleWebKit/605.1.15 (KHTML, like Gecko) Version/16.6 Safari/605.1.15"
176.65.132.19 - - [26/Feb/2026:20:33:24 +0530] "GET /wp-admin/edit.php HTTP/1.1" 503 18943 "https://SINAXIS.IN/wp-login.php" "Mozilla/5.0 (Macintosh; Intel Mac OS X 10_15_7) AppleWebKit/605.1.15 (KHTML, like Gecko) Version/16.6 Safari/605.1.15"
176.65.132.19 - - [26/Feb/2026:20:33:27 +0530] "GET /wp-admin/plugins.php HTTP/1.1" 503 18943 "https://SINAXIS.IN/wp-login.php" "Mozilla/5.0 (Macintosh; Intel Mac OS X 10_15_7) AppleWebKit/605.1.15 (KHTML, like Gecko) Version/16.6 Safari/605.1.15"
176.65.132.19 - - [26/Feb/2026:20:33:30 +0530] "POST /wp-login.php HTTP/1.1" 503 18030 "https://SINAXIS.IN/wp-login.php" "Mozilla/5.0 (Windows NT 11.0; Win64; x64; rv:120.0) Gecko/20100101 Firefox/120.0"
164.52.204.12 - - [26/Feb/2026:20:33:32 +0530] "POST /wp-cron.php?doing_wp_cron=1772118212.7037138938903808593750 HTTP/1.1" 200 - "-" "WordPress/6.9.1; https://sinaxis.in"
164.52.204.12 - - [26/Feb/2026:20:33:31 +0530] "POST /?wordfence_syncAttackData=1772118211.8933 HTTP/1.1" 200 - "-" "WordPress/6.9.1; https://sinaxis.in"
176.65.132.19 - - [26/Feb/2026:20:33:31 +0530] "GET /wp-admin/index.php HTTP/1.1" 503 18943 "https://SINAXIS.IN/wp-login.php" "Mozilla/5.0 (Macintosh; Intel Mac OS X 10_15_7; rv:118.0) Gecko/20100101 Firefox/118.0"
176.65.132.19 - - [26/Feb/2026:20:33:34 +0530] "GET /wp-admin/profile.php HTTP/1.1" 503 18943 "https://SINAXIS.IN/wp-login.php" "Mozilla/5.0 (Macintosh; Intel Mac OS X 10_15_7; rv:118.0) Gecko/20100101 Firefox/118.0"
176.65.132.19 - - [26/Feb/2026:20:33:36 +0530] "GET /wp-admin/edit.php HTTP/1.1" 503 18943 "https://SINAXIS.IN/wp-login.php" "Mozilla/5.0 (Macintosh; Intel Mac OS X 10_15_7; rv:118.0) Gecko/20100101 Firefox/118.0"
176.65.132.19 - - [26/Feb/2026:20:33:39 +0530] "GET /wp-admin/plugins.php HTTP/1.1" 503 18943 "https://SINAXIS.IN/wp-login.php" "Mozilla/5.0 (Macintosh; Intel Mac OS X 10_15_7; rv:118.0) Gecko/20100101 Firefox/118.0"
176.65.132.19 - - [26/Feb/2026:20:33:42 +0530] "POST /wp-login.php HTTP/1.1" 503 18030 "https://SINAXIS.IN/wp-login.php" "Mozilla/5.0 (Windows NT 11.0; Win64; x64) AppleWebKit/537.36 (KHTML, like Gecko) Chrome/119.0.0.0 Safari/537.36"
164.52.204.12 - - [26/Feb/2026:20:33:44 +0530] "POST /?wordfence_syncAttackData=1772118224.7485 HTTP/1.1" 200 - "-" "WordPress/6.9.1; https://sinaxis.in"
176.65.132.19 - - [26/Feb/2026:20:33:44 +0530] "GET /wp-admin/index.php HTTP/1.1" 503 18943 "https://SINAXIS.IN/wp-login.php" "Mozilla/5.0 (Macintosh; Intel Mac OS X 13_6_1) AppleWebKit/605.1.15 (KHTML, like Gecko) Version/16.6 Safari/605.1.15"
176.65.132.19 - - [26/Feb/2026:20:33:47 +0530] "GET /wp-admin/profile.php HTTP/1.1" 503 18943 "https://SINAXIS.IN/wp-login.php" "Mozilla/5.0 (Macintosh; Intel Mac OS X 13_6_1) AppleWebKit/605.1.15 (KHTML, like Gecko) Version/16.6 Safari/605.1.15"
176.65.132.19 - - [26/Feb/2026:20:33:49 +0530] "GET /wp-admin/edit.php HTTP/1.1" 503 18943 "https://SINAXIS.IN/wp-login.php" "Mozilla/5.0 (Macintosh; Intel Mac OS X 13_6_1) AppleWebKit/605.1.15 (KHTML, like Gecko) Version/16.6 Safari/605.1.15"
176.65.132.19 - - [26/Feb/2026:20:33:50 +0530] "GET /wp-admin/plugins.php HTTP/1.1" 503 18943 "https://SINAXIS.IN/wp-login.php" "Mozilla/5.0 (Macintosh; Intel Mac OS X 13_6_1) AppleWebKit/605.1.15 (KHTML, like Gecko) Version/16.6 Safari/605.1.15"
176.65.132.19 - - [26/Feb/2026:20:33:53 +0530] "POST /wp-login.php HTTP/1.1" 503 18030 "https://SINAXIS.IN/wp-login.php" "Mozilla/5.0 (Windows NT 10.0; Win64; x64; rv:119.0) Gecko/20100101 Firefox/119.0"
164.52.204.12 - - [26/Feb/2026:20:33:57 +0530] "POST /?wordfence_syncAttackData=1772118237.0902 HTTP/1.1" 200 - "-" "WordPress/6.9.1; https://sinaxis.in"
176.65.132.19 - - [26/Feb/2026:20:33:56 +0530] "GET /wp-admin/index.php HTTP/1.1" 302 - "https://SINAXIS.IN/wp-login.php" "Mozilla/5.0 (Windows NT 11.0; Win64; x64) AppleWebKit/537.36 (KHTML, like Gecko) Chrome/120.0.0.0 Safari/537.36"
176.65.132.19 - - [26/Feb/2026:20:33:58 +0530] "GET /wp-login.php?redirect_to=https%3A%2F%2Fsinaxis.in%2Fwp-admin%2Findex.php&reauth=1 HTTP/1.1" 200 6567 "https://SINAXIS.IN/wp-login.php" "Mozilla/5.0 (Windows NT 11.0; Win64; x64) AppleWebKit/537.36 (KHTML, like Gecko) Chrome/120.0.0.0 Safari/537.36"
176.65.132.19 - - [26/Feb/2026:20:34:00 +0530] "POST /wp-login.php HTTP/1.1" 503 18943 "https://SINAXIS.IN/wp-login.php" "Mozilla/5.0 (Macintosh; Intel Mac OS X 13_6_1) AppleWebKit/537.36 (KHTML, like Gecko) Chrome/121.0.0.0 Safari/537.36"
176.65.132.19 - - [26/Feb/2026:20:34:03 +0530] "GET /wp-admin/index.php HTTP/1.1" 503 18943 "https://SINAXIS.IN/wp-login.php" "Mozilla/5.0 (Macintosh; Intel Mac OS X 10_15_7; rv:120.0) Gecko/20100101 Firefox/120.0"
176.65.132.19 - - [26/Feb/2026:20:34:05 +0530] "GET /wp-admin/profile.php HTTP/1.1" 503 18943 "https://SINAXIS.IN/wp-login.php" "Mozilla/5.0 (Macintosh; Intel Mac OS X 10_15_7; rv:120.0) Gecko/20100101 Firefox/120.0"
176.65.132.19 - - [26/Feb/2026:20:34:08 +0530] "GET /wp-admin/edit.php HTTP/1.1" 503 18943 "https://SINAXIS.IN/wp-login.php" "Mozilla/5.0 (Macintosh; Intel Mac OS X 10_15_7; rv:120.0) Gecko/20100101 Firefox/120.0"
176.65.132.19 - - [26/Feb/2026:20:34:10 +0530] "GET /wp-admin/plugins.php HTTP/1.1" 503 18943 "https://SINAXIS.IN/wp-login.php" "Mozilla/5.0 (Macintosh; Intel Mac OS X 10_15_7; rv:120.0) Gecko/20100101 Firefox/120.0"
176.65.132.19 - - [26/Feb/2026:20:34:13 +0530] "POST /wp-login.php HTTP/1.1" 503 18030 "https://SINAXIS.IN/wp-login.php" "Mozilla/5.0 (Windows NT 10.0; Win64; x64; rv:120.0) Gecko/20100101 Firefox/120.0"
164.52.204.12 - - [26/Feb/2026:20:34:15 +0530] "POST /wp-cron.php?doing_wp_cron=1772118255.8196949958801269531250 HTTP/1.1" 200 - "-" "WordPress/6.9.1; https://sinaxis.in"
164.52.204.12 - - [26/Feb/2026:20:34:14 +0530] "POST /?wordfence_syncAttackData=1772118254.95 HTTP/1.1" 200 - "-" "WordPress/6.9.1; https://sinaxis.in"
176.65.132.19 - - [26/Feb/2026:20:34:14 +0530] "GET /wp-admin/index.php HTTP/1.1" 503 18943 "https://SINAXIS.IN/wp-login.php" "Mozilla/5.0 (Macintosh; Intel Mac OS X 13_6_1; rv:121.0) Gecko/20100101 Firefox/121.0"
176.65.132.19 - - [26/Feb/2026:20:34:17 +0530] "GET /wp-admin/profile.php HTTP/1.1" 503 18943 "https://SINAXIS.IN/wp-login.php" "Mozilla/5.0 (Macintosh; Intel Mac OS X 13_6_1; rv:121.0) Gecko/20100101 Firefox/121.0"
176.65.132.19 - - [26/Feb/2026:20:34:20 +0530] "GET /wp-admin/edit.php HTTP/1.1" 503 18943 "https://SINAXIS.IN/wp-login.php" "Mozilla/5.0 (Macintosh; Intel Mac OS X 13_6_1; rv:121.0) Gecko/20100101 Firefox/121.0"
176.65.132.19 - - [26/Feb/2026:20:34:22 +0530] "GET /wp-admin/plugins.php HTTP/1.1" 503 18943 "https://SINAXIS.IN/wp-login.php" "Mozilla/5.0 (Macintosh; Intel Mac OS X 13_6_1; rv:121.0) Gecko/20100101 Firefox/121.0"
176.65.132.19 - - [26/Feb/2026:20:34:25 +0530] "POST /wp-login.php HTTP/1.1" 503 18030 "https://SINAXIS.IN/wp-login.php" "Mozilla/5.0 (Macintosh; Intel Mac OS X 10_15_7; rv:120.0) Gecko/20100101 Firefox/120.0"
164.52.204.12 - - [26/Feb/2026:20:34:28 +0530] "POST /wp-cron.php?doing_wp_cron=1772118268.7782061100006103515625 HTTP/1.1" 200 - "-" "WordPress/6.9.1; https://sinaxis.in"
164.52.204.12 - - [26/Feb/2026:20:34:27 +0530] "POST /?wordfence_syncAttackData=1772118267.9324 HTTP/1.1" 200 - "-" "WordPress/6.9.1; https://sinaxis.in"
176.65.132.19 - - [26/Feb/2026:20:34:27 +0530] "GET /wp-admin/index.php HTTP/1.1" 503 18943 "https://SINAXIS.IN/wp-login.php" "Mozilla/5.0 (Windows NT 11.0; Win64; x64) AppleWebKit/537.36 (KHTML, like Gecko) Chrome/118.0.0.0 Safari/537.36"
176.65.132.19 - - [26/Feb/2026:20:34:31 +0530] "GET /wp-admin/profile.php HTTP/1.1" 503 18943 "https://SINAXIS.IN/wp-login.php" "Mozilla/5.0 (Windows NT 11.0; Win64; x64) AppleWebKit/537.36 (KHTML, like Gecko) Chrome/118.0.0.0 Safari/537.36"
176.65.132.19 - - [26/Feb/2026:20:34:33 +0530] "GET /wp-admin/edit.php HTTP/1.1" 503 18943 "https://SINAXIS.IN/wp-login.php" "Mozilla/5.0 (Windows NT 11.0; Win64; x64) AppleWebKit/537.36 (KHTML, like Gecko) Chrome/118.0.0.0 Safari/537.36"
176.65.132.19 - - [26/Feb/2026:20:34:35 +0530] "GET /wp-admin/plugins.php HTTP/1.1" 503 18943 "https://SINAXIS.IN/wp-login.php" "Mozilla/5.0 (Windows NT 11.0; Win64; x64) AppleWebKit/537.36 (KHTML, like Gecko) Chrome/118.0.0.0 Safari/537.36"
176.65.132.19 - - [26/Feb/2026:20:34:38 +0530] "POST /wp-login.php HTTP/1.1" 503 18030 "https://SINAXIS.IN/wp-login.php" "Mozilla/5.0 (Macintosh; Intel Mac OS X 13_6_1) AppleWebKit/605.1.15 (KHTML, like Gecko) Version/17.1 Safari/605.1.15"
164.52.204.12 - - [26/Feb/2026:20:34:41 +0530] "POST /wp-cron.php?doing_wp_cron=1772118281.1472840309143066406250 HTTP/1.1" 200 - "-" "WordPress/6.9.1; https://sinaxis.in"
164.52.204.12 - - [26/Feb/2026:20:34:40 +0530] "POST /?wordfence_syncAttackData=1772118280.3358 HTTP/1.1" 200 - "-" "WordPress/6.9.1; https://sinaxis.in"
176.65.132.19 - - [26/Feb/2026:20:34:39 +0530] "GET /wp-admin/index.php HTTP/1.1" 503 18943 "https://SINAXIS.IN/wp-login.php" "Mozilla/5.0 (Windows NT 10.0; Win64; x64; rv:120.0) Gecko/20100101 Firefox/120.0"
176.65.132.19 - - [26/Feb/2026:20:34:43 +0530] "GET /wp-admin/profile.php HTTP/1.1" 503 18943 "https://SINAXIS.IN/wp-login.php" "Mozilla/5.0 (Windows NT 10.0; Win64; x64; rv:120.0) Gecko/20100101 Firefox/120.0"
