176.65.132.19 - - [26/Feb/2026:20:34:45 +0530] "GET /wp-admin/edit.php HTTP/1.1" 503 18943 "https://SINAXIS.IN/wp-login.php" "Mozilla/5.0 (Windows NT 10.0; Win64; x64; rv:120.0) Gecko/20100101 Firefox/120.0"
176.65.132.19 - - [26/Feb/2026:20:34:48 +0530] "GET /wp-admin/plugins.php HTTP/1.1" 503 18943 "https://SINAXIS.IN/wp-login.php" "Mozilla/5.0 (Windows NT 10.0; Win64; x64; rv:120.0) Gecko/20100101 Firefox/120.0"
176.65.132.19 - - [26/Feb/2026:20:34:50 +0530] "POST /wp-login.php HTTP/1.1" 503 18030 "https://SINAXIS.IN/wp-login.php" "Mozilla/5.0 (X11; Linux x86_64) AppleWebKit/537.36 (KHTML, like Gecko) Chrome/118.0.0.0 Safari/537.36"
103.108.58.16 - - [26/Feb/2026:20:34:54 +0530] "GET / HTTP/1.1" 200 42420 "-" "FaviconHash-API/1.0"
103.108.58.16 - - [26/Feb/2026:20:34:54 +0530] "GET /favicon.ico HTTP/1.1" 302 - "-" "FaviconHash-API/1.0"
164.52.204.12 - - [26/Feb/2026:20:34:54 +0530] "POST /?wordfence_syncAttackData=1772118294.3855 HTTP/1.1" 200 - "-" "WordPress/6.9.1; https://sinaxis.in"
176.65.132.19 - - [26/Feb/2026:20:34:53 +0530] "GET /wp-admin/index.php HTTP/1.1" 503 18943 "https://SINAXIS.IN/wp-login.php" "Mozilla/5.0 (Windows NT 11.0; Win64; x64; rv:121.0) Gecko/20100101 Firefox/121.0"
103.108.58.16 - - [26/Feb/2026:20:34:55 +0530] "GET /wp-content/uploads/2025/02/cropped-favicon-32x32.png HTTP/1.1" 200 2652 "-" "FaviconHash-API/1.0"
103.108.58.16 - - [26/Feb/2026:20:34:55 +0530] "GET /wp-content/uploads/2025/02/cropped-favicon-32x32.png HTTP/1.1" 200 2652 "-" "FaviconHash-API/1.0"
176.65.132.19 - - [26/Feb/2026:20:34:56 +0530] "GET /wp-admin/profile.php HTTP/1.1" 503 18943 "https://SINAXIS.IN/wp-login.php" "Mozilla/5.0 (Windows NT 11.0; Win64; x64; rv:121.0) Gecko/20100101 Firefox/121.0"
176.65.132.19 - - [26/Feb/2026:20:34:58 +0530] "GET /wp-admin/edit.php HTTP/1.1" 503 18943 "https://SINAXIS.IN/wp-login.php" "Mozilla/5.0 (Windows NT 11.0; Win64; x64; rv:121.0) Gecko/20100101 Firefox/121.0"
176.65.132.19 - - [26/Feb/2026:20:35:00 +0530] "GET /wp-admin/plugins.php HTTP/1.1" 503 18943 "https://SINAXIS.IN/wp-login.php" "Mozilla/5.0 (Windows NT 11.0; Win64; x64; rv:121.0) Gecko/20100101 Firefox/121.0"
176.65.132.19 - - [26/Feb/2026:20:35:03 +0530] "POST /wp-login.php HTTP/1.1" 503 18030 "https://SINAXIS.IN/wp-login.php" "Mozilla/5.0 (X11; Ubuntu; Linux x86_64) AppleWebKit/537.36 (KHTML, like Gecko) Chrome/120.0.0.0 Safari/537.36"
176.65.132.19 - - [26/Feb/2026:20:35:04 +0530] "GET /wp-admin/index.php HTTP/1.1" 503 18943 "https://SINAXIS.IN/wp-login.php" "Mozilla/5.0 (Windows NT 11.0; Win64; x64; rv:118.0) Gecko/20100101 Firefox/118.0"
164.52.204.12 - - [26/Feb/2026:20:35:06 +0530] "POST /wp-cron.php?doing_wp_cron=1772118306.1948199272155761718750 HTTP/1.1" 200 - "-" "WordPress/6.9.1; https://sinaxis.in"
164.52.204.12 - - [26/Feb/2026:20:35:05 +0530] "POST /?wordfence_syncAttackData=1772118305.245 HTTP/1.1" 200 - "-" "WordPress/6.9.1; https://sinaxis.in"
176.65.132.19 - - [26/Feb/2026:20:35:07 +0530] "GET /wp-admin/profile.php HTTP/1.1" 503 18943 "https://SINAXIS.IN/wp-login.php" "Mozilla/5.0 (Windows NT 11.0; Win64; x64; rv:118.0) Gecko/20100101 Firefox/118.0"
176.65.132.19 - - [26/Feb/2026:20:35:09 +0530] "GET /wp-admin/edit.php HTTP/1.1" 503 18943 "https://SINAXIS.IN/wp-login.php" "Mozilla/5.0 (Windows NT 11.0; Win64; x64; rv:118.0) Gecko/20100101 Firefox/118.0"
176.65.132.19 - - [26/Feb/2026:20:35:11 +0530] "GET /wp-admin/plugins.php HTTP/1.1" 503 18943 "https://SINAXIS.IN/wp-login.php" "Mozilla/5.0 (Windows NT 11.0; Win64; x64; rv:118.0) Gecko/20100101 Firefox/118.0"
176.65.132.19 - - [26/Feb/2026:20:35:14 +0530] "POST /wp-login.php HTTP/1.1" 503 18030 "https://SINAXIS.IN/wp-login.php" "Mozilla/5.0 (Macintosh; Intel Mac OS X 13_6_1) AppleWebKit/537.36 (KHTML, like Gecko) Chrome/118.0.0.0 Safari/537.36"
34.222.187.61 - - [26/Feb/2026:20:35:16 +0530] "GET /robots.txt HTTP/1.1" 200 26 "-" "Mozilla/5.0 (compatible; wpbot/1.4; +https://forms.gle/ajBaxygz9jSR8p8G9)"
164.52.204.12 - - [26/Feb/2026:20:35:16 +0530] "POST /?wordfence_syncAttackData=1772118316.6698 HTTP/1.1" 200 - "-" "WordPress/6.9.1; https://sinaxis.in"
176.65.132.19 - - [26/Feb/2026:20:35:15 +0530] "GET /wp-admin/index.php HTTP/1.1" 503 18943 "https://SINAXIS.IN/wp-login.php" "Mozilla/5.0 (Macintosh; Intel Mac OS X 10_15_7) AppleWebKit/537.36 (KHTML, like Gecko) Chrome/121.0.0.0 Safari/537.36"
176.65.132.19 - - [26/Feb/2026:20:35:19 +0530] "GET /wp-admin/profile.php HTTP/1.1" 503 18943 "https://SINAXIS.IN/wp-login.php" "Mozilla/5.0 (Macintosh; Intel Mac OS X 10_15_7) AppleWebKit/537.36 (KHTML, like Gecko) Chrome/121.0.0.0 Safari/537.36"
176.65.132.19 - - [26/Feb/2026:20:35:21 +0530] "GET /wp-admin/edit.php HTTP/1.1" 503 18943 "https://SINAXIS.IN/wp-login.php" "Mozilla/5.0 (Macintosh; Intel Mac OS X 10_15_7) AppleWebKit/537.36 (KHTML, like Gecko) Chrome/121.0.0.0 Safari/537.36"
176.65.132.19 - - [26/Feb/2026:20:35:23 +0530] "GET /wp-admin/plugins.php HTTP/1.1" 503 18943 "https://SINAXIS.IN/wp-login.php" "Mozilla/5.0 (Macintosh; Intel Mac OS X 10_15_7) AppleWebKit/537.36 (KHTML, like Gecko) Chrome/121.0.0.0 Safari/537.36"
176.65.132.19 - - [26/Feb/2026:20:35:26 +0530] "POST /wp-login.php HTTP/1.1" 503 18030 "https://SINAXIS.IN/wp-login.php" "Mozilla/5.0 (Windows NT 11.0; Win64; x64; rv:121.0) Gecko/20100101 Firefox/121.0"
164.52.204.12 - - [26/Feb/2026:20:35:29 +0530] "POST /wp-cron.php?doing_wp_cron=1772118329.2422459125518798828125 HTTP/1.1" 200 - "-" "WordPress/6.9.1; https://sinaxis.in"
164.52.204.12 - - [26/Feb/2026:20:35:28 +0530] "POST /?wordfence_syncAttackData=1772118328.4433 HTTP/1.1" 200 - "-" "WordPress/6.9.1; https://sinaxis.in"
176.65.132.19 - - [26/Feb/2026:20:35:27 +0530] "GET /wp-admin/index.php HTTP/1.1" 503 18943 "https://SINAXIS.IN/wp-login.php" "Mozilla/5.0 (Macintosh; Intel Mac OS X 13_6_1) AppleWebKit/605.1.15 (KHTML, like Gecko) Version/16.6 Safari/605.1.15"
176.65.132.19 - - [26/Feb/2026:20:35:30 +0530] "GET /wp-admin/profile.php HTTP/1.1" 503 18943 "https://SINAXIS.IN/wp-login.php" "Mozilla/5.0 (Macintosh; Intel Mac OS X 13_6_1) AppleWebKit/605.1.15 (KHTML, like Gecko) Version/16.6 Safari/605.1.15"
176.65.132.19 - - [26/Feb/2026:20:35:32 +0530] "GET /wp-admin/edit.php HTTP/1.1" 503 18943 "https://SINAXIS.IN/wp-login.php" "Mozilla/5.0 (Macintosh; Intel Mac OS X 13_6_1) AppleWebKit/605.1.15 (KHTML, like Gecko) Version/16.6 Safari/605.1.15"
176.65.132.19 - - [26/Feb/2026:20:35:35 +0530] "GET /wp-admin/plugins.php HTTP/1.1" 503 18943 "https://SINAXIS.IN/wp-login.php" "Mozilla/5.0 (Macintosh; Intel Mac OS X 13_6_1) AppleWebKit/605.1.15 (KHTML, like Gecko) Version/16.6 Safari/605.1.15"
176.65.132.19 - - [26/Feb/2026:20:35:37 +0530] "POST /wp-login.php HTTP/1.1" 503 18030 "https://SINAXIS.IN/wp-login.php" "Mozilla/5.0 (Windows NT 11.0; Win64; x64) AppleWebKit/537.36 (KHTML, like Gecko) Chrome/118.0.0.0 Safari/537.36"
164.52.204.12 - - [26/Feb/2026:20:35:40 +0530] "POST /wp-cron.php?doing_wp_cron=1772118340.1443109512329101562500 HTTP/1.1" 200 - "-" "WordPress/6.9.1; https://sinaxis.in"
164.52.204.12 - - [26/Feb/2026:20:35:39 +0530] "POST /?wordfence_syncAttackData=1772118339.3416 HTTP/1.1" 200 - "-" "WordPress/6.9.1; https://sinaxis.in"
176.65.132.19 - - [26/Feb/2026:20:35:38 +0530] "GET /wp-admin/index.php HTTP/1.1" 503 18943 "https://SINAXIS.IN/wp-login.php" "Mozilla/5.0 (Windows NT 11.0; Win64; x64) AppleWebKit/537.36 (KHTML, like Gecko) Chrome/120.0.0.0 Safari/537.36"
176.65.132.19 - - [26/Feb/2026:20:35:41 +0530] "GET /wp-admin/profile.php HTTP/1.1" 503 18943 "https://SINAXIS.IN/wp-login.php" "Mozilla/5.0 (Windows NT 11.0; Win64; x64) AppleWebKit/537.36 (KHTML, like Gecko) Chrome/120.0.0.0 Safari/537.36"
176.65.132.19 - - [26/Feb/2026:20:35:43 +0530] "GET /wp-admin/edit.php HTTP/1.1" 503 18943 "https://SINAXIS.IN/wp-login.php" "Mozilla/5.0 (Windows NT 11.0; Win64; x64) AppleWebKit/537.36 (KHTML, like Gecko) Chrome/120.0.0.0 Safari/537.36"
176.65.132.19 - - [26/Feb/2026:20:35:45 +0530] "GET /wp-admin/plugins.php HTTP/1.1" 503 18943 "https://SINAXIS.IN/wp-login.php" "Mozilla/5.0 (Windows NT 11.0; Win64; x64) AppleWebKit/537.36 (KHTML, like Gecko) Chrome/120.0.0.0 Safari/537.36"
176.65.132.19 - - [26/Feb/2026:20:35:47 +0530] "POST /wp-login.php HTTP/1.1" 503 18030 "https://SINAXIS.IN/wp-login.php" "Mozilla/5.0 (Windows NT 10.0; Win64; x64) AppleWebKit/537.36 (KHTML, like Gecko) Chrome/118.0.0.0 Safari/537.36"
164.52.204.12 - - [26/Feb/2026:20:35:51 +0530] "POST /wp-cron.php?doing_wp_cron=1772118350.9934570789337158203125 HTTP/1.1" 200 - "-" "WordPress/6.9.1; https://sinaxis.in"
164.52.204.12 - - [26/Feb/2026:20:35:50 +0530] "POST /?wordfence_syncAttackData=1772118350.154 HTTP/1.1" 200 - "-" "WordPress/6.9.1; https://sinaxis.in"
176.65.132.19 - - [26/Feb/2026:20:35:49 +0530] "GET /wp-admin/index.php HTTP/1.1" 503 18943 "https://SINAXIS.IN/wp-login.php" "Mozilla/5.0 (Windows NT 11.0; Win64; x64) AppleWebKit/537.36 (KHTML, like Gecko) Chrome/121.0.0.0 Safari/537.36"
176.65.132.19 - - [26/Feb/2026:20:35:53 +0530] "GET /wp-admin/profile.php HTTP/1.1" 503 18943 "https://SINAXIS.IN/wp-login.php" "Mozilla/5.0 (Windows NT 11.0; Win64; x64) AppleWebKit/537.36 (KHTML, like Gecko) Chrome/121.0.0.0 Safari/537.36"
176.65.132.19 - - [26/Feb/2026:20:35:54 +0530] "GET /wp-admin/edit.php HTTP/1.1" 503 18943 "https://SINAXIS.IN/wp-login.php" "Mozilla/5.0 (Windows NT 11.0; Win64; x64) AppleWebKit/537.36 (KHTML, like Gecko) Chrome/121.0.0.0 Safari/537.36"
176.65.132.19 - - [26/Feb/2026:20:35:57 +0530] "GET /wp-admin/plugins.php HTTP/1.1" 503 18943 "https://SINAXIS.IN/wp-login.php" "Mozilla/5.0 (Windows NT 11.0; Win64; x64) AppleWebKit/537.36 (KHTML, like Gecko) Chrome/121.0.0.0 Safari/537.36"
176.65.132.19 - - [26/Feb/2026:20:35:59 +0530] "POST /wp-login.php HTTP/1.1" 503 18030 "https://SINAXIS.IN/wp-login.php" "Mozilla/5.0 (X11; Ubuntu; Linux x86_64) AppleWebKit/537.36 (KHTML, like Gecko) Chrome/119.0.0.0 Safari/537.36"
176.65.132.19 - - [26/Feb/2026:20:36:01 +0530] "GET /wp-admin/index.php HTTP/1.1" 503 18943 "https://SINAXIS.IN/wp-login.php" "Mozilla/5.0 (Macintosh; Intel Mac OS X 10_15_7) AppleWebKit/605.1.15 (KHTML, like Gecko) Version/17.2 Safari/605.1.15"
164.52.204.12 - - [26/Feb/2026:20:36:02 +0530] "POST /?wordfence_syncAttackData=1772118362.3249 HTTP/1.1" 200 - "-" "WordPress/6.9.1; https://sinaxis.in"
176.65.132.19 - - [26/Feb/2026:20:36:04 +0530] "GET /wp-admin/profile.php HTTP/1.1" 503 18943 "https://SINAXIS.IN/wp-login.php" "Mozilla/5.0 (Macintosh; Intel Mac OS X 10_15_7) AppleWebKit/605.1.15 (KHTML, like Gecko) Version/17.2 Safari/605.1.15"
176.65.132.19 - - [26/Feb/2026:20:36:06 +0530] "GET /wp-admin/edit.php HTTP/1.1" 503 18943 "https://SINAXIS.IN/wp-login.php" "Mozilla/5.0 (Macintosh; Intel Mac OS X 10_15_7) AppleWebKit/605.1.15 (KHTML, like Gecko) Version/17.2 Safari/605.1.15"
176.65.132.19 - - [26/Feb/2026:20:36:09 +0530] "GET /wp-admin/plugins.php HTTP/1.1" 503 18943 "https://SINAXIS.IN/wp-login.php" "Mozilla/5.0 (Macintosh; Intel Mac OS X 10_15_7) AppleWebKit/605.1.15 (KHTML, like Gecko) Version/17.2 Safari/605.1.15"
176.65.132.19 - - [26/Feb/2026:20:36:11 +0530] "POST /wp-login.php HTTP/1.1" 503 18030 "https://SINAXIS.IN/wp-login.php" "Mozilla/5.0 (Macintosh; Intel Mac OS X 10_15_7) AppleWebKit/537.36 (KHTML, like Gecko) Chrome/119.0.0.0 Safari/537.36"
164.52.204.12 - - [26/Feb/2026:20:36:13 +0530] "POST /?wordfence_syncAttackData=1772118373.8738 HTTP/1.1" 200 - "-" "WordPress/6.9.1; https://sinaxis.in"
176.65.132.19 - - [26/Feb/2026:20:36:13 +0530] "GET /wp-admin/index.php HTTP/1.1" 503 18943 "https://SINAXIS.IN/wp-login.php" "Mozilla/5.0 (Macintosh; Intel Mac OS X 10_15_7) AppleWebKit/605.1.15 (KHTML, like Gecko) Version/17.0 Safari/605.1.15"
176.65.132.19 - - [26/Feb/2026:20:36:15 +0530] "GET /wp-admin/profile.php HTTP/1.1" 503 18943 "https://SINAXIS.IN/wp-login.php" "Mozilla/5.0 (Macintosh; Intel Mac OS X 10_15_7) AppleWebKit/605.1.15 (KHTML, like Gecko) Version/17.0 Safari/605.1.15"
176.65.132.19 - - [26/Feb/2026:20:36:18 +0530] "GET /wp-admin/edit.php HTTP/1.1" 503 18943 "https://SINAXIS.IN/wp-login.php" "Mozilla/5.0 (Macintosh; Intel Mac OS X 10_15_7) AppleWebKit/605.1.15 (KHTML, like Gecko) Version/17.0 Safari/605.1.15"
176.65.132.19 - - [26/Feb/2026:20:36:20 +0530] "GET /wp-admin/plugins.php HTTP/1.1" 503 18943 "https://SINAXIS.IN/wp-login.php" "Mozilla/5.0 (Macintosh; Intel Mac OS X 10_15_7) AppleWebKit/605.1.15 (KHTML, like Gecko) Version/17.0 Safari/605.1.15"
176.65.132.19 - - [26/Feb/2026:20:36:22 +0530] "POST /wp-login.php HTTP/1.1" 503 18030 "https://SINAXIS.IN/wp-login.php" "Mozilla/5.0 (Windows NT 10.0; Win64; x64; rv:121.0) Gecko/20100101 Firefox/121.0"
164.52.204.12 - - [26/Feb/2026:20:36:24 +0530] "POST /?wordfence_syncAttackData=1772118384.2156 HTTP/1.1" 200 - "-" "WordPress/6.9.1; https://sinaxis.in"
176.65.132.19 - - [26/Feb/2026:20:36:23 +0530] "GET /wp-admin/index.php HTTP/1.1" 503 18943 "https://SINAXIS.IN/wp-login.php" "Mozilla/5.0 (Macintosh; Intel Mac OS X 13_6_1) AppleWebKit/605.1.15 (KHTML, like Gecko) Version/17.2 Safari/605.1.15"
176.65.132.19 - - [26/Feb/2026:20:36:26 +0530] "GET /wp-admin/profile.php HTTP/1.1" 503 18943 "https://SINAXIS.IN/wp-login.php" "Mozilla/5.0 (Macintosh; Intel Mac OS X 13_6_1) AppleWebKit/605.1.15 (KHTML, like Gecko) Version/17.2 Safari/605.1.15"
176.65.132.19 - - [26/Feb/2026:20:36:29 +0530] "GET /wp-admin/edit.php HTTP/1.1" 503 18943 "https://SINAXIS.IN/wp-login.php" "Mozilla/5.0 (Macintosh; Intel Mac OS X 13_6_1) AppleWebKit/605.1.15 (KHTML, like Gecko) Version/17.2 Safari/605.1.15"
176.65.132.19 - - [26/Feb/2026:20:36:31 +0530] "GET /wp-admin/plugins.php HTTP/1.1" 503 18943 "https://SINAXIS.IN/wp-login.php" "Mozilla/5.0 (Macintosh; Intel Mac OS X 13_6_1) AppleWebKit/605.1.15 (KHTML, like Gecko) Version/17.2 Safari/605.1.15"
176.65.132.19 - - [26/Feb/2026:20:36:33 +0530] "POST /wp-login.php HTTP/1.1" 503 18030 "https://SINAXIS.IN/wp-login.php" "Mozilla/5.0 (X11; Ubuntu; Linux x86_64) AppleWebKit/537.36 (KHTML, like Gecko) Chrome/121.0.0.0 Safari/537.36"
176.65.132.19 - - [26/Feb/2026:20:36:35 +0530] "GET /wp-admin/index.php HTTP/1.1" 503 18943 "https://SINAXIS.IN/wp-login.php" "Mozilla/5.0 (Macintosh; Intel Mac OS X 13_6_1) AppleWebKit/605.1.15 (KHTML, like Gecko) Version/17.1 Safari/605.1.15"
164.52.204.12 - - [26/Feb/2026:20:36:36 +0530] "POST /wp-cron.php?doing_wp_cron=1772118396.8175089359283447265625 HTTP/1.1" 200 - "-" "WordPress/6.9.1; https://sinaxis.in"
164.52.204.12 - - [26/Feb/2026:20:36:35 +0530] "POST /?wordfence_syncAttackData=1772118395.872 HTTP/1.1" 200 - "-" "WordPress/6.9.1; https://sinaxis.in"
176.65.132.19 - - [26/Feb/2026:20:36:38 +0530] "GET /wp-admin/profile.php HTTP/1.1" 503 18943 "https://SINAXIS.IN/wp-login.php" "Mozilla/5.0 (Macintosh; Intel Mac OS X 13_6_1) AppleWebKit/605.1.15 (KHTML, like Gecko) Version/17.1 Safari/605.1.15"
176.65.132.19 - - [26/Feb/2026:20:36:40 +0530] "GET /wp-admin/edit.php HTTP/1.1" 503 18943 "https://SINAXIS.IN/wp-login.php" "Mozilla/5.0 (Macintosh; Intel Mac OS X 13_6_1) AppleWebKit/605.1.15 (KHTML, like Gecko) Version/17.1 Safari/605.1.15"
176.65.132.19 - - [26/Feb/2026:20:36:42 +0530] "GET /wp-admin/plugins.php HTTP/1.1" 503 18943 "https://SINAXIS.IN/wp-login.php" "Mozilla/5.0 (Macintosh; Intel Mac OS X 13_6_1) AppleWebKit/605.1.15 (KHTML, like Gecko) Version/17.1 Safari/605.1.15"
176.65.132.19 - - [26/Feb/2026:20:36:43 +0530] "POST /wp-login.php HTTP/1.1" 503 18030 "https://SINAXIS.IN/wp-login.php" "Mozilla/5.0 (Macintosh; Intel Mac OS X 13_6_1) AppleWebKit/605.1.15 (KHTML, like Gecko) Version/17.2 Safari/605.1.15"
164.52.204.12 - - [26/Feb/2026:20:36:46 +0530] "POST /?wordfence_syncAttackData=1772118406.1183 HTTP/1.1" 200 - "-" "WordPress/6.9.1; https://sinaxis.in"
176.65.132.19 - - [26/Feb/2026:20:36:45 +0530] "GET /wp-admin/index.php HTTP/1.1" 503 18943 "https://SINAXIS.IN/wp-login.php" "Mozilla/5.0 (Macintosh; Intel Mac OS X 10_15_7; rv:121.0) Gecko/20100101 Firefox/121.0"
176.65.132.19 - - [26/Feb/2026:20:36:48 +0530] "GET /wp-admin/profile.php HTTP/1.1" 503 18943 "https://SINAXIS.IN/wp-login.php" "Mozilla/5.0 (Macintosh; Intel Mac OS X 10_15_7; rv:121.0) Gecko/20100101 Firefox/121.0"
176.65.132.19 - - [26/Feb/2026:20:36:50 +0530] "GET /wp-admin/edit.php HTTP/1.1" 503 18943 "https://SINAXIS.IN/wp-login.php" "Mozilla/5.0 (Macintosh; Intel Mac OS X 10_15_7; rv:121.0) Gecko/20100101 Firefox/121.0"
176.65.132.19 - - [26/Feb/2026:20:36:52 +0530] "GET /wp-admin/plugins.php HTTP/1.1" 503 18943 "https://SINAXIS.IN/wp-login.php" "Mozilla/5.0 (Macintosh; Intel Mac OS X 10_15_7; rv:121.0) Gecko/20100101 Firefox/121.0"
176.65.132.19 - - [26/Feb/2026:20:36:55 +0530] "POST /wp-login.php HTTP/1.1" 503 18030 "https://SINAXIS.IN/wp-login.php" "Mozilla/5.0 (X11; Ubuntu; Linux x86_64) AppleWebKit/537.36 (KHTML, like Gecko) Chrome/119.0.0.0 Safari/537.36"
164.52.204.12 - - [26/Feb/2026:20:36:57 +0530] "POST /?wordfence_syncAttackData=1772118417.8677 HTTP/1.1" 200 - "-" "WordPress/6.9.1; https://sinaxis.in"
176.65.132.19 - - [26/Feb/2026:20:36:57 +0530] "GET /wp-admin/index.php HTTP/1.1" 503 18943 "https://SINAXIS.IN/wp-login.php" "Mozilla/5.0 (X11; Linux x86_64) AppleWebKit/537.36 (KHTML, like Gecko) Chrome/119.0.0.0 Safari/537.36"
176.65.132.19 - - [26/Feb/2026:20:37:00 +0530] "GET /wp-admin/profile.php HTTP/1.1" 503 18943 "https://SINAXIS.IN/wp-login.php" "Mozilla/5.0 (X11; Linux x86_64) AppleWebKit/537.36 (KHTML, like Gecko) Chrome/119.0.0.0 Safari/537.36"
176.65.132.19 - - [26/Feb/2026:20:37:02 +0530] "GET /wp-admin/edit.php HTTP/1.1" 503 18943 "https://SINAXIS.IN/wp-login.php" "Mozilla/5.0 (X11; Linux x86_64) AppleWebKit/537.36 (KHTML, like Gecko) Chrome/119.0.0.0 Safari/537.36"
176.65.132.19 - - [26/Feb/2026:20:37:04 +0530] "GET /wp-admin/plugins.php HTTP/1.1" 503 18943 "https://SINAXIS.IN/wp-login.php" "Mozilla/5.0 (X11; Linux x86_64) AppleWebKit/537.36 (KHTML, like Gecko) Chrome/119.0.0.0 Safari/537.36"
176.65.132.19 - - [26/Feb/2026:20:37:06 +0530] "POST /wp-login.php HTTP/1.1" 503 18030 "https://SINAXIS.IN/wp-login.php" "Mozilla/5.0 (Macintosh; Intel Mac OS X 13_6_1) AppleWebKit/605.1.15 (KHTML, like Gecko) Version/17.1 Safari/605.1.15"
164.52.204.12 - - [26/Feb/2026:20:37:08 +0530] "POST /?wordfence_syncAttackData=1772118428.1046 HTTP/1.1" 200 - "-" "WordPress/6.9.1; https://sinaxis.in"
176.65.132.19 - - [26/Feb/2026:20:37:07 +0530] "GET /wp-admin/index.php HTTP/1.1" 503 18943 "https://SINAXIS.IN/wp-login.php" "Mozilla/5.0 (Macintosh; Intel Mac OS X 13_6_1) AppleWebKit/605.1.15 (KHTML, like Gecko) Version/17.0 Safari/605.1.15"
176.65.132.19 - - [26/Feb/2026:20:37:10 +0530] "GET /wp-admin/profile.php HTTP/1.1" 503 18943 "https://SINAXIS.IN/wp-login.php" "Mozilla/5.0 (Macintosh; Intel Mac OS X 13_6_1) AppleWebKit/605.1.15 (KHTML, like Gecko) Version/17.0 Safari/605.1.15"
176.65.132.19 - - [26/Feb/2026:20:37:12 +0530] "GET /wp-admin/edit.php HTTP/1.1" 503 18943 "https://SINAXIS.IN/wp-login.php" "Mozilla/5.0 (Macintosh; Intel Mac OS X 13_6_1) AppleWebKit/605.1.15 (KHTML, like Gecko) Version/17.0 Safari/605.1.15"
176.65.132.19 - - [26/Feb/2026:20:37:13 +0530] "GET /wp-admin/plugins.php HTTP/1.1" 503 18943 "https://SINAXIS.IN/wp-login.php" "Mozilla/5.0 (Macintosh; Intel Mac OS X 13_6_1) AppleWebKit/605.1.15 (KHTML, like Gecko) Version/17.0 Safari/605.1.15"
176.65.132.19 - - [26/Feb/2026:20:37:15 +0530] "POST /wp-login.php HTTP/1.1" 503 18030 "https://SINAXIS.IN/wp-login.php" "Mozilla/5.0 (X11; Ubuntu; Linux x86_64) AppleWebKit/537.36 (KHTML, like Gecko) Chrome/121.0.0.0 Safari/537.36"
164.52.204.12 - - [26/Feb/2026:20:37:18 +0530] "POST /wp-cron.php?doing_wp_cron=1772118438.6999800205230712890625 HTTP/1.1" 200 - "-" "WordPress/6.9.1; https://sinaxis.in"
164.52.204.12 - - [26/Feb/2026:20:37:17 +0530] "POST /?wordfence_syncAttackData=1772118437.884 HTTP/1.1" 200 - "-" "WordPress/6.9.1; https://sinaxis.in"
176.65.132.19 - - [26/Feb/2026:20:37:17 +0530] "GET /wp-admin/index.php HTTP/1.1" 503 18943 "https://SINAXIS.IN/wp-login.php" "Mozilla/5.0 (Windows NT 11.0; Win64; x64) AppleWebKit/537.36 (KHTML, like Gecko) Chrome/119.0.0.0 Safari/537.36"
176.65.132.19 - - [26/Feb/2026:20:37:20 +0530] "GET /wp-admin/profile.php HTTP/1.1" 503 18943 "https://SINAXIS.IN/wp-login.php" "Mozilla/5.0 (Windows NT 11.0; Win64; x64) AppleWebKit/537.36 (KHTML, like Gecko) Chrome/119.0.0.0 Safari/537.36"
176.65.132.19 - - [26/Feb/2026:20:37:23 +0530] "GET /wp-admin/edit.php HTTP/1.1" 503 18943 "https://SINAXIS.IN/wp-login.php" "Mozilla/5.0 (Windows NT 11.0; Win64; x64) AppleWebKit/537.36 (KHTML, like Gecko) Chrome/119.0.0.0 Safari/537.36"
176.65.132.19 - - [26/Feb/2026:20:37:25 +0530] "GET /wp-admin/plugins.php HTTP/1.1" 503 18943 "https://SINAXIS.IN/wp-login.php" "Mozilla/5.0 (Windows NT 11.0; Win64; x64) AppleWebKit/537.36 (KHTML, like Gecko) Chrome/119.0.0.0 Safari/537.36"
176.65.132.19 - - [26/Feb/2026:20:37:27 +0530] "POST /wp-login.php HTTP/1.1" 503 18030 "https://SINAXIS.IN/wp-login.php" "Mozilla/5.0 (Windows NT 11.0; Win64; x64; rv:119.0) Gecko/20100101 Firefox/119.0"
164.52.204.12 - - [26/Feb/2026:20:37:31 +0530] "POST /wp-cron.php?doing_wp_cron=1772118451.0412130355834960937500 HTTP/1.1" 200 - "-" "WordPress/6.9.1; https://sinaxis.in"
164.52.204.12 - - [26/Feb/2026:20:37:30 +0530] "POST /?wordfence_syncAttackData=1772118450.2562 HTTP/1.1" 200 - "-" "WordPress/6.9.1; https://sinaxis.in"
176.65.132.19 - - [26/Feb/2026:20:37:29 +0530] "GET /wp-admin/index.php HTTP/1.1" 503 18943 "https://SINAXIS.IN/wp-login.php" "Mozilla/5.0 (Windows NT 11.0; Win64; x64) AppleWebKit/537.36 (KHTML, like Gecko) Chrome/119.0.0.0 Safari/537.36"
176.65.132.19 - - [26/Feb/2026:20:37:32 +0530] "GET /wp-admin/profile.php HTTP/1.1" 503 18943 "https://SINAXIS.IN/wp-login.php" "Mozilla/5.0 (Windows NT 11.0; Win64; x64) AppleWebKit/537.36 (KHTML, like Gecko) Chrome/119.0.0.0 Safari/537.36"
176.65.132.19 - - [26/Feb/2026:20:37:35 +0530] "GET /wp-admin/edit.php HTTP/1.1" 503 18943 "https://SINAXIS.IN/wp-login.php" "Mozilla/5.0 (Windows NT 11.0; Win64; x64) AppleWebKit/537.36 (KHTML, like Gecko) Chrome/119.0.0.0 Safari/537.36"
176.65.132.19 - - [26/Feb/2026:20:37:38 +0530] "GET /wp-admin/plugins.php HTTP/1.1" 503 18943 "https://SINAXIS.IN/wp-login.php" "Mozilla/5.0 (Windows NT 11.0; Win64; x64) AppleWebKit/537.36 (KHTML, like Gecko) Chrome/119.0.0.0 Safari/537.36"
176.65.132.19 - - [26/Feb/2026:20:37:40 +0530] "POST /wp-login.php HTTP/1.1" 503 18030 "https://SINAXIS.IN/wp-login.php" "Mozilla/5.0 (Macintosh; Intel Mac OS X 13_6_1) AppleWebKit/605.1.15 (KHTML, like Gecko) Version/17.0 Safari/605.1.15"
164.52.204.12 - - [26/Feb/2026:20:37:42 +0530] "POST /?wordfence_syncAttackData=1772118462.3541 HTTP/1.1" 200 - "-" "WordPress/6.9.1; https://sinaxis.in"
176.65.132.19 - - [26/Feb/2026:20:37:41 +0530] "GET /wp-admin/index.php HTTP/1.1" 503 18943 "https://SINAXIS.IN/wp-login.php" "Mozilla/5.0 (X11; Ubuntu; Linux x86_64) AppleWebKit/537.36 (KHTML, like Gecko) Chrome/119.0.0.0 Safari/537.36"
176.65.132.19 - - [26/Feb/2026:20:37:44 +0530] "GET /wp-admin/profile.php HTTP/1.1" 503 18943 "https://SINAXIS.IN/wp-login.php" "Mozilla/5.0 (X11; Ubuntu; Linux x86_64) AppleWebKit/537.36 (KHTML, like Gecko) Chrome/119.0.0.0 Safari/537.36"
176.65.132.19 - - [26/Feb/2026:20:37:46 +0530] "GET /wp-admin/edit.php HTTP/1.1" 503 18943 "https://SINAXIS.IN/wp-login.php" "Mozilla/5.0 (X11; Ubuntu; Linux x86_64) AppleWebKit/537.36 (KHTML, like Gecko) Chrome/119.0.0.0 Safari/537.36"
176.65.132.19 - - [26/Feb/2026:20:37:48 +0530] "GET /wp-admin/plugins.php HTTP/1.1" 503 18943 "https://SINAXIS.IN/wp-login.php" "Mozilla/5.0 (X11; Ubuntu; Linux x86_64) AppleWebKit/537.36 (KHTML, like Gecko) Chrome/119.0.0.0 Safari/537.36"
176.65.132.19 - - [26/Feb/2026:20:37:50 +0530] "POST /wp-login.php HTTP/1.1" 503 18030 "https://SINAXIS.IN/wp-login.php" "Mozilla/5.0 (Macintosh; Intel Mac OS X 10_15_7) AppleWebKit/605.1.15 (KHTML, like Gecko) Version/17.0 Safari/605.1.15"
176.65.132.19 - - [26/Feb/2026:20:37:51 +0530] "GET /wp-admin/index.php HTTP/1.1" 503 18943 "https://SINAXIS.IN/wp-login.php" "Mozilla/5.0 (Macintosh; Intel Mac OS X 10_15_7; rv:120.0) Gecko/20100101 Firefox/120.0"
164.52.204.12 - - [26/Feb/2026:20:37:53 +0530] "POST /?wordfence_syncAttackData=1772118473.6981 HTTP/1.1" 200 - "-" "WordPress/6.9.1; https://sinaxis.in"
176.65.132.19 - - [26/Feb/2026:20:37:53 +0530] "GET /wp-admin/profile.php HTTP/1.1" 503 18943 "https://SINAXIS.IN/wp-login.php" "Mozilla/5.0 (Macintosh; Intel Mac OS X 10_15_7; rv:120.0) Gecko/20100101 Firefox/120.0"
176.65.132.19 - - [26/Feb/2026:20:37:56 +0530] "GET /wp-admin/edit.php HTTP/1.1" 503 18943 "https://SINAXIS.IN/wp-login.php" "Mozilla/5.0 (Macintosh; Intel Mac OS X 10_15_7; rv:120.0) Gecko/20100101 Firefox/120.0"
176.65.132.19 - - [26/Feb/2026:20:37:58 +0530] "GET /wp-admin/plugins.php HTTP/1.1" 503 18943 "https://SINAXIS.IN/wp-login.php" "Mozilla/5.0 (Macintosh; Intel Mac OS X 10_15_7; rv:120.0) Gecko/20100101 Firefox/120.0"
176.65.132.19 - - [26/Feb/2026:20:38:00 +0530] "POST /wp-login.php HTTP/1.1" 503 18030 "https://SINAXIS.IN/wp-login.php" "Mozilla/5.0 (X11; Linux x86_64) AppleWebKit/537.36 (KHTML, like Gecko) Chrome/120.0.0.0 Safari/537.36"
176.65.132.19 - - [26/Feb/2026:20:38:02 +0530] "GET /wp-admin/index.php HTTP/1.1" 503 18943 "https://SINAXIS.IN/wp-login.php" "Mozilla/5.0 (X11; Linux x86_64) AppleWebKit/537.36 (KHTML, like Gecko) Chrome/120.0.0.0 Safari/537.36"
164.52.204.12 - - [26/Feb/2026:20:38:05 +0530] "POST /wp-cron.php?doing_wp_cron=1772118485.8738460540771484375000 HTTP/1.1" 200 - "-" "WordPress/6.9.1; https://sinaxis.in"
164.52.204.12 - - [26/Feb/2026:20:38:05 +0530] "POST /?wordfence_syncAttackData=1772118485.0397 HTTP/1.1" 200 - "-" "WordPress/6.9.1; https://sinaxis.in"
176.65.132.19 - - [26/Feb/2026:20:38:04 +0530] "GET /wp-admin/profile.php HTTP/1.1" 503 18943 "https://SINAXIS.IN/wp-login.php" "Mozilla/5.0 (X11; Linux x86_64) AppleWebKit/537.36 (KHTML, like Gecko) Chrome/120.0.0.0 Safari/537.36"
176.65.132.19 - - [26/Feb/2026:20:38:07 +0530] "GET /wp-admin/edit.php HTTP/1.1" 503 18943 "https://SINAXIS.IN/wp-login.php" "Mozilla/5.0 (X11; Linux x86_64) AppleWebKit/537.36 (KHTML, like Gecko) Chrome/120.0.0.0 Safari/537.36"
176.65.132.19 - - [26/Feb/2026:20:38:09 +0530] "GET /wp-admin/plugins.php HTTP/1.1" 503 18943 "https://SINAXIS.IN/wp-login.php" "Mozilla/5.0 (X11; Linux x86_64) AppleWebKit/537.36 (KHTML, like Gecko) Chrome/120.0.0.0 Safari/537.36"
176.65.132.19 - - [26/Feb/2026:20:38:11 +0530] "POST /wp-login.php HTTP/1.1" 503 18030 "https://SINAXIS.IN/wp-login.php" "Mozilla/5.0 (X11; Linux x86_64) AppleWebKit/537.36 (KHTML, like Gecko) Chrome/120.0.0.0 Safari/537.36"
164.52.204.12 - - [26/Feb/2026:20:38:14 +0530] "POST /?wordfence_syncAttackData=1772118494.4199 HTTP/1.1" 200 - "-" "WordPress/6.9.1; https://sinaxis.in"
176.65.132.19 - - [26/Feb/2026:20:38:13 +0530] "GET /wp-admin/index.php HTTP/1.1" 503 18943 "https://SINAXIS.IN/wp-login.php" "Mozilla/5.0 (Macintosh; Intel Mac OS X 10_15_7) AppleWebKit/537.36 (KHTML, like Gecko) Chrome/119.0.0.0 Safari/537.36"
176.65.132.19 - - [26/Feb/2026:20:38:16 +0530] "GET /wp-admin/profile.php HTTP/1.1" 503 18943 "https://SINAXIS.IN/wp-login.php" "Mozilla/5.0 (Macintosh; Intel Mac OS X 10_15_7) AppleWebKit/537.36 (KHTML, like Gecko) Chrome/119.0.0.0 Safari/537.36"
176.65.132.19 - - [26/Feb/2026:20:38:18 +0530] "GET /wp-admin/edit.php HTTP/1.1" 503 18943 "https://SINAXIS.IN/wp-login.php" "Mozilla/5.0 (Macintosh; Intel Mac OS X 10_15_7) AppleWebKit/537.36 (KHTML, like Gecko) Chrome/119.0.0.0 Safari/537.36"
176.65.132.19 - - [26/Feb/2026:20:38:20 +0530] "GET /wp-admin/plugins.php HTTP/1.1" 503 18943 "https://SINAXIS.IN/wp-login.php" "Mozilla/5.0 (Macintosh; Intel Mac OS X 10_15_7) AppleWebKit/537.36 (KHTML, like Gecko) Chrome/119.0.0.0 Safari/537.36"
176.65.132.19 - - [26/Feb/2026:20:38:23 +0530] "POST /wp-login.php HTTP/1.1" 503 18030 "https://SINAXIS.IN/wp-login.php" "Mozilla/5.0 (X11; Linux x86_64) AppleWebKit/537.36 (KHTML, like Gecko) Chrome/120.0.0.0 Safari/537.36"
164.52.204.12 - - [26/Feb/2026:20:38:25 +0530] "POST /?wordfence_syncAttackData=1772118505.4442 HTTP/1.1" 200 - "-" "WordPress/6.9.1; https://sinaxis.in"
176.65.132.19 - - [26/Feb/2026:20:38:24 +0530] "GET /wp-admin/index.php HTTP/1.1" 503 18943 "https://SINAXIS.IN/wp-login.php" "Mozilla/5.0 (Macintosh; Intel Mac OS X 10_15_7) AppleWebKit/537.36 (KHTML, like Gecko) Chrome/118.0.0.0 Safari/537.36"
176.65.132.19 - - [26/Feb/2026:20:38:27 +0530] "GET /wp-admin/profile.php HTTP/1.1" 503 18943 "https://SINAXIS.IN/wp-login.php" "Mozilla/5.0 (Macintosh; Intel Mac OS X 10_15_7) AppleWebKit/537.36 (KHTML, like Gecko) Chrome/118.0.0.0 Safari/537.36"
176.65.132.19 - - [26/Feb/2026:20:38:29 +0530] "GET /wp-admin/edit.php HTTP/1.1" 503 18943 "https://SINAXIS.IN/wp-login.php" "Mozilla/5.0 (Macintosh; Intel Mac OS X 10_15_7) AppleWebKit/537.36 (KHTML, like Gecko) Chrome/118.0.0.0 Safari/537.36"
176.65.132.19 - - [26/Feb/2026:20:38:31 +0530] "GET /wp-admin/plugins.php HTTP/1.1" 503 18943 "https://SINAXIS.IN/wp-login.php" "Mozilla/5.0 (Macintosh; Intel Mac OS X 10_15_7) AppleWebKit/537.36 (KHTML, like Gecko) Chrome/118.0.0.0 Safari/537.36"
176.65.132.19 - - [26/Feb/2026:20:38:33 +0530] "POST /wp-login.php HTTP/1.1" 503 18030 "https://SINAXIS.IN/wp-login.php" "Mozilla/5.0 (X11; Ubuntu; Linux x86_64) AppleWebKit/537.36 (KHTML, like Gecko) Chrome/120.0.0.0 Safari/537.36"
164.52.204.12 - - [26/Feb/2026:20:38:36 +0530] "POST /wp-cron.php?doing_wp_cron=1772118516.8609430789947509765625 HTTP/1.1" 200 - "-" "WordPress/6.9.1; https://sinaxis.in"
164.52.204.12 - - [26/Feb/2026:20:38:36 +0530] "POST /?wordfence_syncAttackData=1772118516.0393 HTTP/1.1" 200 - "-" "WordPress/6.9.1; https://sinaxis.in"
176.65.132.19 - - [26/Feb/2026:20:38:35 +0530] "GET /wp-admin/index.php HTTP/1.1" 503 18943 "https://SINAXIS.IN/wp-login.php" "Mozilla/5.0 (Windows NT 10.0; Win64; x64) AppleWebKit/537.36 (KHTML, like Gecko) Chrome/118.0.0.0 Safari/537.36"
176.65.132.19 - - [26/Feb/2026:20:38:38 +0530] "GET /wp-admin/profile.php HTTP/1.1" 503 18943 "https://SINAXIS.IN/wp-login.php" "Mozilla/5.0 (Windows NT 10.0; Win64; x64) AppleWebKit/537.36 (KHTML, like Gecko) Chrome/118.0.0.0 Safari/537.36"
176.65.132.19 - - [26/Feb/2026:20:38:40 +0530] "GET /wp-admin/edit.php HTTP/1.1" 503 18943 "https://SINAXIS.IN/wp-login.php" "Mozilla/5.0 (Windows NT 10.0; Win64; x64) AppleWebKit/537.36 (KHTML, like Gecko) Chrome/118.0.0.0 Safari/537.36"
176.65.132.19 - - [26/Feb/2026:20:38:43 +0530] "GET /wp-admin/plugins.php HTTP/1.1" 503 18943 "https://SINAXIS.IN/wp-login.php" "Mozilla/5.0 (Windows NT 10.0; Win64; x64) AppleWebKit/537.36 (KHTML, like Gecko) Chrome/118.0.0.0 Safari/537.36"
176.65.132.19 - - [26/Feb/2026:20:38:45 +0530] "POST /wp-login.php HTTP/1.1" 503 18030 "https://SINAXIS.IN/wp-login.php" "Mozilla/5.0 (Windows NT 10.0; Win64; x64) AppleWebKit/537.36 (KHTML, like Gecko) Chrome/118.0.0.0 Safari/537.36"
164.52.204.12 - - [26/Feb/2026:20:38:48 +0530] "POST /wp-cron.php?doing_wp_cron=1772118528.8916959762573242187500 HTTP/1.1" 200 - "-" "WordPress/6.9.1; https://sinaxis.in"
164.52.204.12 - - [26/Feb/2026:20:38:48 +0530] "POST /?wordfence_syncAttackData=1772118528.0903 HTTP/1.1" 200 - "-" "WordPress/6.9.1; https://sinaxis.in"
176.65.132.19 - - [26/Feb/2026:20:38:47 +0530] "GET /wp-admin/index.php HTTP/1.1" 503 18943 "https://SINAXIS.IN/wp-login.php" "Mozilla/5.0 (Windows NT 10.0; Win64; x64; rv:119.0) Gecko/20100101 Firefox/119.0"
176.65.132.19 - - [26/Feb/2026:20:38:50 +0530] "GET /wp-admin/profile.php HTTP/1.1" 503 18943 "https://SINAXIS.IN/wp-login.php" "Mozilla/5.0 (Windows NT 10.0; Win64; x64; rv:119.0) Gecko/20100101 Firefox/119.0"
176.65.132.19 - - [26/Feb/2026:20:38:52 +0530] "GET /wp-admin/edit.php HTTP/1.1" 503 18943 "https://SINAXIS.IN/wp-login.php" "Mozilla/5.0 (Windows NT 10.0; Win64; x64; rv:119.0) Gecko/20100101 Firefox/119.0"
176.65.132.19 - - [26/Feb/2026:20:38:54 +0530] "GET /wp-admin/plugins.php HTTP/1.1" 503 18943 "https://SINAXIS.IN/wp-login.php" "Mozilla/5.0 (Windows NT 10.0; Win64; x64; rv:119.0) Gecko/20100101 Firefox/119.0"
176.65.132.19 - - [26/Feb/2026:20:38:55 +0530] "POST /wp-login.php HTTP/1.1" 503 18030 "https://SINAXIS.IN/wp-login.php" "Mozilla/5.0 (Windows NT 10.0; Win64; x64) AppleWebKit/537.36 (KHTML, like Gecko) Chrome/118.0.0.0 Safari/537.36"
164.52.204.12 - - [26/Feb/2026:20:38:58 +0530] "POST /?wordfence_syncAttackData=1772118538.3494 HTTP/1.1" 200 - "-" "WordPress/6.9.1; https://sinaxis.in"
176.65.132.19 - - [26/Feb/2026:20:38:57 +0530] "GET /wp-admin/index.php HTTP/1.1" 503 18943 "https://SINAXIS.IN/wp-login.php" "Mozilla/5.0 (Macintosh; Intel Mac OS X 13_6_1) AppleWebKit/605.1.15 (KHTML, like Gecko) Version/17.0 Safari/605.1.15"
176.65.132.19 - - [26/Feb/2026:20:39:00 +0530] "GET /wp-admin/profile.php HTTP/1.1" 503 18943 "https://SINAXIS.IN/wp-login.php" "Mozilla/5.0 (Macintosh; Intel Mac OS X 13_6_1) AppleWebKit/605.1.15 (KHTML, like Gecko) Version/17.0 Safari/605.1.15"
176.65.132.19 - - [26/Feb/2026:20:39:02 +0530] "GET /wp-admin/edit.php HTTP/1.1" 503 18943 "https://SINAXIS.IN/wp-login.php" "Mozilla/5.0 (Macintosh; Intel Mac OS X 13_6_1) AppleWebKit/605.1.15 (KHTML, like Gecko) Version/17.0 Safari/605.1.15"
176.65.132.19 - - [26/Feb/2026:20:39:04 +0530] "GET /wp-admin/plugins.php HTTP/1.1" 503 18943 "https://SINAXIS.IN/wp-login.php" "Mozilla/5.0 (Macintosh; Intel Mac OS X 13_6_1) AppleWebKit/605.1.15 (KHTML, like Gecko) Version/17.0 Safari/605.1.15"
176.65.132.19 - - [26/Feb/2026:20:39:06 +0530] "POST /wp-login.php HTTP/1.1" 503 18030 "https://SINAXIS.IN/wp-login.php" "Mozilla/5.0 (Windows NT 10.0; Win64; x64; rv:119.0) Gecko/20100101 Firefox/119.0"
164.52.204.12 - - [26/Feb/2026:20:39:10 +0530] "POST /?wordfence_syncAttackData=1772118550.2921 HTTP/1.1" 200 - "-" "WordPress/6.9.1; https://sinaxis.in"
176.65.132.19 - - [26/Feb/2026:20:39:09 +0530] "GET /wp-admin/index.php HTTP/1.1" 503 18943 "https://SINAXIS.IN/wp-login.php" "Mozilla/5.0 (Macintosh; Intel Mac OS X 13_6_1) AppleWebKit/605.1.15 (KHTML, like Gecko) Version/16.6 Safari/605.1.15"
176.65.132.19 - - [26/Feb/2026:20:39:12 +0530] "GET /wp-admin/profile.php HTTP/1.1" 503 18943 "https://SINAXIS.IN/wp-login.php" "Mozilla/5.0 (Macintosh; Intel Mac OS X 13_6_1) AppleWebKit/605.1.15 (KHTML, like Gecko) Version/16.6 Safari/605.1.15"
176.65.132.19 - - [26/Feb/2026:20:39:13 +0530] "GET /wp-admin/edit.php HTTP/1.1" 503 18943 "https://SINAXIS.IN/wp-login.php" "Mozilla/5.0 (Macintosh; Intel Mac OS X 13_6_1) AppleWebKit/605.1.15 (KHTML, like Gecko) Version/16.6 Safari/605.1.15"
176.65.132.19 - - [26/Feb/2026:20:39:16 +0530] "GET /wp-admin/plugins.php HTTP/1.1" 503 18943 "https://SINAXIS.IN/wp-login.php" "Mozilla/5.0 (Macintosh; Intel Mac OS X 13_6_1) AppleWebKit/605.1.15 (KHTML, like Gecko) Version/16.6 Safari/605.1.15"
176.65.132.19 - - [26/Feb/2026:20:39:18 +0530] "POST /wp-login.php HTTP/1.1" 503 18030 "https://SINAXIS.IN/wp-login.php" "Mozilla/5.0 (Macintosh; Intel Mac OS X 13_6_1) AppleWebKit/537.36 (KHTML, like Gecko) Chrome/118.0.0.0 Safari/537.36"
164.52.204.12 - - [26/Feb/2026:20:39:21 +0530] "POST /?wordfence_syncAttackData=1772118561.6684 HTTP/1.1" 200 - "-" "WordPress/6.9.1; https://sinaxis.in"
176.65.132.19 - - [26/Feb/2026:20:39:20 +0530] "GET /wp-admin/index.php HTTP/1.1" 503 18943 "https://SINAXIS.IN/wp-login.php" "Mozilla/5.0 (Windows NT 10.0; Win64; x64; rv:118.0) Gecko/20100101 Firefox/118.0"
176.65.132.19 - - [26/Feb/2026:20:39:24 +0530] "GET /wp-admin/profile.php HTTP/1.1" 503 18943 "https://SINAXIS.IN/wp-login.php" "Mozilla/5.0 (Windows NT 10.0; Win64; x64; rv:118.0) Gecko/20100101 Firefox/118.0"
176.65.132.19 - - [26/Feb/2026:20:39:26 +0530] "GET /wp-admin/edit.php HTTP/1.1" 503 18943 "https://SINAXIS.IN/wp-login.php" "Mozilla/5.0 (Windows NT 10.0; Win64; x64; rv:118.0) Gecko/20100101 Firefox/118.0"
176.65.132.19 - - [26/Feb/2026:20:39:29 +0530] "GET /wp-admin/plugins.php HTTP/1.1" 503 18943 "https://SINAXIS.IN/wp-login.php" "Mozilla/5.0 (Windows NT 10.0; Win64; x64; rv:118.0) Gecko/20100101 Firefox/118.0"
176.65.132.19 - - [26/Feb/2026:20:39:31 +0530] "POST /wp-login.php HTTP/1.1" 503 18030 "https://SINAXIS.IN/wp-login.php" "Mozilla/5.0 (Macintosh; Intel Mac OS X 13_6_1; rv:119.0) Gecko/20100101 Firefox/119.0"
164.52.204.12 - - [26/Feb/2026:20:39:34 +0530] "POST /wp-cron.php?doing_wp_cron=1772118574.5017650127410888671875 HTTP/1.1" 200 - "-" "WordPress/6.9.1; https://sinaxis.in"
164.52.204.12 - - [26/Feb/2026:20:39:33 +0530] "POST /?wordfence_syncAttackData=1772118573.7091 HTTP/1.1" 200 - "-" "WordPress/6.9.1; https://sinaxis.in"
176.65.132.19 - - [26/Feb/2026:20:39:33 +0530] "GET /wp-admin/index.php HTTP/1.1" 503 18943 "https://SINAXIS.IN/wp-login.php" "Mozilla/5.0 (Windows NT 10.0; Win64; x64; rv:121.0) Gecko/20100101 Firefox/121.0"
176.65.132.19 - - [26/Feb/2026:20:39:36 +0530] "GET /wp-admin/profile.php HTTP/1.1" 503 18943 "https://SINAXIS.IN/wp-login.php" "Mozilla/5.0 (Windows NT 10.0; Win64; x64; rv:121.0) Gecko/20100101 Firefox/121.0"
176.65.132.19 - - [26/Feb/2026:20:39:38 +0530] "GET /wp-admin/edit.php HTTP/1.1" 503 18943 "https://SINAXIS.IN/wp-login.php" "Mozilla/5.0 (Windows NT 10.0; Win64; x64; rv:121.0) Gecko/20100101 Firefox/121.0"
176.65.132.19 - - [26/Feb/2026:20:39:40 +0530] "GET /wp-admin/plugins.php HTTP/1.1" 503 18943 "https://SINAXIS.IN/wp-login.php" "Mozilla/5.0 (Windows NT 10.0; Win64; x64; rv:121.0) Gecko/20100101 Firefox/121.0"
176.65.132.19 - - [26/Feb/2026:20:39:43 +0530] "POST /wp-login.php HTTP/1.1" 503 18030 "https://SINAXIS.IN/wp-login.php" "Mozilla/5.0 (Macintosh; Intel Mac OS X 13_6_1; rv:119.0) Gecko/20100101 Firefox/119.0"
164.52.204.12 - - [26/Feb/2026:20:39:45 +0530] "POST /?wordfence_syncAttackData=1772118585.6174 HTTP/1.1" 200 - "-" "WordPress/6.9.1; https://sinaxis.in"
176.65.132.19 - - [26/Feb/2026:20:39:44 +0530] "GET /wp-admin/index.php HTTP/1.1" 503 18943 "https://SINAXIS.IN/wp-login.php" "Mozilla/5.0 (X11; Linux x86_64) AppleWebKit/537.36 (KHTML, like Gecko) Chrome/119.0.0.0 Safari/537.36"
176.65.132.19 - - [26/Feb/2026:20:39:48 +0530] "GET /wp-admin/profile.php HTTP/1.1" 503 18943 "https://SINAXIS.IN/wp-login.php" "Mozilla/5.0 (X11; Linux x86_64) AppleWebKit/537.36 (KHTML, like Gecko) Chrome/119.0.0.0 Safari/537.36"
176.65.132.19 - - [26/Feb/2026:20:39:50 +0530] "GET /wp-admin/edit.php HTTP/1.1" 503 18943 "https://SINAXIS.IN/wp-login.php" "Mozilla/5.0 (X11; Linux x86_64) AppleWebKit/537.36 (KHTML, like Gecko) Chrome/119.0.0.0 Safari/537.36"
176.65.132.19 - - [26/Feb/2026:20:39:52 +0530] "GET /wp-admin/plugins.php HTTP/1.1" 503 18943 "https://SINAXIS.IN/wp-login.php" "Mozilla/5.0 (X11; Linux x86_64) AppleWebKit/537.36 (KHTML, like Gecko) Chrome/119.0.0.0 Safari/537.36"
176.65.132.19 - - [26/Feb/2026:20:39:54 +0530] "POST /wp-login.php HTTP/1.1" 503 18030 "https://SINAXIS.IN/wp-login.php" "Mozilla/5.0 (Macintosh; Intel Mac OS X 10_15_7) AppleWebKit/537.36 (KHTML, like Gecko) Chrome/118.0.0.0 Safari/537.36"
164.52.204.12 - - [26/Feb/2026:20:39:57 +0530] "POST /wp-cron.php?doing_wp_cron=1772118597.1716930866241455078125 HTTP/1.1" 200 - "-" "WordPress/6.9.1; https://sinaxis.in"
164.52.204.12 - - [26/Feb/2026:20:39:56 +0530] "POST /?wordfence_syncAttackData=1772118596.2889 HTTP/1.1" 200 - "-" "WordPress/6.9.1; https://sinaxis.in"
176.65.132.19 - - [26/Feb/2026:20:39:55 +0530] "GET /wp-admin/index.php HTTP/1.1" 503 18943 "https://SINAXIS.IN/wp-login.php" "Mozilla/5.0 (X11; Linux x86_64) AppleWebKit/537.36 (KHTML, like Gecko) Chrome/119.0.0.0 Safari/537.36"
176.65.132.19 - - [26/Feb/2026:20:39:58 +0530] "GET /wp-admin/profile.php HTTP/1.1" 503 18943 "https://SINAXIS.IN/wp-login.php" "Mozilla/5.0 (X11; Linux x86_64) AppleWebKit/537.36 (KHTML, like Gecko) Chrome/119.0.0.0 Safari/537.36"
176.65.132.19 - - [26/Feb/2026:20:40:00 +0530] "GET /wp-admin/edit.php HTTP/1.1" 503 18943 "https://SINAXIS.IN/wp-login.php" "Mozilla/5.0 (X11; Linux x86_64) AppleWebKit/537.36 (KHTML, like Gecko) Chrome/119.0.0.0 Safari/537.36"
176.65.132.19 - - [26/Feb/2026:20:40:03 +0530] "GET /wp-admin/plugins.php HTTP/1.1" 503 18943 "https://SINAXIS.IN/wp-login.php" "Mozilla/5.0 (X11; Linux x86_64) AppleWebKit/537.36 (KHTML, like Gecko) Chrome/119.0.0.0 Safari/537.36"
176.65.132.19 - - [26/Feb/2026:20:40:05 +0530] "POST /wp-login.php HTTP/1.1" 503 18030 "https://SINAXIS.IN/wp-login.php" "Mozilla/5.0 (Macintosh; Intel Mac OS X 10_15_7) AppleWebKit/537.36 (KHTML, like Gecko) Chrome/118.0.0.0 Safari/537.36"
164.52.204.12 - - [26/Feb/2026:20:40:07 +0530] "POST /?wordfence_syncAttackData=1772118607.7956 HTTP/1.1" 200 - "-" "WordPress/6.9.1; https://sinaxis.in"
176.65.132.19 - - [26/Feb/2026:20:40:07 +0530] "GET /wp-admin/index.php HTTP/1.1" 503 18943 "https://SINAXIS.IN/wp-login.php" "Mozilla/5.0 (Macintosh; Intel Mac OS X 13_6_1; rv:121.0) Gecko/20100101 Firefox/121.0"
176.65.132.19 - - [26/Feb/2026:20:40:09 +0530] "GET /wp-admin/profile.php HTTP/1.1" 503 18943 "https://SINAXIS.IN/wp-login.php" "Mozilla/5.0 (Macintosh; Intel Mac OS X 13_6_1; rv:121.0) Gecko/20100101 Firefox/121.0"
176.65.132.19 - - [26/Feb/2026:20:40:11 +0530] "GET /wp-admin/edit.php HTTP/1.1" 503 18943 "https://SINAXIS.IN/wp-login.php" "Mozilla/5.0 (Macintosh; Intel Mac OS X 13_6_1; rv:121.0) Gecko/20100101 Firefox/121.0"
176.65.132.19 - - [26/Feb/2026:20:40:13 +0530] "GET /wp-admin/plugins.php HTTP/1.1" 503 18943 "https://SINAXIS.IN/wp-login.php" "Mozilla/5.0 (Macintosh; Intel Mac OS X 13_6_1; rv:121.0) Gecko/20100101 Firefox/121.0"
176.65.132.19 - - [26/Feb/2026:20:40:15 +0530] "POST /wp-login.php HTTP/1.1" 503 18030 "https://SINAXIS.IN/wp-login.php" "Mozilla/5.0 (Macintosh; Intel Mac OS X 13_6_1; rv:119.0) Gecko/20100101 Firefox/119.0"
164.52.204.12 - - [26/Feb/2026:20:40:17 +0530] "POST /wp-cron.php?doing_wp_cron=1772118617.8211100101470947265625 HTTP/1.1" 200 - "-" "WordPress/6.9.1; https://sinaxis.in"
164.52.204.12 - - [26/Feb/2026:20:40:17 +0530] "POST /?wordfence_syncAttackData=1772118617.009 HTTP/1.1" 200 - "-" "WordPress/6.9.1; https://sinaxis.in"
176.65.132.19 - - [26/Feb/2026:20:40:16 +0530] "GET /wp-admin/index.php HTTP/1.1" 503 18943 "https://SINAXIS.IN/wp-login.php" "Mozilla/5.0 (Windows NT 10.0; Win64; x64; rv:118.0) Gecko/20100101 Firefox/118.0"
176.65.132.19 - - [26/Feb/2026:20:40:19 +0530] "GET /wp-admin/profile.php HTTP/1.1" 503 18943 "https://SINAXIS.IN/wp-login.php" "Mozilla/5.0 (Windows NT 10.0; Win64; x64; rv:118.0) Gecko/20100101 Firefox/118.0"
176.65.132.19 - - [26/Feb/2026:20:40:20 +0530] "GET /wp-admin/edit.php HTTP/1.1" 503 18943 "https://SINAXIS.IN/wp-login.php" "Mozilla/5.0 (Windows NT 10.0; Win64; x64; rv:118.0) Gecko/20100101 Firefox/118.0"
176.65.132.19 - - [26/Feb/2026:20:40:22 +0530] "GET /wp-admin/plugins.php HTTP/1.1" 503 18943 "https://SINAXIS.IN/wp-login.php" "Mozilla/5.0 (Windows NT 10.0; Win64; x64; rv:118.0) Gecko/20100101 Firefox/118.0"
176.65.132.19 - - [26/Feb/2026:20:40:25 +0530] "POST /wp-login.php HTTP/1.1" 503 18030 "https://SINAXIS.IN/wp-login.php" "Mozilla/5.0 (X11; Linux x86_64) AppleWebKit/537.36 (KHTML, like Gecko) Chrome/119.0.0.0 Safari/537.36"
164.52.204.12 - - [26/Feb/2026:20:40:29 +0530] "POST /wp-cron.php?doing_wp_cron=1772118629.1476609706878662109375 HTTP/1.1" 200 - "-" "WordPress/6.9.1; https://sinaxis.in"
164.52.204.12 - - [26/Feb/2026:20:40:28 +0530] "POST /?wordfence_syncAttackData=1772118628.3553 HTTP/1.1" 200 - "-" "WordPress/6.9.1; https://sinaxis.in"
176.65.132.19 - - [26/Feb/2026:20:40:27 +0530] "GET /wp-admin/index.php HTTP/1.1" 503 18943 "https://SINAXIS.IN/wp-login.php" "Mozilla/5.0 (Windows NT 11.0; Win64; x64) AppleWebKit/537.36 (KHTML, like Gecko) Chrome/118.0.0.0 Safari/537.36"
176.65.132.19 - - [26/Feb/2026:20:40:30 +0530] "GET /wp-admin/profile.php HTTP/1.1" 503 18943 "https://SINAXIS.IN/wp-login.php" "Mozilla/5.0 (Windows NT 11.0; Win64; x64) AppleWebKit/537.36 (KHTML, like Gecko) Chrome/118.0.0.0 Safari/537.36"
176.65.132.19 - - [26/Feb/2026:20:40:32 +0530] "GET /wp-admin/edit.php HTTP/1.1" 503 18943 "https://SINAXIS.IN/wp-login.php" "Mozilla/5.0 (Windows NT 11.0; Win64; x64) AppleWebKit/537.36 (KHTML, like Gecko) Chrome/118.0.0.0 Safari/537.36"
176.65.132.19 - - [26/Feb/2026:20:40:34 +0530] "GET /wp-admin/plugins.php HTTP/1.1" 503 18943 "https://SINAXIS.IN/wp-login.php" "Mozilla/5.0 (Windows NT 11.0; Win64; x64) AppleWebKit/537.36 (KHTML, like Gecko) Chrome/118.0.0.0 Safari/537.36"
176.65.132.19 - - [26/Feb/2026:20:40:36 +0530] "POST /wp-login.php HTTP/1.1" 503 18030 "https://SINAXIS.IN/wp-login.php" "Mozilla/5.0 (Macintosh; Intel Mac OS X 13_6_1) AppleWebKit/605.1.15 (KHTML, like Gecko) Version/17.2 Safari/605.1.15"
176.65.132.19 - - [26/Feb/2026:20:40:37 +0530] "GET /wp-admin/index.php HTTP/1.1" 503 18943 "https://SINAXIS.IN/wp-login.php" "Mozilla/5.0 (Macintosh; Intel Mac OS X 13_6_1) AppleWebKit/537.36 (KHTML, like Gecko) Chrome/119.0.0.0 Safari/537.36"
164.52.204.12 - - [26/Feb/2026:20:40:40 +0530] "POST /wp-cron.php?doing_wp_cron=1772118640.9424510002136230468750 HTTP/1.1" 200 - "-" "WordPress/6.9.1; https://sinaxis.in"
164.52.204.12 - - [26/Feb/2026:20:40:40 +0530] "POST /?wordfence_syncAttackData=1772118640.1501 HTTP/1.1" 200 - "-" "WordPress/6.9.1; https://sinaxis.in"
176.65.132.19 - - [26/Feb/2026:20:40:39 +0530] "GET /wp-admin/profile.php HTTP/1.1" 503 18943 "https://SINAXIS.IN/wp-login.php" "Mozilla/5.0 (Macintosh; Intel Mac OS X 13_6_1) AppleWebKit/537.36 (KHTML, like Gecko) Chrome/119.0.0.0 Safari/537.36"
176.65.132.19 - - [26/Feb/2026:20:40:42 +0530] "GET /wp-admin/edit.php HTTP/1.1" 503 18943 "https://SINAXIS.IN/wp-login.php" "Mozilla/5.0 (Macintosh; Intel Mac OS X 13_6_1) AppleWebKit/537.36 (KHTML, like Gecko) Chrome/119.0.0.0 Safari/537.36"
176.65.132.19 - - [26/Feb/2026:20:40:45 +0530] "GET /wp-admin/plugins.php HTTP/1.1" 503 18943 "https://SINAXIS.IN/wp-login.php" "Mozilla/5.0 (Macintosh; Intel Mac OS X 13_6_1) AppleWebKit/537.36 (KHTML, like Gecko) Chrome/119.0.0.0 Safari/537.36"
176.65.132.19 - - [26/Feb/2026:20:40:47 +0530] "POST /wp-login.php HTTP/1.1" 503 18030 "https://SINAXIS.IN/wp-login.php" "Mozilla/5.0 (Macintosh; Intel Mac OS X 10_15_7) AppleWebKit/537.36 (KHTML, like Gecko) Chrome/121.0.0.0 Safari/537.36"
164.52.204.12 - - [26/Feb/2026:20:40:49 +0530] "POST /?wordfence_syncAttackData=1772118649.5856 HTTP/1.1" 200 - "-" "WordPress/6.9.1; https://sinaxis.in"
176.65.132.19 - - [26/Feb/2026:20:40:48 +0530] "GET /wp-admin/index.php HTTP/1.1" 503 18943 "https://SINAXIS.IN/wp-login.php" "Mozilla/5.0 (Windows NT 11.0; Win64; x64; rv:118.0) Gecko/20100101 Firefox/118.0"
176.65.132.19 - - [26/Feb/2026:20:40:51 +0530] "GET /wp-admin/profile.php HTTP/1.1" 503 18943 "https://SINAXIS.IN/wp-login.php" "Mozilla/5.0 (Windows NT 11.0; Win64; x64; rv:118.0) Gecko/20100101 Firefox/118.0"
176.65.132.19 - - [26/Feb/2026:20:40:53 +0530] "GET /wp-admin/edit.php HTTP/1.1" 503 18943 "https://SINAXIS.IN/wp-login.php" "Mozilla/5.0 (Windows NT 11.0; Win64; x64; rv:118.0) Gecko/20100101 Firefox/118.0"
176.65.132.19 - - [26/Feb/2026:20:40:56 +0530] "GET /wp-admin/plugins.php HTTP/1.1" 503 18943 "https://SINAXIS.IN/wp-login.php" "Mozilla/5.0 (Windows NT 11.0; Win64; x64; rv:118.0) Gecko/20100101 Firefox/118.0"
176.65.132.19 - - [26/Feb/2026:20:40:58 +0530] "POST /wp-login.php HTTP/1.1" 503 18030 "https://SINAXIS.IN/wp-login.php" "Mozilla/5.0 (Macintosh; Intel Mac OS X 10_15_7) AppleWebKit/537.36 (KHTML, like Gecko) Chrome/120.0.0.0 Safari/537.36"
164.52.204.12 - - [26/Feb/2026:20:41:02 +0530] "POST /wp-cron.php?doing_wp_cron=1772118662.2091820240020751953125 HTTP/1.1" 200 - "-" "WordPress/6.9.1; https://sinaxis.in"
164.52.204.12 - - [26/Feb/2026:20:41:01 +0530] "POST /?wordfence_syncAttackData=1772118661.3341 HTTP/1.1" 200 - "-" "WordPress/6.9.1; https://sinaxis.in"
176.65.132.19 - - [26/Feb/2026:20:41:00 +0530] "GET /wp-admin/index.php HTTP/1.1" 503 18943 "https://SINAXIS.IN/wp-login.php" "Mozilla/5.0 (Windows NT 10.0; Win64; x64; rv:121.0) Gecko/20100101 Firefox/121.0"
176.65.132.19 - - [26/Feb/2026:20:41:04 +0530] "GET /wp-admin/profile.php HTTP/1.1" 503 18943 "https://SINAXIS.IN/wp-login.php" "Mozilla/5.0 (Windows NT 10.0; Win64; x64; rv:121.0) Gecko/20100101 Firefox/121.0"
176.65.132.19 - - [26/Feb/2026:20:41:06 +0530] "GET /wp-admin/edit.php HTTP/1.1" 503 18943 "https://SINAXIS.IN/wp-login.php" "Mozilla/5.0 (Windows NT 10.0; Win64; x64; rv:121.0) Gecko/20100101 Firefox/121.0"
176.65.132.19 - - [26/Feb/2026:20:41:08 +0530] "GET /wp-admin/plugins.php HTTP/1.1" 503 18943 "https://SINAXIS.IN/wp-login.php" "Mozilla/5.0 (Windows NT 10.0; Win64; x64; rv:121.0) Gecko/20100101 Firefox/121.0"
176.65.132.19 - - [26/Feb/2026:20:41:10 +0530] "POST /wp-login.php HTTP/1.1" 503 18030 "https://SINAXIS.IN/wp-login.php" "Mozilla/5.0 (Macintosh; Intel Mac OS X 10_15_7; rv:120.0) Gecko/20100101 Firefox/120.0"
164.52.204.12 - - [26/Feb/2026:20:41:12 +0530] "POST /?wordfence_syncAttackData=1772118672.8533 HTTP/1.1" 200 - "-" "WordPress/6.9.1; https://sinaxis.in"
176.65.132.19 - - [26/Feb/2026:20:41:12 +0530] "GET /wp-admin/index.php HTTP/1.1" 503 18943 "https://SINAXIS.IN/wp-login.php" "Mozilla/5.0 (Macintosh; Intel Mac OS X 10_15_7; rv:121.0) Gecko/20100101 Firefox/121.0"
176.65.132.19 - - [26/Feb/2026:20:41:15 +0530] "GET /wp-admin/profile.php HTTP/1.1" 503 18943 "https://SINAXIS.IN/wp-login.php" "Mozilla/5.0 (Macintosh; Intel Mac OS X 10_15_7; rv:121.0) Gecko/20100101 Firefox/121.0"
176.65.132.19 - - [26/Feb/2026:20:41:17 +0530] "GET /wp-admin/edit.php HTTP/1.1" 503 18943 "https://SINAXIS.IN/wp-login.php" "Mozilla/5.0 (Macintosh; Intel Mac OS X 10_15_7; rv:121.0) Gecko/20100101 Firefox/121.0"
176.65.132.19 - - [26/Feb/2026:20:41:19 +0530] "GET /wp-admin/plugins.php HTTP/1.1" 503 18943 "https://SINAXIS.IN/wp-login.php" "Mozilla/5.0 (Macintosh; Intel Mac OS X 10_15_7; rv:121.0) Gecko/20100101 Firefox/121.0"
176.65.132.19 - - [26/Feb/2026:20:41:21 +0530] "POST /wp-login.php HTTP/1.1" 503 18030 "https://SINAXIS.IN/wp-login.php" "Mozilla/5.0 (Macintosh; Intel Mac OS X 13_6_1) AppleWebKit/605.1.15 (KHTML, like Gecko) Version/16.6 Safari/605.1.15"
