164.52.204.12 - - [26/Feb/2026:20:41:23 +0530] "POST /?wordfence_syncAttackData=1772118683.9133 HTTP/1.1" 200 - "-" "WordPress/6.9.1; https://sinaxis.in"
176.65.132.19 - - [26/Feb/2026:20:41:23 +0530] "GET /wp-admin/index.php HTTP/1.1" 503 18943 "https://SINAXIS.IN/wp-login.php" "Mozilla/5.0 (Macintosh; Intel Mac OS X 10_15_7) AppleWebKit/605.1.15 (KHTML, like Gecko) Version/17.2 Safari/605.1.15"
176.65.132.19 - - [26/Feb/2026:20:41:26 +0530] "GET /wp-admin/profile.php HTTP/1.1" 503 18943 "https://SINAXIS.IN/wp-login.php" "Mozilla/5.0 (Macintosh; Intel Mac OS X 10_15_7) AppleWebKit/605.1.15 (KHTML, like Gecko) Version/17.2 Safari/605.1.15"
176.65.132.19 - - [26/Feb/2026:20:41:29 +0530] "GET /wp-admin/edit.php HTTP/1.1" 503 18943 "https://SINAXIS.IN/wp-login.php" "Mozilla/5.0 (Macintosh; Intel Mac OS X 10_15_7) AppleWebKit/605.1.15 (KHTML, like Gecko) Version/17.2 Safari/605.1.15"
176.65.132.19 - - [26/Feb/2026:20:41:31 +0530] "GET /wp-admin/plugins.php HTTP/1.1" 503 18943 "https://SINAXIS.IN/wp-login.php" "Mozilla/5.0 (Macintosh; Intel Mac OS X 10_15_7) AppleWebKit/605.1.15 (KHTML, like Gecko) Version/17.2 Safari/605.1.15"
176.65.132.19 - - [26/Feb/2026:20:41:33 +0530] "POST /wp-login.php HTTP/1.1" 503 18030 "https://SINAXIS.IN/wp-login.php" "Mozilla/5.0 (Macintosh; Intel Mac OS X 13_6_1; rv:118.0) Gecko/20100101 Firefox/118.0"
164.52.204.12 - - [26/Feb/2026:20:41:36 +0530] "POST /wp-cron.php?doing_wp_cron=1772118696.3214008808135986328125 HTTP/1.1" 200 - "-" "WordPress/6.9.1; https://sinaxis.in"
164.52.204.12 - - [26/Feb/2026:20:41:35 +0530] "POST /?wordfence_syncAttackData=1772118695.4842 HTTP/1.1" 200 - "-" "WordPress/6.9.1; https://sinaxis.in"
176.65.132.19 - - [26/Feb/2026:20:41:34 +0530] "GET /wp-admin/index.php HTTP/1.1" 503 18943 "https://SINAXIS.IN/wp-login.php" "Mozilla/5.0 (Windows NT 10.0; Win64; x64) AppleWebKit/537.36 (KHTML, like Gecko) Chrome/118.0.0.0 Safari/537.36"
176.65.132.19 - - [26/Feb/2026:20:41:37 +0530] "GET /wp-admin/profile.php HTTP/1.1" 503 18943 "https://SINAXIS.IN/wp-login.php" "Mozilla/5.0 (Windows NT 10.0; Win64; x64) AppleWebKit/537.36 (KHTML, like Gecko) Chrome/118.0.0.0 Safari/537.36"
176.65.132.19 - - [26/Feb/2026:20:41:40 +0530] "GET /wp-admin/edit.php HTTP/1.1" 503 18943 "https://SINAXIS.IN/wp-login.php" "Mozilla/5.0 (Windows NT 10.0; Win64; x64) AppleWebKit/537.36 (KHTML, like Gecko) Chrome/118.0.0.0 Safari/537.36"
176.65.132.19 - - [26/Feb/2026:20:41:42 +0530] "GET /wp-admin/plugins.php HTTP/1.1" 503 18943 "https://SINAXIS.IN/wp-login.php" "Mozilla/5.0 (Windows NT 10.0; Win64; x64) AppleWebKit/537.36 (KHTML, like Gecko) Chrome/118.0.0.0 Safari/537.36"
176.65.132.19 - - [26/Feb/2026:20:41:45 +0530] "POST /wp-login.php HTTP/1.1" 503 18030 "https://SINAXIS.IN/wp-login.php" "Mozilla/5.0 (Macintosh; Intel Mac OS X 10_15_7) AppleWebKit/537.36 (KHTML, like Gecko) Chrome/120.0.0.0 Safari/537.36"
164.52.204.12 - - [26/Feb/2026:20:41:48 +0530] "POST /wp-cron.php?doing_wp_cron=1772118708.3641231060028076171875 HTTP/1.1" 200 - "-" "WordPress/6.9.1; https://sinaxis.in"
164.52.204.12 - - [26/Feb/2026:20:41:47 +0530] "POST /?wordfence_syncAttackData=1772118707.4984 HTTP/1.1" 200 - "-" "WordPress/6.9.1; https://sinaxis.in"
176.65.132.19 - - [26/Feb/2026:20:41:46 +0530] "GET /wp-admin/index.php HTTP/1.1" 503 18943 "https://SINAXIS.IN/wp-login.php" "Mozilla/5.0 (Macintosh; Intel Mac OS X 13_6_1; rv:119.0) Gecko/20100101 Firefox/119.0"
176.65.132.19 - - [26/Feb/2026:20:41:50 +0530] "GET /wp-admin/profile.php HTTP/1.1" 503 18943 "https://SINAXIS.IN/wp-login.php" "Mozilla/5.0 (Macintosh; Intel Mac OS X 13_6_1; rv:119.0) Gecko/20100101 Firefox/119.0"
176.65.132.19 - - [26/Feb/2026:20:41:53 +0530] "GET /wp-admin/edit.php HTTP/1.1" 503 18943 "https://SINAXIS.IN/wp-login.php" "Mozilla/5.0 (Macintosh; Intel Mac OS X 13_6_1; rv:119.0) Gecko/20100101 Firefox/119.0"
176.65.132.19 - - [26/Feb/2026:20:41:55 +0530] "GET /wp-admin/plugins.php HTTP/1.1" 503 18943 "https://SINAXIS.IN/wp-login.php" "Mozilla/5.0 (Macintosh; Intel Mac OS X 13_6_1; rv:119.0) Gecko/20100101 Firefox/119.0"
176.65.132.19 - - [26/Feb/2026:20:41:58 +0530] "POST /wp-login.php HTTP/1.1" 503 18030 "https://SINAXIS.IN/wp-login.php" "Mozilla/5.0 (Windows NT 11.0; Win64; x64) AppleWebKit/537.36 (KHTML, like Gecko) Chrome/118.0.0.0 Safari/537.36"
164.52.204.12 - - [26/Feb/2026:20:42:00 +0530] "POST /?wordfence_syncAttackData=1772118720.0185 HTTP/1.1" 200 - "-" "WordPress/6.9.1; https://sinaxis.in"
176.65.132.19 - - [26/Feb/2026:20:41:59 +0530] "GET /wp-admin/index.php HTTP/1.1" 503 18943 "https://SINAXIS.IN/wp-login.php" "Mozilla/5.0 (Windows NT 11.0; Win64; x64; rv:121.0) Gecko/20100101 Firefox/121.0"
176.65.132.19 - - [26/Feb/2026:20:42:02 +0530] "GET /wp-admin/profile.php HTTP/1.1" 503 18943 "https://SINAXIS.IN/wp-login.php" "Mozilla/5.0 (Windows NT 11.0; Win64; x64; rv:121.0) Gecko/20100101 Firefox/121.0"
176.65.132.19 - - [26/Feb/2026:20:42:05 +0530] "GET /wp-admin/edit.php HTTP/1.1" 503 18943 "https://SINAXIS.IN/wp-login.php" "Mozilla/5.0 (Windows NT 11.0; Win64; x64; rv:121.0) Gecko/20100101 Firefox/121.0"
176.65.132.19 - - [26/Feb/2026:20:42:07 +0530] "GET /wp-admin/plugins.php HTTP/1.1" 503 18943 "https://SINAXIS.IN/wp-login.php" "Mozilla/5.0 (Windows NT 11.0; Win64; x64; rv:121.0) Gecko/20100101 Firefox/121.0"
176.65.132.19 - - [26/Feb/2026:20:42:09 +0530] "POST /wp-login.php HTTP/1.1" 503 18030 "https://SINAXIS.IN/wp-login.php" "Mozilla/5.0 (X11; Linux x86_64) AppleWebKit/537.36 (KHTML, like Gecko) Chrome/120.0.0.0 Safari/537.36"
164.52.204.12 - - [26/Feb/2026:20:42:11 +0530] "POST /?wordfence_syncAttackData=1772118731.435 HTTP/1.1" 200 - "-" "WordPress/6.9.1; https://sinaxis.in"
176.65.132.19 - - [26/Feb/2026:20:42:10 +0530] "GET /wp-admin/index.php HTTP/1.1" 503 18943 "https://SINAXIS.IN/wp-login.php" "Mozilla/5.0 (Macintosh; Intel Mac OS X 10_15_7; rv:121.0) Gecko/20100101 Firefox/121.0"
176.65.132.19 - - [26/Feb/2026:20:42:13 +0530] "GET /wp-admin/profile.php HTTP/1.1" 503 18943 "https://SINAXIS.IN/wp-login.php" "Mozilla/5.0 (Macintosh; Intel Mac OS X 10_15_7; rv:121.0) Gecko/20100101 Firefox/121.0"
176.65.132.19 - - [26/Feb/2026:20:42:15 +0530] "GET /wp-admin/edit.php HTTP/1.1" 503 18943 "https://SINAXIS.IN/wp-login.php" "Mozilla/5.0 (Macintosh; Intel Mac OS X 10_15_7; rv:121.0) Gecko/20100101 Firefox/121.0"
176.65.132.19 - - [26/Feb/2026:20:42:18 +0530] "GET /wp-admin/plugins.php HTTP/1.1" 503 18943 "https://SINAXIS.IN/wp-login.php" "Mozilla/5.0 (Macintosh; Intel Mac OS X 10_15_7; rv:121.0) Gecko/20100101 Firefox/121.0"
176.65.132.19 - - [26/Feb/2026:20:42:20 +0530] "POST /wp-login.php HTTP/1.1" 503 18030 "https://SINAXIS.IN/wp-login.php" "Mozilla/5.0 (Windows NT 10.0; Win64; x64) AppleWebKit/537.36 (KHTML, like Gecko) Chrome/118.0.0.0 Safari/537.36"
164.52.204.12 - - [26/Feb/2026:20:42:22 +0530] "POST /?wordfence_syncAttackData=1772118742.0466 HTTP/1.1" 200 - "-" "WordPress/6.9.1; https://sinaxis.in"
176.65.132.19 - - [26/Feb/2026:20:42:21 +0530] "GET /wp-admin/index.php HTTP/1.1" 503 18943 "https://SINAXIS.IN/wp-login.php" "Mozilla/5.0 (Macintosh; Intel Mac OS X 13_6_1) AppleWebKit/537.36 (KHTML, like Gecko) Chrome/121.0.0.0 Safari/537.36"
176.65.132.19 - - [26/Feb/2026:20:42:24 +0530] "GET /wp-admin/profile.php HTTP/1.1" 503 18943 "https://SINAXIS.IN/wp-login.php" "Mozilla/5.0 (Macintosh; Intel Mac OS X 13_6_1) AppleWebKit/537.36 (KHTML, like Gecko) Chrome/121.0.0.0 Safari/537.36"
176.65.132.19 - - [26/Feb/2026:20:42:26 +0530] "GET /wp-admin/edit.php HTTP/1.1" 503 18943 "https://SINAXIS.IN/wp-login.php" "Mozilla/5.0 (Macintosh; Intel Mac OS X 13_6_1) AppleWebKit/537.36 (KHTML, like Gecko) Chrome/121.0.0.0 Safari/537.36"
176.65.132.19 - - [26/Feb/2026:20:42:28 +0530] "GET /wp-admin/plugins.php HTTP/1.1" 503 18943 "https://SINAXIS.IN/wp-login.php" "Mozilla/5.0 (Macintosh; Intel Mac OS X 13_6_1) AppleWebKit/537.36 (KHTML, like Gecko) Chrome/121.0.0.0 Safari/537.36"
176.65.132.19 - - [26/Feb/2026:20:42:32 +0530] "POST /wp-login.php HTTP/1.1" 503 18030 "https://SINAXIS.IN/wp-login.php" "Mozilla/5.0 (Macintosh; Intel Mac OS X 13_6_1) AppleWebKit/537.36 (KHTML, like Gecko) Chrome/118.0.0.0 Safari/537.36"
176.65.132.19 - - [26/Feb/2026:20:42:34 +0530] "GET /wp-admin/index.php HTTP/1.1" 503 18943 "https://SINAXIS.IN/wp-login.php" "Mozilla/5.0 (Macintosh; Intel Mac OS X 10_15_7; rv:120.0) Gecko/20100101 Firefox/120.0"
164.52.204.12 - - [26/Feb/2026:20:42:36 +0530] "POST /wp-cron.php?doing_wp_cron=1772118756.7033660411834716796875 HTTP/1.1" 200 - "-" "WordPress/6.9.1; https://sinaxis.in"
164.52.204.12 - - [26/Feb/2026:20:42:35 +0530] "POST /?wordfence_syncAttackData=1772118755.6584 HTTP/1.1" 200 - "-" "WordPress/6.9.1; https://sinaxis.in"
176.65.132.19 - - [26/Feb/2026:20:42:38 +0530] "GET /wp-admin/profile.php HTTP/1.1" 503 18943 "https://SINAXIS.IN/wp-login.php" "Mozilla/5.0 (Macintosh; Intel Mac OS X 10_15_7; rv:120.0) Gecko/20100101 Firefox/120.0"
176.65.132.19 - - [26/Feb/2026:20:42:40 +0530] "GET /wp-admin/edit.php HTTP/1.1" 503 18943 "https://SINAXIS.IN/wp-login.php" "Mozilla/5.0 (Macintosh; Intel Mac OS X 10_15_7; rv:120.0) Gecko/20100101 Firefox/120.0"
176.65.132.19 - - [26/Feb/2026:20:42:43 +0530] "GET /wp-admin/plugins.php HTTP/1.1" 503 18943 "https://SINAXIS.IN/wp-login.php" "Mozilla/5.0 (Macintosh; Intel Mac OS X 10_15_7; rv:120.0) Gecko/20100101 Firefox/120.0"
176.65.132.19 - - [26/Feb/2026:20:42:46 +0530] "POST /wp-login.php HTTP/1.1" 503 18030 "https://SINAXIS.IN/wp-login.php" "Mozilla/5.0 (X11; Ubuntu; Linux x86_64) AppleWebKit/537.36 (KHTML, like Gecko) Chrome/121.0.0.0 Safari/537.36"
164.52.204.12 - - [26/Feb/2026:20:42:49 +0530] "POST /?wordfence_syncAttackData=1772118769.077 HTTP/1.1" 200 - "-" "WordPress/6.9.1; https://sinaxis.in"
176.65.132.19 - - [26/Feb/2026:20:42:48 +0530] "GET /wp-admin/index.php HTTP/1.1" 503 18943 "https://SINAXIS.IN/wp-login.php" "Mozilla/5.0 (Macintosh; Intel Mac OS X 13_6_1) AppleWebKit/537.36 (KHTML, like Gecko) Chrome/119.0.0.0 Safari/537.36"
176.65.132.19 - - [26/Feb/2026:20:42:51 +0530] "GET /wp-admin/profile.php HTTP/1.1" 503 18943 "https://SINAXIS.IN/wp-login.php" "Mozilla/5.0 (Macintosh; Intel Mac OS X 13_6_1) AppleWebKit/537.36 (KHTML, like Gecko) Chrome/119.0.0.0 Safari/537.36"
176.65.132.19 - - [26/Feb/2026:20:42:54 +0530] "GET /wp-admin/edit.php HTTP/1.1" 503 18943 "https://SINAXIS.IN/wp-login.php" "Mozilla/5.0 (Macintosh; Intel Mac OS X 13_6_1) AppleWebKit/537.36 (KHTML, like Gecko) Chrome/119.0.0.0 Safari/537.36"
176.65.132.19 - - [26/Feb/2026:20:42:56 +0530] "GET /wp-admin/plugins.php HTTP/1.1" 503 18943 "https://SINAXIS.IN/wp-login.php" "Mozilla/5.0 (Macintosh; Intel Mac OS X 13_6_1) AppleWebKit/537.36 (KHTML, like Gecko) Chrome/119.0.0.0 Safari/537.36"
176.65.132.19 - - [26/Feb/2026:20:42:59 +0530] "POST /wp-login.php HTTP/1.1" 503 18030 "https://SINAXIS.IN/wp-login.php" "Mozilla/5.0 (Macintosh; Intel Mac OS X 10_15_7; rv:121.0) Gecko/20100101 Firefox/121.0"
164.52.204.12 - - [26/Feb/2026:20:43:02 +0530] "POST /?wordfence_syncAttackData=1772118782.0202 HTTP/1.1" 200 - "-" "WordPress/6.9.1; https://sinaxis.in"
176.65.132.19 - - [26/Feb/2026:20:43:01 +0530] "GET /wp-admin/index.php HTTP/1.1" 503 18943 "https://SINAXIS.IN/wp-login.php" "Mozilla/5.0 (X11; Linux x86_64) AppleWebKit/537.36 (KHTML, like Gecko) Chrome/119.0.0.0 Safari/537.36"
176.65.132.19 - - [26/Feb/2026:20:43:04 +0530] "GET /wp-admin/profile.php HTTP/1.1" 503 18943 "https://SINAXIS.IN/wp-login.php" "Mozilla/5.0 (X11; Linux x86_64) AppleWebKit/537.36 (KHTML, like Gecko) Chrome/119.0.0.0 Safari/537.36"
176.65.132.19 - - [26/Feb/2026:20:43:06 +0530] "GET /wp-admin/edit.php HTTP/1.1" 503 18943 "https://SINAXIS.IN/wp-login.php" "Mozilla/5.0 (X11; Linux x86_64) AppleWebKit/537.36 (KHTML, like Gecko) Chrome/119.0.0.0 Safari/537.36"
176.65.132.19 - - [26/Feb/2026:20:43:09 +0530] "GET /wp-admin/plugins.php HTTP/1.1" 503 18943 "https://SINAXIS.IN/wp-login.php" "Mozilla/5.0 (X11; Linux x86_64) AppleWebKit/537.36 (KHTML, like Gecko) Chrome/119.0.0.0 Safari/537.36"
176.65.132.19 - - [26/Feb/2026:20:43:11 +0530] "POST /wp-login.php HTTP/1.1" 503 18030 "https://SINAXIS.IN/wp-login.php" "Mozilla/5.0 (Macintosh; Intel Mac OS X 13_6_1; rv:121.0) Gecko/20100101 Firefox/121.0"
164.52.204.12 - - [26/Feb/2026:20:43:14 +0530] "POST /?wordfence_syncAttackData=1772118793.9862 HTTP/1.1" 200 - "-" "WordPress/6.9.1; https://sinaxis.in"
176.65.132.19 - - [26/Feb/2026:20:43:13 +0530] "GET /wp-admin/index.php HTTP/1.1" 503 18943 "https://SINAXIS.IN/wp-login.php" "Mozilla/5.0 (Macintosh; Intel Mac OS X 10_15_7) AppleWebKit/605.1.15 (KHTML, like Gecko) Version/17.2 Safari/605.1.15"
176.65.132.19 - - [26/Feb/2026:20:43:17 +0530] "GET /wp-admin/profile.php HTTP/1.1" 503 18943 "https://SINAXIS.IN/wp-login.php" "Mozilla/5.0 (Macintosh; Intel Mac OS X 10_15_7) AppleWebKit/605.1.15 (KHTML, like Gecko) Version/17.2 Safari/605.1.15"
176.65.132.19 - - [26/Feb/2026:20:43:19 +0530] "GET /wp-admin/edit.php HTTP/1.1" 503 18943 "https://SINAXIS.IN/wp-login.php" "Mozilla/5.0 (Macintosh; Intel Mac OS X 10_15_7) AppleWebKit/605.1.15 (KHTML, like Gecko) Version/17.2 Safari/605.1.15"
176.65.132.19 - - [26/Feb/2026:20:43:20 +0530] "GET /wp-admin/plugins.php HTTP/1.1" 503 18943 "https://SINAXIS.IN/wp-login.php" "Mozilla/5.0 (Macintosh; Intel Mac OS X 10_15_7) AppleWebKit/605.1.15 (KHTML, like Gecko) Version/17.2 Safari/605.1.15"
176.65.132.19 - - [26/Feb/2026:20:43:23 +0530] "POST /wp-login.php HTTP/1.1" 503 18030 "https://SINAXIS.IN/wp-login.php" "Mozilla/5.0 (X11; Ubuntu; Linux x86_64) AppleWebKit/537.36 (KHTML, like Gecko) Chrome/119.0.0.0 Safari/537.36"
164.52.204.12 - - [26/Feb/2026:20:43:26 +0530] "POST /wp-cron.php?doing_wp_cron=1772118806.2730679512023925781250 HTTP/1.1" 200 - "-" "WordPress/6.9.1; https://sinaxis.in"
164.52.204.12 - - [26/Feb/2026:20:43:25 +0530] "POST /?wordfence_syncAttackData=1772118805.3497 HTTP/1.1" 200 - "-" "WordPress/6.9.1; https://sinaxis.in"
176.65.132.19 - - [26/Feb/2026:20:43:24 +0530] "GET /wp-admin/index.php HTTP/1.1" 503 18943 "https://SINAXIS.IN/wp-login.php" "Mozilla/5.0 (X11; Ubuntu; Linux x86_64) AppleWebKit/537.36 (KHTML, like Gecko) Chrome/119.0.0.0 Safari/537.36"
176.65.132.19 - - [26/Feb/2026:20:43:28 +0530] "GET /wp-admin/profile.php HTTP/1.1" 503 18943 "https://SINAXIS.IN/wp-login.php" "Mozilla/5.0 (X11; Ubuntu; Linux x86_64) AppleWebKit/537.36 (KHTML, like Gecko) Chrome/119.0.0.0 Safari/537.36"
176.65.132.19 - - [26/Feb/2026:20:43:30 +0530] "GET /wp-admin/edit.php HTTP/1.1" 503 18943 "https://SINAXIS.IN/wp-login.php" "Mozilla/5.0 (X11; Ubuntu; Linux x86_64) AppleWebKit/537.36 (KHTML, like Gecko) Chrome/119.0.0.0 Safari/537.36"
176.65.132.19 - - [26/Feb/2026:20:43:32 +0530] "GET /wp-admin/plugins.php HTTP/1.1" 503 18943 "https://SINAXIS.IN/wp-login.php" "Mozilla/5.0 (X11; Ubuntu; Linux x86_64) AppleWebKit/537.36 (KHTML, like Gecko) Chrome/119.0.0.0 Safari/537.36"
176.65.132.19 - - [26/Feb/2026:20:43:36 +0530] "POST /wp-login.php HTTP/1.1" 503 18030 "https://SINAXIS.IN/wp-login.php" "Mozilla/5.0 (Macintosh; Intel Mac OS X 10_15_7; rv:120.0) Gecko/20100101 Firefox/120.0"
164.52.204.12 - - [26/Feb/2026:20:43:42 +0530] "POST /wp-cron.php?doing_wp_cron=1772118822.5844199657440185546875 HTTP/1.1" 200 - "-" "WordPress/6.9.1; https://sinaxis.in"
164.52.204.12 - - [26/Feb/2026:20:43:41 +0530] "POST /?wordfence_syncAttackData=1772118821.7995 HTTP/1.1" 200 - "-" "WordPress/6.9.1; https://sinaxis.in"
176.65.132.19 - - [26/Feb/2026:20:43:41 +0530] "GET /wp-admin/index.php HTTP/1.1" 503 18943 "https://SINAXIS.IN/wp-login.php" "Mozilla/5.0 (Macintosh; Intel Mac OS X 13_6_1; rv:118.0) Gecko/20100101 Firefox/118.0"
176.65.132.19 - - [26/Feb/2026:20:43:44 +0530] "GET /wp-admin/profile.php HTTP/1.1" 503 18943 "https://SINAXIS.IN/wp-login.php" "Mozilla/5.0 (Macintosh; Intel Mac OS X 13_6_1; rv:118.0) Gecko/20100101 Firefox/118.0"
176.65.132.19 - - [26/Feb/2026:20:43:46 +0530] "GET /wp-admin/edit.php HTTP/1.1" 503 18943 "https://SINAXIS.IN/wp-login.php" "Mozilla/5.0 (Macintosh; Intel Mac OS X 13_6_1; rv:118.0) Gecko/20100101 Firefox/118.0"
176.65.132.19 - - [26/Feb/2026:20:43:48 +0530] "GET /wp-admin/plugins.php HTTP/1.1" 503 18943 "https://SINAXIS.IN/wp-login.php" "Mozilla/5.0 (Macintosh; Intel Mac OS X 13_6_1; rv:118.0) Gecko/20100101 Firefox/118.0"
176.65.132.19 - - [26/Feb/2026:20:43:51 +0530] "POST /wp-login.php HTTP/1.1" 503 18030 "https://SINAXIS.IN/wp-login.php" "Mozilla/5.0 (Macintosh; Intel Mac OS X 10_15_7) AppleWebKit/605.1.15 (KHTML, like Gecko) Version/16.6 Safari/605.1.15"
164.52.204.12 - - [26/Feb/2026:20:43:53 +0530] "POST /?wordfence_syncAttackData=1772118833.8096 HTTP/1.1" 200 - "-" "WordPress/6.9.1; https://sinaxis.in"
176.65.132.19 - - [26/Feb/2026:20:43:53 +0530] "GET /wp-admin/index.php HTTP/1.1" 503 18943 "https://SINAXIS.IN/wp-login.php" "Mozilla/5.0 (Windows NT 11.0; Win64; x64; rv:118.0) Gecko/20100101 Firefox/118.0"
176.65.132.19 - - [26/Feb/2026:20:43:56 +0530] "GET /wp-admin/profile.php HTTP/1.1" 503 18943 "https://SINAXIS.IN/wp-login.php" "Mozilla/5.0 (Windows NT 11.0; Win64; x64; rv:118.0) Gecko/20100101 Firefox/118.0"
176.65.132.19 - - [26/Feb/2026:20:43:58 +0530] "GET /wp-admin/edit.php HTTP/1.1" 503 18943 "https://SINAXIS.IN/wp-login.php" "Mozilla/5.0 (Windows NT 11.0; Win64; x64; rv:118.0) Gecko/20100101 Firefox/118.0"
176.65.132.19 - - [26/Feb/2026:20:44:01 +0530] "GET /wp-admin/plugins.php HTTP/1.1" 302 - "https://SINAXIS.IN/wp-login.php" "Mozilla/5.0 (Windows NT 11.0; Win64; x64; rv:118.0) Gecko/20100101 Firefox/118.0"
176.65.132.19 - - [26/Feb/2026:20:44:03 +0530] "GET /wp-login.php?redirect_to=https%3A%2F%2Fsinaxis.in%2Fwp-admin%2Fplugins.php&reauth=1 HTTP/1.1" 200 6569 "https://SINAXIS.IN/wp-login.php" "Mozilla/5.0 (Windows NT 11.0; Win64; x64; rv:118.0) Gecko/20100101 Firefox/118.0"
176.65.132.19 - - [26/Feb/2026:20:44:04 +0530] "POST /wp-login.php HTTP/1.1" 503 18943 "https://SINAXIS.IN/wp-login.php" "Mozilla/5.0 (Windows NT 10.0; Win64; x64; rv:120.0) Gecko/20100101 Firefox/120.0"
176.65.132.19 - - [26/Feb/2026:20:44:07 +0530] "GET /wp-admin/index.php HTTP/1.1" 503 18943 "https://SINAXIS.IN/wp-login.php" "Mozilla/5.0 (Windows NT 10.0; Win64; x64; rv:118.0) Gecko/20100101 Firefox/118.0"
176.65.132.19 - - [26/Feb/2026:20:44:10 +0530] "GET /wp-admin/profile.php HTTP/1.1" 503 18943 "https://SINAXIS.IN/wp-login.php" "Mozilla/5.0 (Windows NT 10.0; Win64; x64; rv:118.0) Gecko/20100101 Firefox/118.0"
176.65.132.19 - - [26/Feb/2026:20:44:12 +0530] "GET /wp-admin/edit.php HTTP/1.1" 503 18943 "https://SINAXIS.IN/wp-login.php" "Mozilla/5.0 (Windows NT 10.0; Win64; x64; rv:118.0) Gecko/20100101 Firefox/118.0"
176.65.132.19 - - [26/Feb/2026:20:44:14 +0530] "GET /wp-admin/plugins.php HTTP/1.1" 503 18943 "https://SINAXIS.IN/wp-login.php" "Mozilla/5.0 (Windows NT 10.0; Win64; x64; rv:118.0) Gecko/20100101 Firefox/118.0"
176.65.132.19 - - [26/Feb/2026:20:44:17 +0530] "POST /wp-login.php HTTP/1.1" 503 18030 "https://SINAXIS.IN/wp-login.php" "Mozilla/5.0 (Macintosh; Intel Mac OS X 13_6_1) AppleWebKit/537.36 (KHTML, like Gecko) Chrome/118.0.0.0 Safari/537.36"
164.52.204.12 - - [26/Feb/2026:20:44:20 +0530] "POST /wp-cron.php?doing_wp_cron=1772118860.6711790561676025390625 HTTP/1.1" 200 - "-" "WordPress/6.9.1; https://sinaxis.in"
164.52.204.12 - - [26/Feb/2026:20:44:19 +0530] "POST /?wordfence_syncAttackData=1772118859.8745 HTTP/1.1" 200 - "-" "WordPress/6.9.1; https://sinaxis.in"
176.65.132.19 - - [26/Feb/2026:20:44:19 +0530] "GET /wp-admin/index.php HTTP/1.1" 503 18943 "https://SINAXIS.IN/wp-login.php" "Mozilla/5.0 (Windows NT 11.0; Win64; x64) AppleWebKit/537.36 (KHTML, like Gecko) Chrome/121.0.0.0 Safari/537.36"
176.65.132.19 - - [26/Feb/2026:20:44:25 +0530] "GET /wp-admin/profile.php HTTP/1.1" 503 18943 "https://SINAXIS.IN/wp-login.php" "Mozilla/5.0 (Windows NT 11.0; Win64; x64) AppleWebKit/537.36 (KHTML, like Gecko) Chrome/121.0.0.0 Safari/537.36"
176.65.132.19 - - [26/Feb/2026:20:44:29 +0530] "GET /wp-admin/edit.php HTTP/1.1" 503 18943 "https://SINAXIS.IN/wp-login.php" "Mozilla/5.0 (Windows NT 11.0; Win64; x64) AppleWebKit/537.36 (KHTML, like Gecko) Chrome/121.0.0.0 Safari/537.36"
176.65.132.19 - - [26/Feb/2026:20:44:31 +0530] "GET /wp-admin/plugins.php HTTP/1.1" 503 18943 "https://SINAXIS.IN/wp-login.php" "Mozilla/5.0 (Windows NT 11.0; Win64; x64) AppleWebKit/537.36 (KHTML, like Gecko) Chrome/121.0.0.0 Safari/537.36"
176.65.132.19 - - [26/Feb/2026:20:44:33 +0530] "POST /wp-login.php HTTP/1.1" 503 18030 "https://SINAXIS.IN/wp-login.php" "Mozilla/5.0 (Macintosh; Intel Mac OS X 10_15_7) AppleWebKit/605.1.15 (KHTML, like Gecko) Version/16.6 Safari/605.1.15"
164.52.204.12 - - [26/Feb/2026:20:44:37 +0530] "POST /wp-cron.php?doing_wp_cron=1772118877.4159328937530517578125 HTTP/1.1" 200 - "-" "WordPress/6.9.1; https://sinaxis.in"
164.52.204.12 - - [26/Feb/2026:20:44:36 +0530] "POST /?wordfence_syncAttackData=1772118876.559 HTTP/1.1" 200 - "-" "WordPress/6.9.1; https://sinaxis.in"
176.65.132.19 - - [26/Feb/2026:20:44:35 +0530] "GET /wp-admin/index.php HTTP/1.1" 503 18943 "https://SINAXIS.IN/wp-login.php" "Mozilla/5.0 (Windows NT 11.0; Win64; x64; rv:118.0) Gecko/20100101 Firefox/118.0"
176.65.132.19 - - [26/Feb/2026:20:44:40 +0530] "GET /wp-admin/profile.php HTTP/1.1" 503 18943 "https://SINAXIS.IN/wp-login.php" "Mozilla/5.0 (Windows NT 11.0; Win64; x64; rv:118.0) Gecko/20100101 Firefox/118.0"
176.65.132.19 - - [26/Feb/2026:20:44:43 +0530] "GET /wp-admin/edit.php HTTP/1.1" 503 18943 "https://SINAXIS.IN/wp-login.php" "Mozilla/5.0 (Windows NT 11.0; Win64; x64; rv:118.0) Gecko/20100101 Firefox/118.0"
176.65.132.19 - - [26/Feb/2026:20:44:46 +0530] "GET /wp-admin/plugins.php HTTP/1.1" 503 18943 "https://SINAXIS.IN/wp-login.php" "Mozilla/5.0 (Windows NT 11.0; Win64; x64; rv:118.0) Gecko/20100101 Firefox/118.0"
176.65.132.19 - - [26/Feb/2026:20:44:49 +0530] "POST /wp-login.php HTTP/1.1" 503 18030 "https://SINAXIS.IN/wp-login.php" "Mozilla/5.0 (Windows NT 10.0; Win64; x64; rv:119.0) Gecko/20100101 Firefox/119.0"
164.52.204.12 - - [26/Feb/2026:20:44:51 +0530] "POST /?wordfence_syncAttackData=1772118891.8543 HTTP/1.1" 200 - "-" "WordPress/6.9.1; https://sinaxis.in"
176.65.132.19 - - [26/Feb/2026:20:44:51 +0530] "GET /wp-admin/index.php HTTP/1.1" 503 18943 "https://SINAXIS.IN/wp-login.php" "Mozilla/5.0 (Macintosh; Intel Mac OS X 10_15_7) AppleWebKit/605.1.15 (KHTML, like Gecko) Version/16.6 Safari/605.1.15"
176.65.132.19 - - [26/Feb/2026:20:44:54 +0530] "GET /wp-admin/profile.php HTTP/1.1" 503 18943 "https://SINAXIS.IN/wp-login.php" "Mozilla/5.0 (Macintosh; Intel Mac OS X 10_15_7) AppleWebKit/605.1.15 (KHTML, like Gecko) Version/16.6 Safari/605.1.15"
176.65.132.19 - - [26/Feb/2026:20:44:56 +0530] "GET /wp-admin/edit.php HTTP/1.1" 503 18943 "https://SINAXIS.IN/wp-login.php" "Mozilla/5.0 (Macintosh; Intel Mac OS X 10_15_7) AppleWebKit/605.1.15 (KHTML, like Gecko) Version/16.6 Safari/605.1.15"
176.65.132.19 - - [26/Feb/2026:20:44:58 +0530] "GET /wp-admin/plugins.php HTTP/1.1" 503 18943 "https://SINAXIS.IN/wp-login.php" "Mozilla/5.0 (Macintosh; Intel Mac OS X 10_15_7) AppleWebKit/605.1.15 (KHTML, like Gecko) Version/16.6 Safari/605.1.15"
176.65.132.19 - - [26/Feb/2026:20:45:00 +0530] "POST /wp-login.php HTTP/1.1" 503 18030 "https://SINAXIS.IN/wp-login.php" "Mozilla/5.0 (X11; Ubuntu; Linux x86_64) AppleWebKit/537.36 (KHTML, like Gecko) Chrome/120.0.0.0 Safari/537.36"
164.52.204.12 - - [26/Feb/2026:20:45:03 +0530] "POST /?wordfence_syncAttackData=1772118903.4188 HTTP/1.1" 200 - "-" "WordPress/6.9.1; https://sinaxis.in"
176.65.132.19 - - [26/Feb/2026:20:45:02 +0530] "GET /wp-admin/index.php HTTP/1.1" 503 18943 "https://SINAXIS.IN/wp-login.php" "Mozilla/5.0 (Macintosh; Intel Mac OS X 13_6_1; rv:118.0) Gecko/20100101 Firefox/118.0"
176.65.132.19 - - [26/Feb/2026:20:45:05 +0530] "GET /wp-admin/profile.php HTTP/1.1" 503 18943 "https://SINAXIS.IN/wp-login.php" "Mozilla/5.0 (Macintosh; Intel Mac OS X 13_6_1; rv:118.0) Gecko/20100101 Firefox/118.0"
176.65.132.19 - - [26/Feb/2026:20:45:09 +0530] "GET /wp-admin/edit.php HTTP/1.1" 503 18943 "https://SINAXIS.IN/wp-login.php" "Mozilla/5.0 (Macintosh; Intel Mac OS X 13_6_1; rv:118.0) Gecko/20100101 Firefox/118.0"
176.65.132.19 - - [26/Feb/2026:20:45:11 +0530] "GET /wp-admin/plugins.php HTTP/1.1" 503 18943 "https://SINAXIS.IN/wp-login.php" "Mozilla/5.0 (Macintosh; Intel Mac OS X 13_6_1; rv:118.0) Gecko/20100101 Firefox/118.0"
176.65.132.19 - - [26/Feb/2026:20:45:14 +0530] "POST /wp-login.php HTTP/1.1" 503 18030 "https://SINAXIS.IN/wp-login.php" "Mozilla/5.0 (Macintosh; Intel Mac OS X 10_15_7; rv:120.0) Gecko/20100101 Firefox/120.0"
164.52.204.12 - - [26/Feb/2026:20:45:18 +0530] "POST /wp-cron.php?doing_wp_cron=1772118918.1570010185241699218750 HTTP/1.1" 200 - "-" "WordPress/6.9.1; https://sinaxis.in"
164.52.204.12 - - [26/Feb/2026:20:45:17 +0530] "POST /?wordfence_syncAttackData=1772118917.3214 HTTP/1.1" 200 - "-" "WordPress/6.9.1; https://sinaxis.in"
176.65.132.19 - - [26/Feb/2026:20:45:16 +0530] "GET /wp-admin/index.php HTTP/1.1" 503 18943 "https://SINAXIS.IN/wp-login.php" "Mozilla/5.0 (X11; Linux x86_64) AppleWebKit/537.36 (KHTML, like Gecko) Chrome/119.0.0.0 Safari/537.36"
176.65.132.19 - - [26/Feb/2026:20:45:19 +0530] "GET /wp-admin/profile.php HTTP/1.1" 503 18943 "https://SINAXIS.IN/wp-login.php" "Mozilla/5.0 (X11; Linux x86_64) AppleWebKit/537.36 (KHTML, like Gecko) Chrome/119.0.0.0 Safari/537.36"
176.65.132.19 - - [26/Feb/2026:20:45:22 +0530] "GET /wp-admin/edit.php HTTP/1.1" 503 18943 "https://SINAXIS.IN/wp-login.php" "Mozilla/5.0 (X11; Linux x86_64) AppleWebKit/537.36 (KHTML, like Gecko) Chrome/119.0.0.0 Safari/537.36"
176.65.132.19 - - [26/Feb/2026:20:45:24 +0530] "GET /wp-admin/plugins.php HTTP/1.1" 503 18943 "https://SINAXIS.IN/wp-login.php" "Mozilla/5.0 (X11; Linux x86_64) AppleWebKit/537.36 (KHTML, like Gecko) Chrome/119.0.0.0 Safari/537.36"
176.65.132.19 - - [26/Feb/2026:20:45:26 +0530] "POST /wp-login.php HTTP/1.1" 503 18030 "https://SINAXIS.IN/wp-login.php" "Mozilla/5.0 (Macintosh; Intel Mac OS X 10_15_7; rv:119.0) Gecko/20100101 Firefox/119.0"
164.52.204.12 - - [26/Feb/2026:20:45:30 +0530] "POST /wp-cron.php?doing_wp_cron=1772118930.0381169319152832031250 HTTP/1.1" 200 - "-" "WordPress/6.9.1; https://sinaxis.in"
164.52.204.12 - - [26/Feb/2026:20:45:29 +0530] "POST /?wordfence_syncAttackData=1772118929.2083 HTTP/1.1" 200 - "-" "WordPress/6.9.1; https://sinaxis.in"
176.65.132.19 - - [26/Feb/2026:20:45:28 +0530] "GET /wp-admin/index.php HTTP/1.1" 503 18943 "https://SINAXIS.IN/wp-login.php" "Mozilla/5.0 (Macintosh; Intel Mac OS X 13_6_1) AppleWebKit/605.1.15 (KHTML, like Gecko) Version/17.0 Safari/605.1.15"
176.65.132.19 - - [26/Feb/2026:20:45:31 +0530] "GET /wp-admin/profile.php HTTP/1.1" 503 18943 "https://SINAXIS.IN/wp-login.php" "Mozilla/5.0 (Macintosh; Intel Mac OS X 13_6_1) AppleWebKit/605.1.15 (KHTML, like Gecko) Version/17.0 Safari/605.1.15"
176.65.132.19 - - [26/Feb/2026:20:45:34 +0530] "GET /wp-admin/edit.php HTTP/1.1" 503 18943 "https://SINAXIS.IN/wp-login.php" "Mozilla/5.0 (Macintosh; Intel Mac OS X 13_6_1) AppleWebKit/605.1.15 (KHTML, like Gecko) Version/17.0 Safari/605.1.15"
176.65.132.19 - - [26/Feb/2026:20:45:36 +0530] "GET /wp-admin/plugins.php HTTP/1.1" 503 18943 "https://SINAXIS.IN/wp-login.php" "Mozilla/5.0 (Macintosh; Intel Mac OS X 13_6_1) AppleWebKit/605.1.15 (KHTML, like Gecko) Version/17.0 Safari/605.1.15"
176.65.132.19 - - [26/Feb/2026:20:45:39 +0530] "POST /wp-login.php HTTP/1.1" 503 18030 "https://SINAXIS.IN/wp-login.php" "Mozilla/5.0 (X11; Ubuntu; Linux x86_64) AppleWebKit/537.36 (KHTML, like Gecko) Chrome/120.0.0.0 Safari/537.36"
176.65.132.19 - - [26/Feb/2026:20:45:42 +0530] "GET /wp-admin/index.php HTTP/1.1" 503 18943 "https://SINAXIS.IN/wp-login.php" "Mozilla/5.0 (Macintosh; Intel Mac OS X 10_15_7) AppleWebKit/605.1.15 (KHTML, like Gecko) Version/17.2 Safari/605.1.15"
164.52.204.12 - - [26/Feb/2026:20:45:43 +0530] "POST /wp-cron.php?doing_wp_cron=1772118943.8999330997467041015625 HTTP/1.1" 200 - "-" "WordPress/6.9.1; https://sinaxis.in"
164.52.204.12 - - [26/Feb/2026:20:45:43 +0530] "POST /?wordfence_syncAttackData=1772118942.9972 HTTP/1.1" 200 - "-" "WordPress/6.9.1; https://sinaxis.in"
176.65.132.19 - - [26/Feb/2026:20:45:45 +0530] "GET /wp-admin/profile.php HTTP/1.1" 503 18943 "https://SINAXIS.IN/wp-login.php" "Mozilla/5.0 (Macintosh; Intel Mac OS X 10_15_7) AppleWebKit/605.1.15 (KHTML, like Gecko) Version/17.2 Safari/605.1.15"
176.65.132.19 - - [26/Feb/2026:20:45:47 +0530] "GET /wp-admin/edit.php HTTP/1.1" 503 18943 "https://SINAXIS.IN/wp-login.php" "Mozilla/5.0 (Macintosh; Intel Mac OS X 10_15_7) AppleWebKit/605.1.15 (KHTML, like Gecko) Version/17.2 Safari/605.1.15"
176.65.132.19 - - [26/Feb/2026:20:45:49 +0530] "GET /wp-admin/plugins.php HTTP/1.1" 503 18943 "https://SINAXIS.IN/wp-login.php" "Mozilla/5.0 (Macintosh; Intel Mac OS X 10_15_7) AppleWebKit/605.1.15 (KHTML, like Gecko) Version/17.2 Safari/605.1.15"
176.65.132.19 - - [26/Feb/2026:20:45:51 +0530] "POST /wp-login.php HTTP/1.1" 503 18030 "https://SINAXIS.IN/wp-login.php" "Mozilla/5.0 (Windows NT 10.0; Win64; x64; rv:120.0) Gecko/20100101 Firefox/120.0"
164.52.204.12 - - [26/Feb/2026:20:45:54 +0530] "POST /?wordfence_syncAttackData=1772118954.3773 HTTP/1.1" 200 - "-" "WordPress/6.9.1; https://sinaxis.in"
176.65.132.19 - - [26/Feb/2026:20:45:53 +0530] "GET /wp-admin/index.php HTTP/1.1" 503 18943 "https://SINAXIS.IN/wp-login.php" "Mozilla/5.0 (Windows NT 10.0; Win64; x64) AppleWebKit/537.36 (KHTML, like Gecko) Chrome/120.0.0.0 Safari/537.36"
176.65.132.19 - - [26/Feb/2026:20:45:56 +0530] "GET /wp-admin/profile.php HTTP/1.1" 503 18943 "https://SINAXIS.IN/wp-login.php" "Mozilla/5.0 (Windows NT 10.0; Win64; x64) AppleWebKit/537.36 (KHTML, like Gecko) Chrome/120.0.0.0 Safari/537.36"
176.65.132.19 - - [26/Feb/2026:20:45:59 +0530] "GET /wp-admin/edit.php HTTP/1.1" 503 18943 "https://SINAXIS.IN/wp-login.php" "Mozilla/5.0 (Windows NT 10.0; Win64; x64) AppleWebKit/537.36 (KHTML, like Gecko) Chrome/120.0.0.0 Safari/537.36"
176.65.132.19 - - [26/Feb/2026:20:46:00 +0530] "GET /wp-admin/plugins.php HTTP/1.1" 503 18943 "https://SINAXIS.IN/wp-login.php" "Mozilla/5.0 (Windows NT 10.0; Win64; x64) AppleWebKit/537.36 (KHTML, like Gecko) Chrome/120.0.0.0 Safari/537.36"
176.65.132.19 - - [26/Feb/2026:20:46:02 +0530] "POST /wp-login.php HTTP/1.1" 503 18030 "https://SINAXIS.IN/wp-login.php" "Mozilla/5.0 (Macintosh; Intel Mac OS X 10_15_7) AppleWebKit/605.1.15 (KHTML, like Gecko) Version/17.1 Safari/605.1.15"
164.52.204.12 - - [26/Feb/2026:20:46:06 +0530] "POST /wp-cron.php?doing_wp_cron=1772118966.8178620338439941406250 HTTP/1.1" 200 - "-" "WordPress/6.9.1; https://sinaxis.in"
164.52.204.12 - - [26/Feb/2026:20:46:05 +0530] "POST /?wordfence_syncAttackData=1772118965.8942 HTTP/1.1" 200 - "-" "WordPress/6.9.1; https://sinaxis.in"
176.65.132.19 - - [26/Feb/2026:20:46:05 +0530] "GET /wp-admin/index.php HTTP/1.1" 503 18943 "https://SINAXIS.IN/wp-login.php" "Mozilla/5.0 (Windows NT 11.0; Win64; x64; rv:121.0) Gecko/20100101 Firefox/121.0"
176.65.132.19 - - [26/Feb/2026:20:46:09 +0530] "GET /wp-admin/profile.php HTTP/1.1" 503 18943 "https://SINAXIS.IN/wp-login.php" "Mozilla/5.0 (Windows NT 11.0; Win64; x64; rv:121.0) Gecko/20100101 Firefox/121.0"
176.65.132.19 - - [26/Feb/2026:20:46:11 +0530] "GET /wp-admin/edit.php HTTP/1.1" 503 18943 "https://SINAXIS.IN/wp-login.php" "Mozilla/5.0 (Windows NT 11.0; Win64; x64; rv:121.0) Gecko/20100101 Firefox/121.0"
176.65.132.19 - - [26/Feb/2026:20:46:13 +0530] "GET /wp-admin/plugins.php HTTP/1.1" 503 18943 "https://SINAXIS.IN/wp-login.php" "Mozilla/5.0 (Windows NT 11.0; Win64; x64; rv:121.0) Gecko/20100101 Firefox/121.0"
176.65.132.19 - - [26/Feb/2026:20:46:15 +0530] "POST /wp-login.php HTTP/1.1" 503 18030 "https://SINAXIS.IN/wp-login.php" "Mozilla/5.0 (Macintosh; Intel Mac OS X 10_15_7) AppleWebKit/605.1.15 (KHTML, like Gecko) Version/17.2 Safari/605.1.15"
164.52.204.12 - - [26/Feb/2026:20:46:17 +0530] "POST /?wordfence_syncAttackData=1772118977.7922 HTTP/1.1" 200 - "-" "WordPress/6.9.1; https://sinaxis.in"
176.65.132.19 - - [26/Feb/2026:20:46:17 +0530] "GET /wp-admin/index.php HTTP/1.1" 503 18943 "https://SINAXIS.IN/wp-login.php" "Mozilla/5.0 (Windows NT 10.0; Win64; x64) AppleWebKit/537.36 (KHTML, like Gecko) Chrome/118.0.0.0 Safari/537.36"
176.65.132.19 - - [26/Feb/2026:20:46:20 +0530] "GET /wp-admin/profile.php HTTP/1.1" 503 18943 "https://SINAXIS.IN/wp-login.php" "Mozilla/5.0 (Windows NT 10.0; Win64; x64) AppleWebKit/537.36 (KHTML, like Gecko) Chrome/118.0.0.0 Safari/537.36"
176.65.132.19 - - [26/Feb/2026:20:46:23 +0530] "GET /wp-admin/edit.php HTTP/1.1" 503 18943 "https://SINAXIS.IN/wp-login.php" "Mozilla/5.0 (Windows NT 10.0; Win64; x64) AppleWebKit/537.36 (KHTML, like Gecko) Chrome/118.0.0.0 Safari/537.36"
176.65.132.19 - - [26/Feb/2026:20:46:25 +0530] "GET /wp-admin/plugins.php HTTP/1.1" 503 18943 "https://SINAXIS.IN/wp-login.php" "Mozilla/5.0 (Windows NT 10.0; Win64; x64) AppleWebKit/537.36 (KHTML, like Gecko) Chrome/118.0.0.0 Safari/537.36"
176.65.132.19 - - [26/Feb/2026:20:46:27 +0530] "POST /wp-login.php HTTP/1.1" 503 18030 "https://SINAXIS.IN/wp-login.php" "Mozilla/5.0 (Macintosh; Intel Mac OS X 10_15_7) AppleWebKit/537.36 (KHTML, like Gecko) Chrome/120.0.0.0 Safari/537.36"
164.52.204.12 - - [26/Feb/2026:20:46:30 +0530] "POST /wp-cron.php?doing_wp_cron=1772118990.6481111049652099609375 HTTP/1.1" 200 - "-" "WordPress/6.9.1; https://sinaxis.in"
164.52.204.12 - - [26/Feb/2026:20:46:29 +0530] "POST /?wordfence_syncAttackData=1772118989.8875 HTTP/1.1" 200 - "-" "WordPress/6.9.1; https://sinaxis.in"
176.65.132.19 - - [26/Feb/2026:20:46:29 +0530] "GET /wp-admin/index.php HTTP/1.1" 503 18943 "https://SINAXIS.IN/wp-login.php" "Mozilla/5.0 (X11; Ubuntu; Linux x86_64) AppleWebKit/537.36 (KHTML, like Gecko) Chrome/119.0.0.0 Safari/537.36"
176.65.132.19 - - [26/Feb/2026:20:46:32 +0530] "GET /wp-admin/profile.php HTTP/1.1" 503 18943 "https://SINAXIS.IN/wp-login.php" "Mozilla/5.0 (X11; Ubuntu; Linux x86_64) AppleWebKit/537.36 (KHTML, like Gecko) Chrome/119.0.0.0 Safari/537.36"
176.65.132.19 - - [26/Feb/2026:20:46:35 +0530] "GET /wp-admin/edit.php HTTP/1.1" 503 18943 "https://SINAXIS.IN/wp-login.php" "Mozilla/5.0 (X11; Ubuntu; Linux x86_64) AppleWebKit/537.36 (KHTML, like Gecko) Chrome/119.0.0.0 Safari/537.36"
176.65.132.19 - - [26/Feb/2026:20:46:37 +0530] "GET /wp-admin/plugins.php HTTP/1.1" 503 18943 "https://SINAXIS.IN/wp-login.php" "Mozilla/5.0 (X11; Ubuntu; Linux x86_64) AppleWebKit/537.36 (KHTML, like Gecko) Chrome/119.0.0.0 Safari/537.36"
176.65.132.19 - - [26/Feb/2026:20:46:38 +0530] "POST /wp-login.php HTTP/1.1" 503 18030 "https://SINAXIS.IN/wp-login.php" "Mozilla/5.0 (Macintosh; Intel Mac OS X 10_15_7) AppleWebKit/605.1.15 (KHTML, like Gecko) Version/17.1 Safari/605.1.15"
164.52.204.12 - - [26/Feb/2026:20:46:41 +0530] "POST /?wordfence_syncAttackData=1772119001.6294 HTTP/1.1" 200 - "-" "WordPress/6.9.1; https://sinaxis.in"
176.65.132.19 - - [26/Feb/2026:20:46:40 +0530] "GET /wp-admin/index.php HTTP/1.1" 503 18943 "https://SINAXIS.IN/wp-login.php" "Mozilla/5.0 (Macintosh; Intel Mac OS X 13_6_1; rv:121.0) Gecko/20100101 Firefox/121.0"
176.65.132.19 - - [26/Feb/2026:20:46:43 +0530] "GET /wp-admin/profile.php HTTP/1.1" 503 18943 "https://SINAXIS.IN/wp-login.php" "Mozilla/5.0 (Macintosh; Intel Mac OS X 13_6_1; rv:121.0) Gecko/20100101 Firefox/121.0"
176.65.132.19 - - [26/Feb/2026:20:46:45 +0530] "GET /wp-admin/edit.php HTTP/1.1" 503 18943 "https://SINAXIS.IN/wp-login.php" "Mozilla/5.0 (Macintosh; Intel Mac OS X 13_6_1; rv:121.0) Gecko/20100101 Firefox/121.0"
176.65.132.19 - - [26/Feb/2026:20:46:48 +0530] "GET /wp-admin/plugins.php HTTP/1.1" 503 18943 "https://SINAXIS.IN/wp-login.php" "Mozilla/5.0 (Macintosh; Intel Mac OS X 13_6_1; rv:121.0) Gecko/20100101 Firefox/121.0"
162.120.184.1 - - [26/Feb/2026:20:52:24 +0530] "GET / HTTP/1.1" 200 42420 "https://www.google.com/" "Mozilla/5.0 (Linux; Android 10; K) AppleWebKit/537.36 (KHTML, like Gecko) Chrome/145.0.0.0 Mobile Safari/537.36"
164.52.204.12 - - [26/Feb/2026:20:52:25 +0530] "POST /wp-cron.php?doing_wp_cron=1772119345.5538220405578613281250 HTTP/1.1" 200 - "-" "WordPress/6.9.1; https://sinaxis.in"
64.233.173.98 - - [26/Feb/2026:20:52:24 +0530] "GET /.well-known/traffic-advice HTTP/1.1" 404 304425 "-" "Chrome Privacy Preserving Prefetch Proxy"
162.120.184.15 - - [26/Feb/2026:20:52:29 +0530] "GET / HTTP/1.1" 200 42420 "https://www.google.com/" "Mozilla/5.0 (Linux; Android 10; K) AppleWebKit/537.36 (KHTML, like Gecko) Chrome/145.0.0.0 Mobile Safari/537.36"
193.186.4.137 - - [26/Feb/2026:20:52:31 +0530] "GET /sinaxis-about/ HTTP/1.1" 200 39805 "https://www.google.com/" "Mozilla/5.0 (Linux; Android 10; K) AppleWebKit/537.36 (KHTML, like Gecko) Chrome/145.0.0.0 Mobile Safari/537.36"
104.208.116.225 - - [26/Feb/2026:20:56:33 +0530] "GET /wk/index.php HTTP/1.1" 404 3418 "-" "Mozilla/5.0 (Windows NT 10.0; Win64; x64) AppleWebKit/537.36 (KHTML, like Gecko) Chrome/120.0.0.0 Safari/537.36"
104.208.116.225 - - [26/Feb/2026:20:56:35 +0530] "GET /inputs.php HTTP/1.1" 404 3418 "-" "Mozilla/5.0 (Windows NT 10.0; Win64; x64) AppleWebKit/537.36 (KHTML, like Gecko) Chrome/120.0.0.0 Safari/537.36"
104.208.116.225 - - [26/Feb/2026:20:56:35 +0530] "GET /ioxi-o.php HTTP/1.1" 404 3418 "-" "Mozilla/5.0 (Windows NT 10.0; Win64; x64) AppleWebKit/537.36 (KHTML, like Gecko) Chrome/120.0.0.0 Safari/537.36"
104.208.116.225 - - [26/Feb/2026:20:56:35 +0530] "GET /function/function.php HTTP/1.1" 404 3418 "-" "Mozilla/5.0 (Windows NT 10.0; Win64; x64) AppleWebKit/537.36 (KHTML, like Gecko) Chrome/120.0.0.0 Safari/537.36"
104.208.116.225 - - [26/Feb/2026:20:56:35 +0530] "GET /rip.php HTTP/1.1" 404 3418 "-" "Mozilla/5.0 (Windows NT 10.0; Win64; x64) AppleWebKit/537.36 (KHTML, like Gecko) Chrome/120.0.0.0 Safari/537.36"
104.208.116.225 - - [26/Feb/2026:20:56:35 +0530] "GET /admin.php HTTP/1.1" 404 3418 "-" "Mozilla/5.0 (Windows NT 10.0; Win64; x64) AppleWebKit/537.36 (KHTML, like Gecko) Chrome/120.0.0.0 Safari/537.36"
104.208.116.225 - - [26/Feb/2026:20:56:35 +0530] "GET /wp-content/uploads/index.php HTTP/1.1" 404 3418 "-" "Mozilla/5.0 (Windows NT 10.0; Win64; x64) AppleWebKit/537.36 (KHTML, like Gecko) Chrome/120.0.0.0 Safari/537.36"
104.208.116.225 - - [26/Feb/2026:20:56:35 +0530] "GET /cache.php HTTP/1.1" 404 3418 "-" "Mozilla/5.0 (Windows NT 10.0; Win64; x64) AppleWebKit/537.36 (KHTML, like Gecko) Chrome/120.0.0.0 Safari/537.36"
104.208.116.225 - - [26/Feb/2026:20:56:35 +0530] "GET /themes.php HTTP/1.1" 404 3418 "-" "Mozilla/5.0 (Windows NT 10.0; Win64; x64) AppleWebKit/537.36 (KHTML, like Gecko) Chrome/120.0.0.0 Safari/537.36"
104.208.116.225 - - [26/Feb/2026:20:56:35 +0530] "GET /an.php HTTP/1.1" 404 3418 "-" "Mozilla/5.0 (Windows NT 10.0; Win64; x64) AppleWebKit/537.36 (KHTML, like Gecko) Chrome/120.0.0.0 Safari/537.36"
104.208.116.225 - - [26/Feb/2026:20:56:36 +0530] "GET /index/function.php HTTP/1.1" 404 3418 "-" "Mozilla/5.0 (Windows NT 10.0; Win64; x64) AppleWebKit/537.36 (KHTML, like Gecko) Chrome/120.0.0.0 Safari/537.36"
104.208.116.225 - - [26/Feb/2026:20:56:36 +0530] "GET /randkeyword.PhP7 HTTP/1.1" 404 3418 "-" "Mozilla/5.0 (Windows NT 10.0; Win64; x64) AppleWebKit/537.36 (KHTML, like Gecko) Chrome/120.0.0.0 Safari/537.36"
104.208.116.225 - - [26/Feb/2026:20:56:36 +0530] "GET /ws.php HTTP/1.1" 404 3418 "-" "Mozilla/5.0 (Windows NT 10.0; Win64; x64) AppleWebKit/537.36 (KHTML, like Gecko) Chrome/120.0.0.0 Safari/537.36"
104.208.116.225 - - [26/Feb/2026:20:56:36 +0530] "GET /404.php HTTP/1.1" 404 3418 "-" "Mozilla/5.0 (Windows NT 10.0; Win64; x64) AppleWebKit/537.36 (KHTML, like Gecko) Chrome/120.0.0.0 Safari/537.36"
104.208.116.225 - - [26/Feb/2026:20:56:36 +0530] "GET /wp-admin/user/index.php HTTP/1.1" 404 3418 "-" "Mozilla/5.0 (Windows NT 10.0; Win64; x64) AppleWebKit/537.36 (KHTML, like Gecko) Chrome/120.0.0.0 Safari/537.36"
104.208.116.225 - - [26/Feb/2026:20:56:36 +0530] "GET /wp-conf.php HTTP/1.1" 404 3418 "-" "Mozilla/5.0 (Windows NT 10.0; Win64; x64) AppleWebKit/537.36 (KHTML, like Gecko) Chrome/120.0.0.0 Safari/537.36"
104.208.116.225 - - [26/Feb/2026:20:56:36 +0530] "GET /wp-content/themes/hideo/network.php HTTP/1.1" 404 3418 "-" "Mozilla/5.0 (Windows NT 10.0; Win64; x64) AppleWebKit/537.36 (KHTML, like Gecko) Chrome/120.0.0.0 Safari/537.36"
104.208.116.225 - - [26/Feb/2026:20:56:36 +0530] "GET /wp-login.php HTTP/1.1" 404 3418 "-" "Mozilla/5.0 (Windows NT 10.0; Win64; x64) AppleWebKit/537.36 (KHTML, like Gecko) Chrome/120.0.0.0 Safari/537.36"
104.208.116.225 - - [26/Feb/2026:20:56:36 +0530] "GET /abc.php HTTP/1.1" 404 3418 "-" "Mozilla/5.0 (Windows NT 10.0; Win64; x64) AppleWebKit/537.36 (KHTML, like Gecko) Chrome/120.0.0.0 Safari/537.36"
104.208.116.225 - - [26/Feb/2026:20:56:37 +0530] "GET /abcd.php HTTP/1.1" 404 3418 "-" "Mozilla/5.0 (Windows NT 10.0; Win64; x64) AppleWebKit/537.36 (KHTML, like Gecko) Chrome/120.0.0.0 Safari/537.36"
104.208.116.225 - - [26/Feb/2026:20:56:37 +0530] "GET /as.php HTTP/1.1" 404 3418 "-" "Mozilla/5.0 (Windows NT 10.0; Win64; x64) AppleWebKit/537.36 (KHTML, like Gecko) Chrome/120.0.0.0 Safari/537.36"
104.208.116.225 - - [26/Feb/2026:20:56:37 +0530] "GET /wp-trackback.php HTTP/1.1" 404 3418 "-" "Mozilla/5.0 (Windows NT 10.0; Win64; x64) AppleWebKit/537.36 (KHTML, like Gecko) Chrome/120.0.0.0 Safari/537.36"
104.208.116.225 - - [26/Feb/2026:20:56:37 +0530] "GET /about.php HTTP/1.1" 404 3418 "-" "Mozilla/5.0 (Windows NT 10.0; Win64; x64) AppleWebKit/537.36 (KHTML, like Gecko) Chrome/120.0.0.0 Safari/537.36"
104.208.116.225 - - [26/Feb/2026:20:56:37 +0530] "GET /file.php HTTP/1.1" 404 3418 "-" "Mozilla/5.0 (Windows NT 10.0; Win64; x64) AppleWebKit/537.36 (KHTML, like Gecko) Chrome/120.0.0.0 Safari/537.36"
104.208.116.225 - - [26/Feb/2026:20:56:37 +0530] "GET /adminfuns.php HTTP/1.1" 404 3418 "-" "Mozilla/5.0 (Windows NT 10.0; Win64; x64) AppleWebKit/537.36 (KHTML, like Gecko) Chrome/120.0.0.0 Safari/537.36"
104.208.116.225 - - [26/Feb/2026:20:56:37 +0530] "GET /wp-good.php HTTP/1.1" 404 3418 "-" "Mozilla/5.0 (Windows NT 10.0; Win64; x64) AppleWebKit/537.36 (KHTML, like Gecko) Chrome/120.0.0.0 Safari/537.36"
104.208.116.225 - - [26/Feb/2026:20:56:37 +0530] "GET /xmlrpc.php HTTP/1.1" 404 3418 "-" "Mozilla/5.0 (Windows NT 10.0; Win64; x64) AppleWebKit/537.36 (KHTML, like Gecko) Chrome/120.0.0.0 Safari/537.36"
104.208.116.225 - - [26/Feb/2026:20:56:38 +0530] "GET /goods.php HTTP/1.1" 404 3418 "-" "Mozilla/5.0 (Windows NT 10.0; Win64; x64) AppleWebKit/537.36 (KHTML, like Gecko) Chrome/120.0.0.0 Safari/537.36"
104.208.116.225 - - [26/Feb/2026:20:56:38 +0530] "GET /class-t.api.php HTTP/1.1" 404 3418 "-" "Mozilla/5.0 (Windows NT 10.0; Win64; x64) AppleWebKit/537.36 (KHTML, like Gecko) Chrome/120.0.0.0 Safari/537.36"
104.208.116.225 - - [26/Feb/2026:20:56:38 +0530] "GET /sf.php HTTP/1.1" 404 3418 "-" "Mozilla/5.0 (Windows NT 10.0; Win64; x64) AppleWebKit/537.36 (KHTML, like Gecko) Chrome/120.0.0.0 Safari/537.36"
104.208.116.225 - - [26/Feb/2026:20:56:38 +0530] "GET /kbfr.php HTTP/1.1" 404 3418 "-" "Mozilla/5.0 (Windows NT 10.0; Win64; x64) AppleWebKit/537.36 (KHTML, like Gecko) Chrome/120.0.0.0 Safari/537.36"
104.208.116.225 - - [26/Feb/2026:20:56:38 +0530] "GET /autoload_classmap.php HTTP/1.1" 404 3418 "-" "Mozilla/5.0 (Windows NT 10.0; Win64; x64) AppleWebKit/537.36 (KHTML, like Gecko) Chrome/120.0.0.0 Safari/537.36"
104.208.116.225 - - [26/Feb/2026:20:56:38 +0530] "GET /chosen.php?p= HTTP/1.1" 404 3418 "-" "Mozilla/5.0 (Windows NT 10.0; Win64; x64) AppleWebKit/537.36 (KHTML, like Gecko) Chrome/120.0.0.0 Safari/537.36"
104.208.116.225 - - [26/Feb/2026:20:56:38 +0530] "GET /classwithtostring.php HTTP/1.1" 404 3418 "-" "Mozilla/5.0 (Windows NT 10.0; Win64; x64) AppleWebKit/537.36 (KHTML, like Gecko) Chrome/120.0.0.0 Safari/537.36"
104.208.116.225 - - [26/Feb/2026:20:56:38 +0530] "GET /defaults.php HTTP/1.1" 404 3418 "-" "Mozilla/5.0 (Windows NT 10.0; Win64; x64) AppleWebKit/537.36 (KHTML, like Gecko) Chrome/120.0.0.0 Safari/537.36"
104.208.116.225 - - [26/Feb/2026:20:56:38 +0530] "GET /wp-includes/ HTTP/1.1" 404 3418 "-" "Mozilla/5.0 (Windows NT 10.0; Win64; x64) AppleWebKit/537.36 (KHTML, like Gecko) Chrome/120.0.0.0 Safari/537.36"
104.208.116.225 - - [26/Feb/2026:20:56:39 +0530] "GET /.well-known/ HTTP/1.1" 404 3418 "-" "Mozilla/5.0 (Windows NT 10.0; Win64; x64) AppleWebKit/537.36 (KHTML, like Gecko) Chrome/120.0.0.0 Safari/537.36"
104.208.116.225 - - [26/Feb/2026:20:56:39 +0530] "GET /info.php HTTP/1.1" 404 3418 "-" "Mozilla/5.0 (Windows NT 10.0; Win64; x64) AppleWebKit/537.36 (KHTML, like Gecko) Chrome/120.0.0.0 Safari/537.36"
104.208.116.225 - - [26/Feb/2026:20:56:39 +0530] "GET /cgi-bin/ HTTP/1.1" 404 3418 "-" "Mozilla/5.0 (Windows NT 10.0; Win64; x64) AppleWebKit/537.36 (KHTML, like Gecko) Chrome/120.0.0.0 Safari/537.36"
104.208.116.225 - - [26/Feb/2026:20:56:39 +0530] "GET /uploads/ HTTP/1.1" 404 3418 "-" "Mozilla/5.0 (Windows NT 10.0; Win64; x64) AppleWebKit/537.36 (KHTML, like Gecko) Chrome/120.0.0.0 Safari/537.36"
104.208.116.225 - - [26/Feb/2026:20:56:39 +0530] "GET /wp-admin/images/ HTTP/1.1" 404 3418 "-" "Mozilla/5.0 (Windows NT 10.0; Win64; x64) AppleWebKit/537.36 (KHTML, like Gecko) Chrome/120.0.0.0 Safari/537.36"
104.208.116.225 - - [26/Feb/2026:20:56:39 +0530] "GET /wp-includes/Requests/src/Response/about.php HTTP/1.1" 404 3418 "-" "Mozilla/5.0 (Windows NT 10.0; Win64; x64) AppleWebKit/537.36 (KHTML, like Gecko) Chrome/120.0.0.0 Safari/537.36"
104.208.116.225 - - [26/Feb/2026:20:56:39 +0530] "GET /wp-includes/html-api/ HTTP/1.1" 404 3418 "-" "Mozilla/5.0 (Windows NT 10.0; Win64; x64) AppleWebKit/537.36 (KHTML, like Gecko) Chrome/120.0.0.0 Safari/537.36"
104.208.116.225 - - [26/Feb/2026:20:56:39 +0530] "GET /wp-content/admin.php HTTP/1.1" 404 3418 "-" "Mozilla/5.0 (Windows NT 10.0; Win64; x64) AppleWebKit/537.36 (KHTML, like Gecko) Chrome/120.0.0.0 Safari/537.36"
104.208.116.225 - - [26/Feb/2026:20:56:39 +0530] "GET /wp-admin/css/colors/ectoplasm/ HTTP/1.1" 404 3418 "-" "Mozilla/5.0 (Windows NT 10.0; Win64; x64) AppleWebKit/537.36 (KHTML, like Gecko) Chrome/120.0.0.0 Safari/537.36"
104.208.116.225 - - [26/Feb/2026:20:56:40 +0530] "GET /wp-content/uploads/ HTTP/1.1" 404 3418 "-" "Mozilla/5.0 (Windows NT 10.0; Win64; x64) AppleWebKit/537.36 (KHTML, like Gecko) Chrome/120.0.0.0 Safari/537.36"
104.208.116.225 - - [26/Feb/2026:20:56:40 +0530] "GET /wp-content/themes/admin.php HTTP/1.1" 404 3418 "-" "Mozilla/5.0 (Windows NT 10.0; Win64; x64) AppleWebKit/537.36 (KHTML, like Gecko) Chrome/120.0.0.0 Safari/537.36"
104.208.116.225 - - [26/Feb/2026:20:56:40 +0530] "GET /wp-content/themes/index.php HTTP/1.1" 404 3418 "-" "Mozilla/5.0 (Windows NT 10.0; Win64; x64) AppleWebKit/537.36 (KHTML, like Gecko) Chrome/120.0.0.0 Safari/537.36"
104.208.116.225 - - [26/Feb/2026:20:56:40 +0530] "GET /wp-content/plugins/index.php HTTP/1.1" 404 3418 "-" "Mozilla/5.0 (Windows NT 10.0; Win64; x64) AppleWebKit/537.36 (KHTML, like Gecko) Chrome/120.0.0.0 Safari/537.36"
104.208.116.225 - - [26/Feb/2026:20:56:40 +0530] "GET /wp-includes/PHPMailer/ HTTP/1.1" 404 3418 "-" "Mozilla/5.0 (Windows NT 10.0; Win64; x64) AppleWebKit/537.36 (KHTML, like Gecko) Chrome/120.0.0.0 Safari/537.36"
104.208.116.225 - - [26/Feb/2026:20:56:40 +0530] "GET /wp-includes/images/ HTTP/1.1" 404 3418 "-" "Mozilla/5.0 (Windows NT 10.0; Win64; x64) AppleWebKit/537.36 (KHTML, like Gecko) Chrome/120.0.0.0 Safari/537.36"
104.208.116.225 - - [26/Feb/2026:20:56:40 +0530] "GET /wp-content/plugins/WordPressCore/ HTTP/1.1" 404 3418 "-" "Mozilla/5.0 (Windows NT 10.0; Win64; x64) AppleWebKit/537.36 (KHTML, like Gecko) Chrome/120.0.0.0 Safari/537.36"
164.52.204.12 - - [26/Feb/2026:20:59:24 +0530] "POST /wp-cron.php?doing_wp_cron=1772119763.9920411109924316406250 HTTP/1.1" 200 - "-" "WordPress/6.9.1; https://sinaxis.in"
158.94.208.149 - - [26/Feb/2026:20:59:23 +0530] "GET /xmlrpc.php HTTP/1.1" 405 132 "-" "python-httpx/0.28.1"
51.89.129.127 - - [26/Feb/2026:21:08:57 +0530] "GET /projects/if-to-x-module/ HTTP/1.1" 200 36610 "-" "Mozilla/5.0 (compatible; AhrefsBot/7.0; +http://ahrefs.com/robot/)"
20.89.52.173 - - [26/Feb/2026:21:15:04 +0530] "GET /wk/index.php HTTP/1.1" 404 3422 "-" "Mozilla/5.0 (Windows NT 10.0; Win64; x64) AppleWebKit/537.36 (KHTML, like Gecko) Chrome/120.0.0.0 Safari/537.36"
20.89.52.173 - - [26/Feb/2026:21:15:06 +0530] "GET /inputs.php HTTP/1.1" 404 3422 "-" "Mozilla/5.0 (Windows NT 10.0; Win64; x64) AppleWebKit/537.36 (KHTML, like Gecko) Chrome/120.0.0.0 Safari/537.36"
20.89.52.173 - - [26/Feb/2026:21:15:06 +0530] "GET /ioxi-o.php HTTP/1.1" 404 3422 "-" "Mozilla/5.0 (Windows NT 10.0; Win64; x64) AppleWebKit/537.36 (KHTML, like Gecko) Chrome/120.0.0.0 Safari/537.36"
20.89.52.173 - - [26/Feb/2026:21:15:06 +0530] "GET /function/function.php HTTP/1.1" 404 3422 "-" "Mozilla/5.0 (Windows NT 10.0; Win64; x64) AppleWebKit/537.36 (KHTML, like Gecko) Chrome/120.0.0.0 Safari/537.36"
20.89.52.173 - - [26/Feb/2026:21:15:06 +0530] "GET /rip.php HTTP/1.1" 404 3422 "-" "Mozilla/5.0 (Windows NT 10.0; Win64; x64) AppleWebKit/537.36 (KHTML, like Gecko) Chrome/120.0.0.0 Safari/537.36"
20.89.52.173 - - [26/Feb/2026:21:15:06 +0530] "GET /admin.php HTTP/1.1" 404 3422 "-" "Mozilla/5.0 (Windows NT 10.0; Win64; x64) AppleWebKit/537.36 (KHTML, like Gecko) Chrome/120.0.0.0 Safari/537.36"
20.89.52.173 - - [26/Feb/2026:21:15:06 +0530] "GET /wp-content/uploads/index.php HTTP/1.1" 404 3422 "-" "Mozilla/5.0 (Windows NT 10.0; Win64; x64) AppleWebKit/537.36 (KHTML, like Gecko) Chrome/120.0.0.0 Safari/537.36"
20.89.52.173 - - [26/Feb/2026:21:15:07 +0530] "GET /cache.php HTTP/1.1" 404 3422 "-" "Mozilla/5.0 (Windows NT 10.0; Win64; x64) AppleWebKit/537.36 (KHTML, like Gecko) Chrome/120.0.0.0 Safari/537.36"
20.89.52.173 - - [26/Feb/2026:21:15:07 +0530] "GET /themes.php HTTP/1.1" 404 3422 "-" "Mozilla/5.0 (Windows NT 10.0; Win64; x64) AppleWebKit/537.36 (KHTML, like Gecko) Chrome/120.0.0.0 Safari/537.36"
20.89.52.173 - - [26/Feb/2026:21:15:07 +0530] "GET /an.php HTTP/1.1" 404 3422 "-" "Mozilla/5.0 (Windows NT 10.0; Win64; x64) AppleWebKit/537.36 (KHTML, like Gecko) Chrome/120.0.0.0 Safari/537.36"
